000
CXUS51 KCLE 220800
CF6MFD
PRELIMINARY LOCAL CLIMATOLOGICAL DATA (WS FORM: F-6)

                                          STATION:   MANSFIELD OH
                                          MONTH:     SEPTEMBER
                                          YEAR:      2017
                                          LATITUDE:   40 49 N
                                          LONGITUDE:  82 31 W

  TEMPERATURE IN F:       :PCPN:    SNOW:  WIND      :SUNSHINE: SKY     :PK WND
================================================================================
1   2   3   4   5  6A  6B    7    8   9   10  11  12  13   14  15   16   17  18
                                     12Z  AVG MX 2MIN
DY MAX MIN AVG DEP HDD CDD  WTR  SNW DPTH SPD SPD DIR MIN PSBL S-S WX    SPD DR
================================================================================

 1  63  52  58 -10   7   0 0.00  0.0    0 11.7 21  60   M    M   0        27  60
 2  62  51  57 -11   8   0 0.11  0.0    0  7.1 14  50   M    M   8 1      19  50
 3  76  58  67   0   0   2    T  0.0    0  7.3 16 260   M    M   5        21 260
 4  82  55  69   2   0   4 0.85  0.0    0 12.9 32 290   M    M   0 13     47 240
 5  73  54  64  -3   1   0 0.04  0.0    0  6.6 16 230   M    M   4 13     21 250
 6  64  46  55 -11  10   0 0.01  0.0    0  4.7 15 250   M    M   3        20 250
 7  65  47  56 -10   9   0 0.36  0.0    0  7.6 20 280   M    M   8 13     32 280
 8  68  50  59  -7   6   0 0.08  0.0    0  5.8 16 250   M    M   6 1      24 300
 9  68  45  57  -9   8   0 0.00  0.0    0  7.3 14  10   M    M   2        19  30
10  68  44  56  -9   9   0 0.00  0.0    0  5.7 14  60   M    M   0        19  70
11  73  49  61  -4   4   0 0.00  0.0    0  6.8 15  90   M    M   0        19 100
12  75  50  63  -1   2   0 0.00  0.0    0  6.4 12 130   M    M   2 8      15  70
13  75  59  67   3   0   2 0.15  0.0    0  6.7 15 210   M    M   7 1      17 200
14  71  57  64   0   1   0    T  0.0    0  3.9 10 180   M    M   9 18     12 180
15  76  53  65   2   0   0 0.00  0.0    0  3.5 10 110   M    M   2 12     13 110
16  80  55  68   5   0   3 0.00  0.0    0  2.0  8 140   M    M   1 1      11  10
17  83  57  70   7   0   5 0.00  0.0    0  2.4  8 150   M    M   1 1      11 170
18  83  58  71   9   0   6 0.00  0.0    0  3.9 12 210   M    M   4        14 200
19  79  65  72  10   0   7 0.00  0.0    0  5.8 15 190   M    M   7        17 190
20  83  63  73  12   0   8 0.00  0.0    0  3.2  7 170   M    M   4 1      11 200
21  88  63  76  15   0  11 0.00  0.0    0  3.3  8  60   M    M   2        10  50
================================================================================
SM 1555 1131        65  48  1.60     0.0 124.6          M       75
================================================================================
AV 74.1 53.9                               5.9 FASTST   M    M   4    MAX(MPH)
                                 MISC ---->  # 32 290               # 47  240
================================================================================
NOTES:
# LAST OF SEVERAL OCCURRENCES

COLUMN 17 PEAK WIND IN M.P.H.

PRELIMINARY LOCAL CLIMATOLOGICAL DATA (WS FORM: F-6) , PAGE 2

                                          STATION:  MANSFIELD OH
                                          MONTH:    SEPTEMBER
                                          YEAR:     2017
                                          LATITUDE:   40 49 N
                                          LONGITUDE:  82 31 W

[TEMPERATURE DATA]      [PRECIPITATION DATA]       SYMBOLS USED IN COLUMN 16

AVERAGE MONTHLY: 64.0   TOTAL FOR MONTH:   1.60    1 = FOG OR MIST
DPTR FM NORMAL:  -0.7   DPTR FM NORMAL:   -0.77    2 = FOG REDUCING VISIBILITY
HIGHEST:    88 ON 21    GRTST 24HR  0.85 ON  4- 4      TO 1/4 MILE OR LESS
LOWEST:     44 ON 10                               3 = THUNDER
                        SNOW, ICE PELLETS, HAIL    4 = ICE PELLETS
                        TOTAL MONTH:   0.0 INCH    5 = HAIL
                        GRTST 24HR     0.0         6 = FREEZING RAIN OR DRIZZLE
                        GRTST DEPTH:   0           7 = DUSTSTORM OR SANDSTORM:
                                                       VSBY 1/2 MILE OR LESS
                                                   8 = SMOKE OR HAZE
[NO. OF DAYS WITH]      [WEATHER - DAYS WITH]      9 = BLOWING SNOW
                                                   X = TORNADO
MAX 32 OR BELOW:   0    0.01 INCH OR MORE:   7
MAX 90 OR ABOVE:   0    0.10 INCH OR MORE:   4
MIN 32 OR BELOW:   0    0.50 INCH OR MORE:   1
MIN  0 OR BELOW:   0    1.00 INCH OR MORE:   0

[HDD (BASE 65) ]
TOTAL THIS MO.    65    CLEAR  (SCALE 0-3)  10
DPTR FM NORMAL     5    PTCLDY (SCALE 4-7)  10
TOTAL FM JUL 1    79    CLOUDY (SCALE 8-10)  1
DPTR FM NORMAL    -6

[CDD (BASE 65) ]
TOTAL THIS MO.    48
DPTR FM NORMAL    -7    [PRESSURE DATA]
TOTAL FM JAN 1   665    HIGHEST SLP M ON M
DPTR FM NORMAL    48    LOWEST  SLP 29.69 ON  4

[REMARKS]
