492
CXUS51 KCLE 010800
CF6MFD
PRELIMINARY LOCAL CLIMATOLOGICAL DATA (WS FORM: F-6)

                                          STATION:   MANSFIELD OH
                                          MONTH:     FEBRUARY
                                          YEAR:      2017
                                          LATITUDE:   40 49 N
                                          LONGITUDE:  82 31 W

  TEMPERATURE IN F:       :PCPN:    SNOW:  WIND      :SUNSHINE: SKY     :PK WND
================================================================================
1   2   3   4   5  6A  6B    7    8   9   10  11  12  13   14  15   16   17  18
                                     12Z  AVG MX 2MIN
DY MAX MIN AVG DEP HDD CDD  WTR  SNW DPTH SPD SPD DIR MIN PSBL S-S WX    SPD DR
================================================================================

 1  36  32  34   8  31   0 0.00  0.0    T  9.2 15 240   M    M   9        20 240
 2  32  20  26   0  39   0    T    T    T  9.9 18 310   M    M   5        26 300
 3  25  15  20  -6  45   0    T    T    0  7.6 18 260   M    M   4        26 270
 4  31  12  22  -4  43   0 0.00  0.0    0 10.3 18 180   M    M   2        25 170
 5  44  28  36   9  29   0 0.00  0.0    0 11.5 23 230   M    M   6        31 220
 6  54  21  38  11  27   0 0.05  0.0    0  8.9 21 200   M    M   2 18     24 200
 7  58  48  53  26  12   0 0.69  0.0    0 18.5 30 200   M    M  10 1      43 200
 8  49  25  37  10  28   0 0.25  2.8    0 10.1 20 310   M    M  10 12     26 240
 9  25  12  19  -8  46   0 0.05  1.0    3 11.5 23 290   M    M   9 18     30 270
10  44  11  28   1  37   0 0.00  0.0    2 13.2 26 170   M    M   5        34 170
11  52  43  48  20  17   0    T  0.0    T  9.4 22 230   M    M   3        30 250
12  47  31  39  11  26   0 0.20  0.0    0 11.3 26 300   M    M   4 128    38 310
13  41  27  34   6  31   0 0.00  0.0    0  8.5 17 280   M    M   3        27 270
14  49  27  38  10  27   0 0.00  0.0    0 12.4 24 220   M    M   1        33 220
15  39  25  32   4  33   0    T    T    0 11.0 21 310   M    M   9 1      27 310
16  32  22  27  -1  38   0    T    T    T  8.4 20 310   M    M   7 1      24 300
17  58  25  42  13  23   0 0.00  0.0    0  9.9 16 220   M    M   2        22 220
18  67  45  56  27   9   0 0.00  0.0    0 12.6 21 200   M    M   0        27 200
19  62  38  50  21  15   0 0.00  0.0    0  9.0 16 230   M    M   1 18     22 230
20  61  36  49  20  16   0 0.00  0.0    0  5.7 12 140   M    M   0 12     15 140
21  64  48  56  26   9   0 0.00  0.0    0  8.8 14 220   M    M   3        21 220
22  58  52  55  25  10   0 0.02  0.0    0  9.8 17 180   M    M   9 1      22 190
23  68  55  62  32   3   0 0.09  0.0    0 10.7 20 210   M    M   8 1      27 210
24  74  56  65  35   0   0 0.52  0.0    0 14.6 29 180   M    M   6 13     37 180
25  58  25  42  11  23   0 0.08    T    0 14.7 29 240   M    M   8 13     41 240
26  40  23  32   1  33   0    T    T    T 11.2 22 190   M    M   3 1      29 230
27  47  32  40   9  25   0 0.00  0.0    0  8.6 17 170   M    M   8        21 170
28  59  38  49  17  16   0 0.00  0.0    0 14.6 28 180   M    M   8        36 180
================================================================================
SM 1374  872       691   0  1.95     3.8 301.9          M      145
================================================================================
AV 49.1 31.1                              10.8 FASTST   M    M   5    MAX(MPH)
                                 MISC ---->  # 30 200               # 43  200
================================================================================
NOTES:
# LAST OF SEVERAL OCCURRENCES

COLUMN 17 PEAK WIND IN M.P.H.

PRELIMINARY LOCAL CLIMATOLOGICAL DATA (WS FORM: F-6) , PAGE 2

                                          STATION:  MANSFIELD OH
                                          MONTH:    FEBRUARY
                                          YEAR:     2017
                                          LATITUDE:   40 49 N
                                          LONGITUDE:  82 31 W

[TEMPERATURE DATA]      [PRECIPITATION DATA]       SYMBOLS USED IN COLUMN 16

AVERAGE MONTHLY: 40.1   TOTAL FOR MONTH:   1.95    1 = FOG OR MIST
DPTR FM NORMAL:  11.7   DPTR FM NORMAL:   -0.44    2 = FOG REDUCING VISIBILITY
HIGHEST:    74 ON 24    GRTST 24HR  0.74 ON  6- 7      TO 1/4 MILE OR LESS
LOWEST:     11 ON 10                               3 = THUNDER
                        SNOW, ICE PELLETS, HAIL    4 = ICE PELLETS
                        TOTAL MONTH:   3.8 INCHES  5 = HAIL
                        GRTST 24HR   2.8 ON   M    6 = FREEZING RAIN OR DRIZZLE
                        GRTST DEPTH:   3 ON  9     7 = DUSTSTORM OR SANDSTORM:
                                                       VSBY 1/2 MILE OR LESS
                                                   8 = SMOKE OR HAZE
[NO. OF DAYS WITH]      [WEATHER - DAYS WITH]      9 = BLOWING SNOW
                                                   X = TORNADO
MAX 32 OR BELOW:   5    0.01 INCH OR MORE:   9
MAX 90 OR ABOVE:   0    0.10 INCH OR MORE:   4
MIN 32 OR BELOW:  18    0.50 INCH OR MORE:   2
MIN  0 OR BELOW:   0    1.00 INCH OR MORE:   0

[HDD (BASE 65) ]
TOTAL THIS MO.   691    CLEAR  (SCALE 0-3)   9
DPTR FM NORMAL  -334    PTCLDY (SCALE 4-7)  13
TOTAL FM JUL 1  3670    CLOUDY (SCALE 8-10)  6
DPTR FM NORMAL  -955

[CDD (BASE 65) ]
TOTAL THIS MO.     0
DPTR FM NORMAL     0    [PRESSURE DATA]
TOTAL FM JAN 1     0    HIGHEST SLP M ON M
DPTR FM NORMAL     0    LOWEST  SLP 29.43 ON  7

[REMARKS]
#FINAL-02-17#
