000
CXUS53 KGRB 190737
CF6MFI
PRELIMINARY LOCAL CLIMATOLOGICAL DATA (WS FORM: F-6)

                                          STATION:   MARSHFIELD WI
                                          MONTH:     OCTOBER
                                          YEAR:      2014
                                          LATITUDE:   44 37 N
                                          LONGITUDE:  90 11 W

  TEMPERATURE IN F:       :PCPN:    SNOW:  WIND      :SUNSHINE: SKY     :PK WND
================================================================================
1   2   3   4   5  6A  6B    7    8   9   10  11  12  13   14  15   16   17  18
                                     12Z  AVG MX 2MIN
DY MAX MIN AVG DEP HDD CDD  WTR  SNW DPTH SPD SPD DIR MIN PSBL S-S WX    SPD DR
================================================================================

 1  60  46  53   1  12   0 0.02  0.0    0 10.1 17 120   M    M   9 1      25 160
 2  69  52  61   9   4   0 0.81  0.0    0  6.1 24 330   M    M   9 18     32 330
 3  55  37  46  -6  19   0 0.01  0.0    0 16.6 28 290   M    M  10 1      36 290
 4  47  33  40 -11  25   0 0.05    T    0 13.4 23 320   M    M   9 1      33 310
 5  49  31  40 -11  25   0 0.00  0.0    0  8.6 20 250   M    M   7        25 250
 6  54  31  43  -7  22   0 0.00  0.0    0  9.5 22 240   M    M   3 1      29 240
 7  61  37  49  -1  16   0 0.00  0.0    0 11.1 25 290   M    M   5        35 290
 8  57  32  45  -5  20   0 0.00  0.0    0 11.9 28 300   M    M   0        37 300
 9  55  29  42  -7  23   0 0.00  0.0    0  8.3 18 310   M    M   0        23 310
10  57  30  44  -5  21   0 0.00  0.0    0  4.8 12 310   M    M   2        16 250
11  55  29  42  -7  23   0 0.00  0.0    0  2.8  9 210   M    M   1        12 210
12  61  33  47  -1  18   0    T  0.0    0  9.2 20 170   M    M   4 1      26 170
13  54  48  51   3  14   0 0.44  0.0    0  7.2 21  30   M    M  10 12     29  50
14  54  49  52   5  13   0 0.65  0.0    0 16.0 29  20   M    M  10 1      42  20
15  59  45  52   5  13   0    T  0.0    0  8.6 21  10   M    M   9        31  20
16  66  37  52   5  13   0 0.00  0.0    0  5.2 10 190   M    M   2 128    14 200
17  56  46  51   5  14   0    T  0.0    0 13.9 24 330   M    M   8 18     34 320
18  51  33  42  -4  23   0    T  0.0    0  7.4 20 350   M    M   4        25 350
================================================================================
SM 1020  678       318   0  1.98    T    170.7          M      102
================================================================================
AV 56.7 37.7                               9.5 FASTST   M    M   6    MAX(MPH)
                                 MISC ---->  # 29  20               # 42   20
================================================================================
NOTES:
# LAST OF SEVERAL OCCURRENCES

COLUMN 17 PEAK WIND IN M.P.H.

PRELIMINARY LOCAL CLIMATOLOGICAL DATA (WS FORM: F-6) , PAGE 2

                                          STATION:  MARSHFIELD WI
                                          MONTH:    OCTOBER
                                          YEAR:     2014
                                          LATITUDE:   44 37 N
                                          LONGITUDE:  90 11 W

[TEMPERATURE DATA]      [PRECIPITATION DATA]       SYMBOLS USED IN COLUMN 16

AVERAGE MONTHLY: 47.2   TOTAL FOR MONTH:   1.98    1 = FOG OR MIST
DPTR FM NORMAL:  -1.9   DPTR FM NORMAL:    0.72    2 = FOG REDUCING VISIBILITY
HIGHEST:    69 ON  2    GRTST 24HR  1.09 ON 13-14      TO 1/4 MILE OR LESS
LOWEST:     29 ON 11, 9                            3 = THUNDER
                        SNOW, ICE PELLETS, HAIL    4 = ICE PELLETS
                        TOTAL MONTH:    T          5 = HAIL
                        GRTST 24HR    T  ON  4- 4  6 = FREEZING RAIN OR DRIZZLE
                        GRTST DEPTH:   0           7 = DUSTSTORM OR SANDSTORM:
                                                       VSBY 1/2 MILE OR LESS
                                                   8 = SMOKE OR HAZE
[NO. OF DAYS WITH]      [WEATHER - DAYS WITH]      9 = BLOWING SNOW
                                                   X = TORNADO
MAX 32 OR BELOW:   0    0.01 INCH OR MORE:   6
MAX 90 OR ABOVE:   0    0.10 INCH OR MORE:   3
MIN 32 OR BELOW:   6    0.50 INCH OR MORE:   2
MIN  0 OR BELOW:   0    1.00 INCH OR MORE:   0

[HDD (BASE 65) ]
TOTAL THIS MO.   318    CLEAR  (SCALE 0-3)   6
DPTR FM NORMAL    28    PTCLDY (SCALE 4-7)   5
TOTAL FM JUL 1   571    CLOUDY (SCALE 8-10)  7
DPTR FM NORMAL    -1

[CDD (BASE 65) ]
TOTAL THIS MO.     0
DPTR FM NORMAL     0    [PRESSURE DATA]
TOTAL FM JAN 1   376    HIGHEST SLP M ON M
DPTR FM NORMAL     9    LOWEST  SLP 29.46 ON M

[REMARKS]
