000
CXUS53 KTOP 250800
CF6MHK
PRELIMINARY LOCAL CLIMATOLOGICAL DATA (WS FORM: F-6)

                                          STATION:   Manhattan KS
                                          MONTH:     SEPTEMBER
                                          YEAR:      2017
                                          LATITUDE:   39  9 N
                                          LONGITUDE:  96 40 W

  TEMPERATURE IN F:       :PCPN:    SNOW:  WIND      :SUNSHINE: SKY     :PK WND
================================================================================
1   2   3   4   5  6A  6B    7    8   9   10  11  12  13   14  15   16   17  18
                                     12Z  AVG MX 2MIN
DY MAX MIN AVG DEP HDD CDD  WTR  SNW DPTH SPD SPD DIR MIN PSBL S-S WX    SPD DR
================================================================================

 1  81  57  69  -5   0   4 0.01    M    M  2.5 10 160   M    M   1 1      14 160
 2  89  62  76   3   0  11    T    M    M  3.8 13 210   M    M   1        21 240
 3  94  58  76   3   0  11 0.00    M    M  4.5 13 180   M    M   1 12     17 190
 4  85  65  75   2   0  10 0.00    M    M  8.1 21  50   M    M   0 8      26  40
 5  77  46  62 -10   3   0 0.00    M    M  6.1 16 360   M    M   0        25 350
 6  78  43  61 -11   4   0 0.00    M    M  3.9 14  30   M    M   0        21  30
 7  86  44  65  -7   0   0 0.00    M    M  3.0 14 170   M    M   0        17 160
 8  92  52  72   1   0   7 0.00    M    M  5.4 17 160   M    M   0        24 210
 9  88  53  71   0   0   6 0.00    M    M  7.5 18 170   M    M   0        24 220
10  85  61  73   3   0   8 0.00    M    M  5.0 18 160   M    M   0        27 150
11  86  55  71   1   0   6 0.00    M    M  3.0 14  70   M    M   0        16  70
12  84  53  69  -1   0   4 0.00    M    M  1.8 12 100   M    M   0 1      15  80
13  91  52  72   3   0   7 0.00    M    M  3.3 10 160   M    M   0        13 240
14  97  63  80  11   0  15 0.01    M    M  8.7 22 210   M    M   1 3      27 200
15  92  70  81  13   0  16    T    M    M 11.4 28 180   M    M   0        36 180
16  91  61  76   8   0  11 0.03    M    M  9.8 20 330   M    M   2 13     29 340
17  68  58  63  -4   2   0 0.02    M    M  7.9 18  40   M    M  10 13     26 340
18  84  67  76   9   0  11 0.24    M    M  5.1 14 170   M    M   6 13     17 190
19  97  67  82  16   0  17 0.00    M    M 14.5 28 170   M    M   0        37 160
20  89  71  80  14   0  15 0.00    M    M  7.2 18 200   M    M   2        26 190
21  97  72  85  19   0  20 0.00    M    M 12.2 26 170   M    M   2        36 170
22  97  77  87  22   0  22 0.00    M    M 13.9 25 160   M    M   0        32 160
23  94  71  83  18   0  18 0.00    M    M 10.3 22 170   M    M   1        28 160
24  93  71  82  18   0  17 0.00    M    M  8.9 20 180   M    M   1        29 200
================================================================================
SM 2115 1449         9 236  0.31    M    167.8          M       28
================================================================================
AV 88.1 60.4                               7.0 FASTST   M    M   1    MAX(MPH)
                                 MISC ---->  # 28 180               # 37  160
================================================================================
NOTES:
# LAST OF SEVERAL OCCURRENCES

COLUMN 17 PEAK WIND IN M.P.H.

PRELIMINARY LOCAL CLIMATOLOGICAL DATA (WS FORM: F-6) , PAGE 2

                                          STATION:  Manhattan KS
                                          MONTH:    SEPTEMBER
                                          YEAR:     2017
                                          LATITUDE:   39  9 N
                                          LONGITUDE:  96 40 W

[TEMPERATURE DATA]      [PRECIPITATION DATA]       SYMBOLS USED IN COLUMN 16

AVERAGE MONTHLY: 74.3   TOTAL FOR MONTH:   0.31    1 = FOG OR MIST
DPTR FM NORMAL:   5.0   DPTR FM NORMAL:   -2.35    2 = FOG REDUCING VISIBILITY
HIGHEST:    97 ON 22,21 GRTST 24HR  0.24 ON 18-18      TO 1/4 MILE OR LESS
LOWEST:     43 ON  6                               3 = THUNDER
                        SNOW, ICE PELLETS, HAIL    4 = ICE PELLETS
                        TOTAL MONTH:    M          5 = HAIL
                        GRTST 24HR    M  ON   M    6 = FREEZING RAIN OR DRIZZLE
                        GRTST DEPTH:  M  ON   M    7 = DUSTSTORM OR SANDSTORM:
                                                       VSBY 1/2 MILE OR LESS
                                                   8 = SMOKE OR HAZE
[NO. OF DAYS WITH]      [WEATHER - DAYS WITH]      9 = BLOWING SNOW
                                                   X = TORNADO
MAX 32 OR BELOW:   0    0.01 INCH OR MORE:   5
MAX 90 OR ABOVE:  11    0.10 INCH OR MORE:   1
MIN 32 OR BELOW:   0    0.50 INCH OR MORE:   0
MIN  0 OR BELOW:   0    1.00 INCH OR MORE:   0

[HDD (BASE 65) ]
TOTAL THIS MO.     9    CLEAR  (SCALE 0-3)  22
DPTR FM NORMAL   -29    PTCLDY (SCALE 4-7)   1
TOTAL FM JUL 1     9    CLOUDY (SCALE 8-10)  1
DPTR FM NORMAL   -32

[CDD (BASE 65) ]
TOTAL THIS MO.   236
DPTR FM NORMAL    98    [PRESSURE DATA]
TOTAL FM JAN 1  1491    HIGHEST SLP M ON M
DPTR FM NORMAL   170    LOWEST  SLP 29.62 ON 19

[REMARKS]
