000
CXUS53 KTOP 290800
CF6MHK
PRELIMINARY LOCAL CLIMATOLOGICAL DATA (WS FORM: F-6)

                                          STATION:   Manhattan KS
                                          MONTH:     APRIL
                                          YEAR:      2016
                                          LATITUDE:   39  9 N
                                          LONGITUDE:  96 40 W

  TEMPERATURE IN F:       :PCPN:    SNOW:  WIND      :SUNSHINE: SKY     :PK WND
================================================================================
1   2   3   4   5  6A  6B    7    8   9   10  11  12  13   14  15   16   17  18
                                     12Z  AVG MX 2MIN
DY MAX MIN AVG DEP HDD CDD  WTR  SNW DPTH SPD SPD DIR MIN PSBL S-S WX    SPD DR
================================================================================

 1  54  26  40  -9  25   0 0.00    M    M  9.1 20 310   M    M   2        34 290
 2  70  22  46  -4  19   0 0.00    M    M  6.3 15 330   M    M   0 8      24 330
 3  84  44  64  14   1   0 0.00    M    M 13.0 30 210   M    M   0 8      39 210
 4  70  48  59   9   6   0 0.00    M    M  8.6 16  40   M    M   2 8      24  30
 5  87  47  67  16   0   2 0.12    M    M 15.3 36 220   M    M   1 18     45 210
 6  67  49  58   7   7   0 0.01    M    M  9.0 22 320   M    M   2 1      34 340
 7  68  37  53   2  12   0 0.00    M    M  9.3 25 350   M    M   2        39 350
 8  69  29  49  -3  16   0 0.00    M    M  7.7 17  60   M    M   0        26 350
 9  71  33  52   0  13   0 0.00    M    M 14.9 32 210   M    M   1 8      43 210
10  76  51  64  12   1   0    T    M    M 10.8 28 200   M    M   6        37 210
11  62  35  49  -4  16   0 0.00    M    M 10.0 24  40   M    M   2        39  30
12  68  28  48  -5  17   0 0.00    M    M  5.5 16 150   M    M   2 8      25 170
13  77  33  55   2  10   0 0.00    M    M  6.5 17 180   M    M   3 18     25 180
14  76  37  57   3   8   0 0.00    M    M  8.0 18 170   M    M   0 18     24 140
15  79  47  63   9   2   0 0.00    M    M 12.6 24 160   M    M   0        33 150
16  78  59  69  15   0   4 0.00    M    M 15.0 24 150   M    M   6        32 140
17  65  60  63   9   2   0 0.35    M    M  8.2 18 140   M    M  10 1      25 140
18  65  51  58   3   7   0 0.53    M    M  4.6 14 280   M    M  10 1      17 270
19  68  52  60   5   5   0 0.13    M    M  6.1 17  30   M    M   9 1      20  30
20  68  48  58   3   7   0 0.84    M    M  7.8 17 260   M    M   7 1      23 240
21  71  47  59   3   6   0    T    M    M  6.7 15 340   M    M   5        25 330
22  73  45  59   3   6   0 0.00    M    M  2.7 12  50   M    M   3 18     14  10
23  83  45  64   8   1   0 0.00    M    M 10.7 26 170   M    M   0 18     36 170
24  84  58  71  14   0   6 2.17    M    M 16.5 33 170   M    M   3 12     42 180
25  78  56  67  10   0   2 0.00    M    M  4.8 14 210   M    M   3        18 220
26  79  60  70  13   0   5 2.96    M    M 12.4 33 120   M    M   7 1      45 100
27  67  47  57  -1   8   0 0.10    M    M 11.1 31  70   M    M   6        40  70
28  62  42  52  -6  13   0    T    M    M  8.1 18 280   M    M   5        26 290
================================================================================
SM 2019 1236       208  19  7.21    M    261.3          M       97
================================================================================
AV 72.1 44.1                               9.3 FASTST   M    M   3    MAX(MPH)
                                 MISC ---->  # 36 220               # 45  210
================================================================================
NOTES:
# LAST OF SEVERAL OCCURRENCES

COLUMN 17 PEAK WIND IN M.P.H.

PRELIMINARY LOCAL CLIMATOLOGICAL DATA (WS FORM: F-6) , PAGE 2

                                          STATION:  Manhattan KS
                                          MONTH:    APRIL
                                          YEAR:     2016
                                          LATITUDE:   39  9 N
                                          LONGITUDE:  96 40 W

[TEMPERATURE DATA]      [PRECIPITATION DATA]       SYMBOLS USED IN COLUMN 16

AVERAGE MONTHLY: 58.1   TOTAL FOR MONTH:   7.21    1 = FOG OR MIST
DPTR FM NORMAL:   4.4   DPTR FM NORMAL:    4.70    2 = FOG REDUCING VISIBILITY
HIGHEST:    87 ON  5    GRTST 24HR  3.06 ON 26-27      TO 1/4 MILE OR LESS
LOWEST:     22 ON  2                               3 = THUNDER
                        SNOW, ICE PELLETS, HAIL    4 = ICE PELLETS
                        TOTAL MONTH:    M          5 = HAIL
                        GRTST 24HR    M  ON   M    6 = FREEZING RAIN OR DRIZZLE
                        GRTST DEPTH:  M  ON   M    7 = DUSTSTORM OR SANDSTORM:
                                                       VSBY 1/2 MILE OR LESS
                                                   8 = SMOKE OR HAZE
[NO. OF DAYS WITH]      [WEATHER - DAYS WITH]      9 = BLOWING SNOW
                                                   X = TORNADO
MAX 32 OR BELOW:   0    0.01 INCH OR MORE:   9
MAX 90 OR ABOVE:   0    0.10 INCH OR MORE:   8
MIN 32 OR BELOW:   4    0.50 INCH OR MORE:   4
MIN  0 OR BELOW:   0    1.00 INCH OR MORE:   2

[HDD (BASE 65) ]
TOTAL THIS MO.   208    CLEAR  (SCALE 0-3)  16
DPTR FM NORMAL  -123    PTCLDY (SCALE 4-7)   9
TOTAL FM JUL 1  3978    CLOUDY (SCALE 8-10)  3
DPTR FM NORMAL -1189

[CDD (BASE 65) ]
TOTAL THIS MO.    19
DPTR FM NORMAL     2    [PRESSURE DATA]
TOTAL FM JAN 1    28    HIGHEST SLP M ON M
DPTR FM NORMAL     9    LOWEST  SLP 29.30 ON 27

[REMARKS]
