000
CXUS52 KMFL 261000
CF6MIA
PRELIMINARY LOCAL CLIMATOLOGICAL DATA (WS FORM: F-6)

                                          STATION:   MIAMI
                                          MONTH:     FEBRUARY
                                          YEAR:      2017
                                          LATITUDE:   25 49 N
                                          LONGITUDE:  80 17 W

  TEMPERATURE IN F:       :PCPN:    SNOW:  WIND      :SUNSHINE: SKY     :PK WND
================================================================================
1   2   3   4   5  6A  6B    7    8   9   10  11  12  13   14  15   16   17  18
                                     12Z  AVG MX 2MIN
DY MAX MIN AVG DEP HDD CDD  WTR  SNW DPTH SPD SPD DIR MIN PSBL S-S WX    SPD DR
================================================================================

 1  79  58  69   0   0   4 0.00  0.0    0  4.7 13 110 494   75   4        18  90
 2  80  64  72   3   0   7 0.00  0.0    0  5.4 16  50 271   41   6        22  50
 3  82  66  74   5   0   9 0.00  0.0    0  3.9 10  80 254   38   5        25  90
 4  82  65  74   5   0   9 0.00  0.0    0  6.0 15  80 312   47   2        19  90
 5  81  65  73   4   0   8 0.00  0.0    0  4.0 13 110 484   73   2 1      21 140
 6  82  65  74   5   0   9 0.00  0.0    0  7.6 17  80   M    M   4        24  90
 7  81  71  76   6   0  11 0.00  0.0    0  9.3 16 130 376   56   4        23 130
 8  87  68  78   8   0  13 0.00  0.0    0  6.3 14 270 559   84   3        21 150
 9  86  67  77   7   0  12 0.00  0.0    0  7.4 16 260 279   42   5 12     23 270
10  77  63  70   0   0   5 0.00  0.0    0  8.9 18  70 562   84   2        27  70
11  78  65  72   2   0   7 0.00  0.0    0  8.3 15 120 549   82   3        21 150
12  80  62  71   1   0   6 0.00  0.0    0  4.6 13 140 518   77   3        19 150
13  81  63  72   2   0   7 0.00  0.0    0  5.3  8 290 518    M   2        21  20
14  83  65  74   4   0   9 0.00  0.0    0  4.9 15 140 487   72   1 1      24 140
15  84  63  74   4   0   9 0.00  0.0    0  9.7 18 230 420   62   4        35 250
16  78  61  70   0   0   5    T  0.0    0  9.3 13 280 257   38   7        21 280
17  77  57  67  -3   0   2 0.00  0.0    0  6.4 14 120 383   56   6        20 130
18  80  62  71   0   0   6 0.00  0.0    0  5.6 14 120 230   34   7        22 140
19  86  67  77   6   0  12    T  0.0    0  6.0 14 260 431   63   6 1      22 280
20  80  68  74   3   0   9 0.00  0.0    0  6.5 17  80 352   51   3        22  90
21  79  67  73   2   0   8    T  0.0    0  8.2 18 100 139   20   8        23  80
22  75  64  70  -1   0   5 1.30  0.0    0  8.3 20 120  32    5   8 1      27 150
23  80  63  72   1   0   7    T  0.0    0  7.3 16 250 505   73   4        21 250
24  83  62  73   2   0   8 0.00  0.0    0  4.9 10 110 388   56   5 1      14 110
25  86  65  76   5   0  11 0.00  0.0    0  5.2 10 240 436   63   6 12     18 240
================================================================================
SM 2027 1606         0 198  1.30     0.0 164.0         9236    110
================================================================================
AV 81.1 64.2                               6.6 FASTST  385  56   4    MAX(MPH)
                                 MISC ---->  # 20 120               # 35  250
================================================================================
NOTES:
# LAST OF SEVERAL OCCURRENCES

COLUMN 17 PEAK WIND IN M.P.H.

PRELIMINARY LOCAL CLIMATOLOGICAL DATA (WS FORM: F-6) , PAGE 2

                                          STATION:  MIAMI
                                          MONTH:    FEBRUARY
                                          YEAR:     2017
                                          LATITUDE:   25 49 N
                                          LONGITUDE:  80 17 W

[TEMPERATURE DATA]      [PRECIPITATION DATA]       SYMBOLS USED IN COLUMN 16

AVERAGE MONTHLY: 72.7   TOTAL FOR MONTH:   1.30    1 = FOG OR MIST
DPTR FM NORMAL:   2.6   DPTR FM NORMAL:   -0.70    2 = FOG REDUCING VISIBILITY
HIGHEST:    87 ON  8    GRTST 24HR  1.30 ON 22-22      TO 1/4 MILE OR LESS
LOWEST:     57 ON 17                               3 = THUNDER
                        SNOW, ICE PELLETS, HAIL    4 = ICE PELLETS
                        TOTAL MONTH:   0.0 INCH    5 = HAIL
                        GRTST 24HR     0.0         6 = FREEZING RAIN OR DRIZZLE
                        GRTST DEPTH:   0           7 = DUSTSTORM OR SANDSTORM:
                                                       VSBY 1/2 MILE OR LESS
                                                   8 = SMOKE OR HAZE
[NO. OF DAYS WITH]      [WEATHER - DAYS WITH]      9 = BLOWING SNOW
                                                   X = TORNADO
MAX 32 OR BELOW:   0    0.01 INCH OR MORE:   1
MAX 90 OR ABOVE:   0    0.10 INCH OR MORE:   1
MIN 32 OR BELOW:   0    0.50 INCH OR MORE:   1
MIN  0 OR BELOW:   0    1.00 INCH OR MORE:   1

[HDD (BASE 65) ]
TOTAL THIS MO.     0    CLEAR  (SCALE 0-3)   8
DPTR FM NORMAL   -25    PTCLDY (SCALE 4-7)  17
TOTAL FM JUL 1    14    CLOUDY (SCALE 8-10)  0
DPTR FM NORMAL  -101

[CDD (BASE 65) ]
TOTAL THIS MO.   198
DPTR FM NORMAL    48    [PRESSURE DATA]
TOTAL FM JAN 1   456    HIGHEST SLP M ON M
DPTR FM NORMAL   155    LOWEST  SLP 29.91 ON 21

[REMARKS]
