000
CXUS53 KMPX 250700
CF6MIC
PRELIMINARY LOCAL CLIMATOLOGICAL DATA (WS FORM: F-6)

                                          STATION:   MINNEAPOLIS CRYSTAL MN
                                          MONTH:     JULY
                                          YEAR:      2014
                                          LATITUDE:   45  4 N
                                          LONGITUDE:  93 21 W

  TEMPERATURE IN F:       :PCPN:    SNOW:  WIND      :SUNSHINE: SKY     :PK WND
================================================================================
1   2   3   4   5  6A  6B    7    8   9   10  11  12  13   14  15   16   17  18
                                     12Z  AVG MX 2MIN
DY MAX MIN AVG DEP HDD CDD  WTR  SNW DPTH SPD SPD DIR MIN PSBL S-S WX    SPD DR
================================================================================

 1  74  57  66  -6   0   1 0.12    M    M 13.4 24 270   M    M   9 18     30 270
 2  75  56  66  -6   0   1 0.00    M    M  9.2 20 320   M    M   4        26 330
 3  78  57  68  -4   0   3 0.00    M    M  3.2 14 340   M    M   6        16 340
 4  79  54  67  -5   0   2 0.00    M    M  8.9 20 180   M    M   3 18     27 180
 5  85  66  76   4   0  11 0.00    M    M 11.8 22 170   M    M   2        28 160
 6  89  70  80   8   0  15 0.16    M    M 11.8 23 290   M    M   5 1      30 320
 7  86  64  75   3   0  10 0.42    M    M  8.5 31 320   M    M   3 13     37 320
 8  77  63  70  -2   0   5 0.00    M    M 13.6 24 300   M    M   3        32 310
 9  80  56  68  -5   0   3 0.00    M    M  3.4 12 270   M    M   4        15 280
10  86  58  72  -1   0   7    T    M    M  7.3 18 190   M    M   2 18     24 190
11  81  67  74   1   0   9 1.22    M    M 10.0 23 180   M    M   6 138    31 200
12  79  67  73   0   0   8 0.62    M    M  4.3 15 270   M    M   5 138    18 280
13  77  61  69  -4   0   4 0.00    M    M  7.7 18 300   M    M   2        24 290
14  67  57  62 -11   3   0 0.15    M    M 12.2 29 300   M    M   8        39 310
15  73  55  64  -9   1   0 0.00    M    M  9.1 18 330   M    M   6        22 340
16  77  52  65  -8   0   0 0.00    M    M  2.3 10 330   M    M   2        13 360
17  80  55  68  -5   0   3 0.00    M    M  5.1 15 210   M    M   1        22 220
18  80  59  70  -3   0   5 0.00    M    M  9.6 21 180   M    M   4        28 170
19  79  68  74   1   0   9    T    M    M 11.2 20 190   M    M   6        28 200
20  88  70  79   6   0  14 0.00    M    M 11.8 22 170   M    M   7        27 170
21  92  76  84  11   0  19 0.00    M    M 10.1 21 160   M    M   5        24 160
22  85  68  77   4   0  12 0.00    M    M 10.9 23 330   M    M   3        28 330
23  83  59  71  -2   0   6 0.00    M    M  5.2 15 330   M    M   1        22 320
24   M   M   M   M   M   M    M    M    M   M   M   M   M    M   M         M  M
================================================================================
SM 1850 1415         4 147  2.69    M    200.6          M       97
================================================================================
AV 80.4 61.5                               8.7 FASTST   M    M   4    MAX(MPH)
                                 MISC ---->  # 31 320               # 39  310
================================================================================
NOTES:
# LAST OF SEVERAL OCCURRENCES

COLUMN 17 PEAK WIND IN M.P.H.

PRELIMINARY LOCAL CLIMATOLOGICAL DATA (WS FORM: F-6) , PAGE 2

                                          STATION:  MINNEAPOLIS CRYSTAL MN
                                          MONTH:    JULY
                                          YEAR:     2014
                                          LATITUDE:   45  4 N
                                          LONGITUDE:  93 21 W

[TEMPERATURE DATA]      [PRECIPITATION DATA]       SYMBOLS USED IN COLUMN 16

AVERAGE MONTHLY: 71.0   TOTAL FOR MONTH:   2.69    1 = FOG OR MIST
DPTR FM NORMAL:  -1.7   DPTR FM NORMAL:   -0.62    2 = FOG REDUCING VISIBILITY
HIGHEST:    92 ON 21    GRTST 24HR  1.22 ON 11-11      TO 1/4 MILE OR LESS
LOWEST:     52 ON 16                               3 = THUNDER
                        SNOW, ICE PELLETS, HAIL    4 = ICE PELLETS
                        TOTAL MONTH:    M          5 = HAIL
                        GRTST 24HR    M  ON   M    6 = FREEZING RAIN OR DRIZZLE
                        GRTST DEPTH:  M  ON   M    7 = DUSTSTORM OR SANDSTORM:
                                                       VSBY 1/2 MILE OR LESS
                                                   8 = SMOKE OR HAZE
[NO. OF DAYS WITH]      [WEATHER - DAYS WITH]      9 = BLOWING SNOW
                                                   X = TORNADO
MAX 32 OR BELOW:   0    0.01 INCH OR MORE:   6
MAX 90 OR ABOVE:   1    0.10 INCH OR MORE:   6
MIN 32 OR BELOW:   0    0.50 INCH OR MORE:   2
MIN  0 OR BELOW:   0    1.00 INCH OR MORE:   1

[HDD (BASE 65) ]
TOTAL THIS MO.     4    CLEAR  (SCALE 0-3)   7
DPTR FM NORMAL     4    PTCLDY (SCALE 4-7)  15
TOTAL FM JUL 1     4    CLOUDY (SCALE 8-10)  1
DPTR FM NORMAL     4

[CDD (BASE 65) ]
TOTAL THIS MO.   147
DPTR FM NORMAL   -40    [PRESSURE DATA]
TOTAL FM JAN 1   368    HIGHEST SLP M ON M
DPTR FM NORMAL     3    LOWEST  SLP 29.56 ON  1

[REMARKS]
