000
CXUS53 KIND 270730
CF6MIE
PRELIMINARY LOCAL CLIMATOLOGICAL DATA (WS FORM: F-6)

                                          STATION:   MUNCIE IN
                                          MONTH:     AUGUST
                                          YEAR:      2015
                                          LATITUDE:   40 13 N
                                          LONGITUDE:  85 23 W

  TEMPERATURE IN F:       :PCPN:    SNOW:  WIND      :SUNSHINE: SKY     :PK WND
================================================================================
1   2   3   4   5  6A  6B    7    8   9   10  11  12  13   14  15   16   17  18
                                     12Z  AVG MX 2MIN
DY MAX MIN AVG DEP HDD CDD  WTR  SNW DPTH SPD SPD DIR MIN PSBL S-S WX    SPD DR
================================================================================

 1  81  58  70  -4   0   5 0.00    M    M  5.7 15 280   M    M   0        20 320
 2  86  65  76   3   0  11 0.00    M    M 10.2 18 210   M    M   0        25 210
 3  82  61  72  -1   0   7 0.63    M    M  8.9 24  10   M    M   3 13     31  10
 4  79  56  68  -5   0   3 0.00    M    M  4.4 15 280   M    M   0        20 290
 5  79  57  68  -5   0   3 0.00    M    M  4.3 10  80   M    M   0        14  90
 6  68  59  64  -9   1   0 0.07    M    M  9.0 21 120   M    M   7        27 120
 7  79  52  66  -7   0   1 0.00    M    M  4.0 10  70   M    M   1        17  60
 8  82  57  70  -3   0   5 0.00    M    M  3.7  8 250   M    M   1        13 180
 9  78  66  72  -1   0   7 0.10    M    M  4.6 13 240   M    M   5 1      17 210
10  82  67  75   2   0  10 0.82    M    M  6.4 24 320   M    M   7 13     36 310
11  79  60  70  -3   0   5 0.00    M    M  7.9 15 360   M    M   4 1      22  10
12  76  55  66  -7   0   1 0.00    M    M  5.5 16  10   M    M   1        22  30
13  80  54  67  -6   0   2 0.00    M    M  3.4 10 280   M    M   0        20 110
14  81  64  73   0   0   8 0.00    M    M  6.4 12 250   M    M   1        17 250
15  82  62  72  -1   0   7 0.09    M    M  2.8 29 360   M    M   3 13     35 360
16  83  61  72  -1   0   7 0.00    M    M  4.3 13 260   M    M   5        16 270
17  82  65  74   1   0   9 0.03    M    M  4.4  9 220   M    M   1 3       M  M
18  82  64  73   0   0   8 0.00    M    M  7.1 14 220   M    M   1 1      27 110
19  81  66  74   1   0   9 0.12    M    M  9.6 20 270   M    M   3 1      27 210
20  73  53  63  -9   2   0 0.20    M    M 10.0 23 280   M    M   2 1      31 290
21  77  50  64  -8   1   0 0.00    M    M  2.2 10  70   M    M   0        45  90
22  77  51  64  -8   1   0 0.00    M    M  4.6 15 130   M    M   0        20 130
23  82  59  71  -1   0   6 0.07    M    M  8.4 21 310   M    M   3 1      27 310
24  72  54  63  -9   2   0 0.00    M    M  9.0 20 240   M    M   1        27 280
25  68  52  60 -12   5   0 0.00    M    M  6.7 17 320   M    M   8        22 290
26  71  54  63  -9   2   0 0.00    M    M  3.1 12 350   M    M   8        17 320
================================================================================
SM 2042 1522        14 114  2.13    M    156.6          M       65
================================================================================
AV 78.5 58.5                               6.0 FASTST   M    M   3    MAX(MPH)
                                 MISC ---->  # 29 360               # 45   90
================================================================================
NOTES:
# LAST OF SEVERAL OCCURRENCES

COLUMN 17 PEAK WIND IN M.P.H.

PRELIMINARY LOCAL CLIMATOLOGICAL DATA (WS FORM: F-6) , PAGE 2

                                          STATION:  MUNCIE IN
                                          MONTH:    AUGUST
                                          YEAR:     2015
                                          LATITUDE:   40 13 N
                                          LONGITUDE:  85 23 W

[TEMPERATURE DATA]      [PRECIPITATION DATA]       SYMBOLS USED IN COLUMN 16

AVERAGE MONTHLY: 68.5   TOTAL FOR MONTH:   2.13    1 = FOG OR MIST
DPTR FM NORMAL:  -4.2   DPTR FM NORMAL:   -0.62    2 = FOG REDUCING VISIBILITY
HIGHEST:    86 ON  2    GRTST 24HR  0.92 ON  9-10      TO 1/4 MILE OR LESS
LOWEST:     50 ON 21                               3 = THUNDER
                        SNOW, ICE PELLETS, HAIL    4 = ICE PELLETS
                        TOTAL MONTH:    M          5 = HAIL
                        GRTST 24HR    M  ON   M    6 = FREEZING RAIN OR DRIZZLE
                        GRTST DEPTH:  M  ON   M    7 = DUSTSTORM OR SANDSTORM:
                                                       VSBY 1/2 MILE OR LESS
                                                   8 = SMOKE OR HAZE
[NO. OF DAYS WITH]      [WEATHER - DAYS WITH]      9 = BLOWING SNOW
                                                   X = TORNADO
MAX 32 OR BELOW:   0    0.01 INCH OR MORE:   9
MAX 90 OR ABOVE:   0    0.10 INCH OR MORE:   5
MIN 32 OR BELOW:   0    0.50 INCH OR MORE:   2
MIN  0 OR BELOW:   0    1.00 INCH OR MORE:   0

[HDD (BASE 65) ]
TOTAL THIS MO.    14    CLEAR  (SCALE 0-3)  16
DPTR FM NORMAL    14    PTCLDY (SCALE 4-7)   9
TOTAL FM JUL 1    14    CLOUDY (SCALE 8-10)  1
DPTR FM NORMAL    11

[CDD (BASE 65) ]
TOTAL THIS MO.   114
DPTR FM NORMAL   -92    [PRESSURE DATA]
TOTAL FM JAN 1   733    HIGHEST SLP  0.00 ON 26
DPTR FM NORMAL   -66    LOWEST  SLP 29.72 ON 19

[REMARKS]
