000
CXUS52 KMLB 270836
CF6MLB
PRELIMINARY LOCAL CLIMATOLOGICAL DATA (WS FORM: F-6)

                                          STATION:   MELBOURNE
                                          MONTH:     MAY
                                          YEAR:      2016
                                          LATITUDE:   28  6 N
                                          LONGITUDE:  80 39 W

  TEMPERATURE IN F:       :PCPN:    SNOW:  WIND      :SUNSHINE: SKY     :PK WND
================================================================================
1   2   3   4   5  6A  6B    7    8   9   10  11  12  13   14  15   16   17  18
                                     12Z  AVG MX 2MIN
DY MAX MIN AVG DEP HDD CDD  WTR  SNW DPTH SPD SPD DIR MIN PSBL S-S WX    SPD DR
================================================================================

 1  85  76  81   8   0  16 0.00  0.0    0 12.1 18 110   M    M   3        24 120
 2  85  73  79   5   0  14    T  0.0    0 12.1 23 150   M    M   4 13     27 130
 3  91  70  81   7   0  16 0.88  0.0    0  9.1 18 180   M    M   5 13     24 170
 4  76  67  72  -2   0   7 1.90  0.0    0 10.0 25 300   M    M   7 13     32 300
 5  83  59  71  -3   0   6 0.00  0.0    0 13.2 28 260   M    M   1        35 260
 6  79  54  67  -7   0   2 0.00  0.0    0  9.2 20 280   M    M   0        25 300
 7  79  53  66  -8   0   1 0.00  0.0    0  7.7 20  30   M    M   0        22 310
 8  83  56  70  -5   0   5 0.00  0.0    0  7.4 13 110   M    M   0        16 100
 9  81  57  69  -6   0   4 0.00  0.0    0  8.5 16  90   M    M   0        20 100
10  85  71  78   3   0  13 0.00  0.0    0 10.1 18 130   M    M   3        22 130
11  85  69  77   2   0  12 0.00  0.0    0  6.8 14  60   M    M   2        20  90
12  84  68  76   0   0  11 0.00  0.0    0  4.5 12 100   M    M   1        14 140
13  88  67  78   2   0  13 0.00  0.0    0  7.5 14 150   M    M   1        19 110
14  88  68  78   2   0  13    T  0.0    0  6.9 13 110   M    M   2        18 290
15  87  63  75  -1   0  10 0.00  0.0    0  9.1 18  50   M    M   0        21  60
16  87  67  77   1   0  12 0.00  0.0    0  9.2 20  70   M    M   2        24  60
17  86  70  78   1   0  13 2.99  0.0    0  9.7 28 190   M    M   6 138    35 190
18  90  71  81   4   0  16 0.14  0.0    0  7.5 16 180   M    M   3 13     23 300
19  90  72  81   4   0  16 0.46  0.0    0  8.4 17 290   M    M   4 138    21 300
20  88  69  79   2   0  14 0.62  0.0    0  6.7 24  10   M    M   1 138    33  10
21  90  73  82   5   0  17 0.00  0.0    0  7.8 18 270   M    M   2        23 280
22  91  69  80   2   0  15 0.00  0.0    0 10.7 23 280   M    M   1        28 290
23  83  68  76  -2   0  11 0.00  0.0    0  8.7 14  70   M    M   2        18  60
24  86  77  82   4   0  17 0.00  0.0    0 12.6 22 100   M    M   2        28 110
25  85  75  80   2   0  15 0.00  0.0    0 11.2 17  80   M    M   1        21  70
26  84  73  79   1   0  14 0.00  0.0    0 11.3 17  70   M    M   3        23  40
================================================================================
SM 2219 1755         0 303  6.99     0.0 238.0          M       56
================================================================================
AV 85.3 67.5                               9.2 FASTST   M    M   2    MAX(MPH)
                                 MISC ---->  # 28 260               # 35  260
================================================================================
NOTES:
# LAST OF SEVERAL OCCURRENCES

COLUMN 17 PEAK WIND IN M.P.H.

PRELIMINARY LOCAL CLIMATOLOGICAL DATA (WS FORM: F-6) , PAGE 2

                                          STATION:  MELBOURNE
                                          MONTH:    MAY
                                          YEAR:     2016
                                          LATITUDE:   28  6 N
                                          LONGITUDE:  80 39 W

[TEMPERATURE DATA]      [PRECIPITATION DATA]       SYMBOLS USED IN COLUMN 16

AVERAGE MONTHLY: 76.4   TOTAL FOR MONTH:   6.99    1 = FOG OR MIST
DPTR FM NORMAL:   0.6   DPTR FM NORMAL:    4.48    2 = FOG REDUCING VISIBILITY
HIGHEST:    91 ON 22, 3 GRTST 24HR  3.13 ON 17-18      TO 1/4 MILE OR LESS
LOWEST:     53 ON  7                               3 = THUNDER
                        SNOW, ICE PELLETS, HAIL    4 = ICE PELLETS
                        TOTAL MONTH:   0.0 INCH    5 = HAIL
                        GRTST 24HR     0.0         6 = FREEZING RAIN OR DRIZZLE
                        GRTST DEPTH:   0           7 = DUSTSTORM OR SANDSTORM:
                                                       VSBY 1/2 MILE OR LESS
                                                   8 = SMOKE OR HAZE
[NO. OF DAYS WITH]      [WEATHER - DAYS WITH]      9 = BLOWING SNOW
                                                   X = TORNADO
MAX 32 OR BELOW:   0    0.01 INCH OR MORE:   6
MAX 90 OR ABOVE:   5    0.10 INCH OR MORE:   6
MIN 32 OR BELOW:   0    0.50 INCH OR MORE:   4
MIN  0 OR BELOW:   0    1.00 INCH OR MORE:   2

[HDD (BASE 65) ]
TOTAL THIS MO.     0    CLEAR  (SCALE 0-3)  20
DPTR FM NORMAL     0    PTCLDY (SCALE 4-7)   6
TOTAL FM JUL 1   341    CLOUDY (SCALE 8-10)  0
DPTR FM NORMAL  -235

[CDD (BASE 65) ]
TOTAL THIS MO.   303
DPTR FM NORMAL    20    [PRESSURE DATA]
TOTAL FM JAN 1   863    HIGHEST SLP M ON M
DPTR FM NORMAL   205    LOWEST  SLP 29.64 ON  4

[REMARKS]
