000
CXUS54 KTSA 300840
CF6MLC
PRELIMINARY LOCAL CLIMATOLOGICAL DATA (WS FORM: F-6)

                                          STATION:   MCALESTER OKLAHOMA
                                          MONTH:     JUNE
                                          YEAR:      2015
                                          LATITUDE:   34 52 N
                                          LONGITUDE:  95 47 W

  TEMPERATURE IN F:       :PCPN:    SNOW:  WIND      :SUNSHINE: SKY     :PK WND
================================================================================
1   2   3   4   5  6A  6B    7    8   9   10  11  12  13   14  15   16   17  18
                                     12Z  AVG MX 2MIN
DY MAX MIN AVG DEP HDD CDD  WTR  SNW DPTH SPD SPD DIR MIN PSBL S-S WX    SPD DR
================================================================================

 1  83  54  69  -5   0   4 0.00  0.0    0  1.2  7  30   M    M   4 12      8  80
 2  85  63  74   0   0   9 0.00  0.0    0  4.6 13 200   M    M   3        18 220
 3  88  67  78   4   0  13 0.00  0.0    0  5.9 14 210   M    M   2        19 180
 4  89  70  80   5   0  15 0.00  0.0    0  5.6 13 200   M    M   5        18 160
 5  91  70  81   6   0  16 0.00  0.0    0  3.8  9 200   M    M   2        13 150
 6  93  68  81   6   0  16 0.00  0.0    0  2.4  9 240   M    M   1 18     12 220
 7  93  69  81   6   0  16 0.00  0.0    0  6.1 18 210   M    M   0 18     26 210
 8  92  72  82   6   0  17 0.00  0.0    0  4.1 10 260   M    M   1 18     14 210
 9  95  66  81   5   0  16 0.00  0.0    0  2.3  8 360   M    M   1        10  30
10  95  67  81   5   0  16 0.00  0.0    0  3.7 10 230   M    M   1        13 210
11  94  73  84   8   0  19 0.00  0.0    0  8.0 17 200   M    M   1        26 210
12  91  76  84   7   0  19 0.00  0.0    0  7.7 17 210   M    M   2        21 210
13  87  69  78   1   0  13 2.64  0.0    0  7.1 25 190   M    M   5 138    39 190
14  88  73  81   4   0  16 0.30  0.0    0  7.2 20 190   M    M   6 13     30 180
15  88  73  81   4   0  16 0.77  0.0    0  5.7 17 340   M    M   6 13     21 180
16  83  72  78   0   0  13 1.76  0.0    0  3.1  9 150   M    M   7 13     30  90
17  79  73  76  -2   0  11 1.81  0.0    0  5.3 15  80   M    M   9 1      25  80
18  76  71  74  -4   0   9 0.90  0.0    0 10.0 21 270   M    M   8 1      30 160
19  91  68  80   2   0  15 0.00  0.0    0  3.3 10 290   M    M   1        14 250
20  88  76  82   3   0  17 0.00  0.0    0  8.3 18 220   M    M   1        26 210
21  85  73  79   0   0  14 0.09  0.0    0  9.6 20 210   M    M   4 1      29 180
22  91  75  83   4   0  18 0.00  0.0    0 11.4 26 210   M    M   3        34 220
23  93  74  84   5   0  19 0.00  0.0    0  6.3 16 210   M    M   1        21 210
24  94  72  83   4   0  18 0.00  0.0    0  5.6 14 230   M    M   1 1      19  40
25  93  73  83   3   0  18 0.00  0.0    0  7.1 15 220   M    M   1        19 250
26  93  72  83   3   0  18 0.40  0.0    0  8.0 21 360   M    M   4 13     27 200
27  86  66  76  -4   0  11 0.00  0.0    0  7.2 16 360   M    M   1        22  10
28  89  62  76  -4   0  11 0.00  0.0    0  3.4 13 210   M    M   1 1      19 220
29  95  69  82   2   0  17 0.00  0.0    0  6.1 16 220   M    M   3 3      22 260
================================================================================
SM 2588 2026         0 430  8.67     0.0 170.1          M       85
================================================================================
AV 89.2 69.9                               5.9 FASTST   M    M   3    MAX(MPH)
                                 MISC ---->  # 26 210               # 39  190
================================================================================
NOTES:
# LAST OF SEVERAL OCCURRENCES

COLUMN 17 PEAK WIND IN M.P.H.

PRELIMINARY LOCAL CLIMATOLOGICAL DATA (WS FORM: F-6) , PAGE 2

                                          STATION:  MCALESTER OKLAHOMA
                                          MONTH:    JUNE
                                          YEAR:     2015
                                          LATITUDE:   34 52 N
                                          LONGITUDE:  95 47 W

[TEMPERATURE DATA]      [PRECIPITATION DATA]       SYMBOLS USED IN COLUMN 16

AVERAGE MONTHLY: 79.6   TOTAL FOR MONTH:   8.67    1 = FOG OR MIST
DPTR FM NORMAL:   2.3   DPTR FM NORMAL:    4.29    2 = FOG REDUCING VISIBILITY
HIGHEST:    95 ON 29,10 GRTST 24HR  2.64 ON 13-13      TO 1/4 MILE OR LESS
LOWEST:     54 ON  1                               3 = THUNDER
                        SNOW, ICE PELLETS, HAIL    4 = ICE PELLETS
                        TOTAL MONTH:   0.0 INCH    5 = HAIL
                        GRTST 24HR     0.0         6 = FREEZING RAIN OR DRIZZLE
                        GRTST DEPTH:   0           7 = DUSTSTORM OR SANDSTORM:
                                                       VSBY 1/2 MILE OR LESS
                                                   8 = SMOKE OR HAZE
[NO. OF DAYS WITH]      [WEATHER - DAYS WITH]      9 = BLOWING SNOW
                                                   X = TORNADO
MAX 32 OR BELOW:   0    0.01 INCH OR MORE:   8
MAX 90 OR ABOVE:  15    0.10 INCH OR MORE:   7
MIN 32 OR BELOW:   0    0.50 INCH OR MORE:   5
MIN  0 OR BELOW:   0    1.00 INCH OR MORE:   3

[HDD (BASE 65) ]
TOTAL THIS MO.     0    CLEAR  (SCALE 0-3)  18
DPTR FM NORMAL     0    PTCLDY (SCALE 4-7)   9
TOTAL FM JUL 1  3193    CLOUDY (SCALE 8-10)  2
DPTR FM NORMAL     4

[CDD (BASE 65) ]
TOTAL THIS MO.   430
DPTR FM NORMAL    74    [PRESSURE DATA]
TOTAL FM JAN 1   677    HIGHEST SLP M ON M
DPTR FM NORMAL    75    LOWEST  SLP 29.66 ON 11

[REMARKS]
