000
CXUS54 KTSA 280840
CF6MLC
PRELIMINARY LOCAL CLIMATOLOGICAL DATA (WS FORM: F-6)

                                          STATION:   MCALESTER OKLAHOMA
                                          MONTH:     AUGUST
                                          YEAR:      2016
                                          LATITUDE:   34 52 N
                                          LONGITUDE:  95 47 W

  TEMPERATURE IN F:       :PCPN:    SNOW:  WIND      :SUNSHINE: SKY     :PK WND
================================================================================
1   2   3   4   5  6A  6B    7    8   9   10  11  12  13   14  15   16   17  18
                                     12Z  AVG MX 2MIN
DY MAX MIN AVG DEP HDD CDD  WTR  SNW DPTH SPD SPD DIR MIN PSBL S-S WX    SPD DR
================================================================================

 1  97  78  88   5   0  23 0.00  0.0    0  6.7 15 220   M    M   0        19 210
 2  98  76  87   4   0  22 0.00  0.0    0  5.8 15 210   M    M   1        21 210
 3  99  71  85   2   0  20 0.00  0.0    0  4.8 14 220   M    M   1        18 230
 4  99  77  88   5   0  23 0.00  0.0    0  5.0 15 230   M    M   0        24 320
 5 100  74  87   4   0  22 0.00  0.0    0  2.7 12 220   M    M   1 3      23 270
 6  97  77  87   4   0  22 0.00  0.0    0  3.7 16  10   M    M   2        21 360
 7 100  74  87   4   0  22 0.00  0.0    0  4.2 13 110   M    M   1 3      19 100
 8 100  73  87   4   0  22 1.08  0.0    0  4.9 28 300   M    M   1 13     37 300
 9  95  73  84   1   0  19 0.63  0.0    0  4.0 16 110   M    M   2 13     28 330
10  97  73  85   2   0  20 0.04  0.0    0  3.9 17 100   M    M   1 3      30 110
11 100  78  89   6   0  24 0.00  0.0    0  5.4 14 230   M    M   1        17 230
12  97  74  86   3   0  21 0.23  0.0    0  4.1 25 280   M    M   3 13     35 280
13  92  74  83   0   0  18 0.00  0.0    0  9.1 18  10   M    M   5        27  20
14  88  68  78  -5   0  13 0.00  0.0    0  8.5 20 360   M    M   5        26  20
15  78  66  72 -11   0   7 0.05  0.0    0  1.6  7 130   M    M   2 8      17  60
16  88  62  75  -7   0  10 0.00  0.0    0  2.7  9  90   M    M   1 1      28 330
17  87  69  78  -4   0  13 0.02  0.0    0  4.2 10 170   M    M   5        16 170
18  84  73  79  -3   0  14 0.02  0.0    0  4.3 12 210   M    M   6 13     28 210
19  84  72  78  -4   0  13    T  0.0    0  6.0 16 210   M    M   6        22 220
20  80  67  74  -8   0   9 0.32  0.0    0  4.9 16  10   M    M   7 13     33 330
21  84  62  73  -9   0   8 0.00  0.0    0  3.9 13  20   M    M   2 1      22  50
22  81  63  72 -10   0   7 0.00  0.0    0  5.4 10 130   M    M   5        15 120
23  91  73  82   0   0  17    T  0.0    0  8.3 16 200   M    M   6        27 190
24  95  78  87   6   0  22 0.00  0.0    0  9.2 17 210   M    M   1        24 210
25  95  72  84   3   0  19 0.00  0.0    0  5.0 13 240   M    M   1        17 150
26  87  71  79  -2   0  14    T  0.0    0  3.5 13 120   M    M   4 1      18 120
27  93  69  81   0   0  16    T  0.0    0  2.8 13  90   M    M   2 13     17  90
================================================================================
SM 2486 1937         0 460  2.39     0.0 134.6          M       72
================================================================================
AV 92.1 71.7                               5.0 FASTST   M    M   3    MAX(MPH)
                                 MISC ---->  # 28 300               # 37  300
================================================================================
NOTES:
# LAST OF SEVERAL OCCURRENCES

COLUMN 17 PEAK WIND IN M.P.H.

PRELIMINARY LOCAL CLIMATOLOGICAL DATA (WS FORM: F-6) , PAGE 2

                                          STATION:  MCALESTER OKLAHOMA
                                          MONTH:    AUGUST
                                          YEAR:     2016
                                          LATITUDE:   34 52 N
                                          LONGITUDE:  95 47 W

[TEMPERATURE DATA]      [PRECIPITATION DATA]       SYMBOLS USED IN COLUMN 16

AVERAGE MONTHLY: 81.9   TOTAL FOR MONTH:   2.39    1 = FOG OR MIST
DPTR FM NORMAL:  -0.5   DPTR FM NORMAL:    0.15    2 = FOG REDUCING VISIBILITY
HIGHEST:   100 ON 11, 8 GRTST 24HR  1.71 ON  8- 9      TO 1/4 MILE OR LESS
LOWEST:     62 ON 21,16                            3 = THUNDER
                        SNOW, ICE PELLETS, HAIL    4 = ICE PELLETS
                        TOTAL MONTH:   0.0 INCH    5 = HAIL
                        GRTST 24HR     0.0         6 = FREEZING RAIN OR DRIZZLE
                        GRTST DEPTH:   0           7 = DUSTSTORM OR SANDSTORM:
                                                       VSBY 1/2 MILE OR LESS
                                                   8 = SMOKE OR HAZE
[NO. OF DAYS WITH]      [WEATHER - DAYS WITH]      9 = BLOWING SNOW
                                                   X = TORNADO
MAX 32 OR BELOW:   0    0.01 INCH OR MORE:   8
MAX 90 OR ABOVE:  17    0.10 INCH OR MORE:   4
MIN 32 OR BELOW:   0    0.50 INCH OR MORE:   2
MIN  0 OR BELOW:   0    1.00 INCH OR MORE:   1

[HDD (BASE 65) ]
TOTAL THIS MO.     0    CLEAR  (SCALE 0-3)  18
DPTR FM NORMAL     0    PTCLDY (SCALE 4-7)   9
TOTAL FM JUL 1     0    CLOUDY (SCALE 8-10)  0
DPTR FM NORMAL     0

[CDD (BASE 65) ]
TOTAL THIS MO.   460
DPTR FM NORMAL    -9    [PRESSURE DATA]
TOTAL FM JAN 1  1742    HIGHEST SLP M ON M
DPTR FM NORMAL   126    LOWEST  SLP 29.73 ON 19

[REMARKS]
