000
CXUS55 KDVN 271100
CF6MLI
PRELIMINARY LOCAL CLIMATOLOGICAL DATA (WS FORM: F-6)

                                          STATION:   MOLINE IL
                                          MONTH:     SEPTEMBER
                                          YEAR:      2016
                                          LATITUDE:   41 27 N
                                          LONGITUDE:  90 31 W

  TEMPERATURE IN F:       :PCPN:    SNOW:  WIND      :SUNSHINE: SKY     :PK WND
================================================================================
1   2   3   4   5  6A  6B    7    8   9   10  11  12  13   14  15   16   17  18
                                     12Z  AVG MX 2MIN
DY MAX MIN AVG DEP HDD CDD  WTR  SNW DPTH SPD SPD DIR MIN PSBL S-S WX    SPD DR
================================================================================

 1  79  57  68  -3   0   3 0.00  0.0    0  6.5 17  40   M    M   1 1      21  30
 2  78  55  67  -4   0   2 0.00  0.0    0  6.6 14  80   M    M   1 8      18  90
 3  78  54  66  -4   0   1 0.00  0.0    0  4.7 14 110   M    M   0        19 120
 4  80  58  69  -1   0   4 0.00  0.0    0  7.0 15 130   M    M   1        19 160
 5  88  65  77   7   0  12 0.00  0.0    0  8.2 17 210   M    M   0        23 190
 6  92  75  84  15   0  19 0.00  0.0    0  9.7 18 200   M    M   0        26 200
 7  90  74  82  13   0  17 0.40  0.0    0  8.9 30 280   M    M   7 13     37 280
 8  86  69  78   9   0  13 0.45  0.0    0  4.2 21 340   M    M   6 13     28 340
 9  81  68  75   7   0  10    T  0.0    0  4.9 15 190   M    M   5 12     19 170
10  74  54  64  -4   1   0 0.01  0.0    0 11.0 24 310   M    M   5 1      31 300
11  78  52  65  -2   0   0 0.00  0.0    0  5.2 14 220   M    M   0        18 240
12  81  54  68   1   0   3 0.00  0.0    0  6.3 18 180   M    M   0        27 150
13  78  62  70   3   0   5    T  0.0    0  5.1 13 310   M    M   3        17 250
14  78  61  70   4   0   5 0.00  0.0    0  5.1 12  50   M    M   5 8      13  20
15  84  58  71   5   0   6 0.00  0.0    0  7.4 15 110   M    M   1        17 110
16  84  67  76  11   0  11 0.03  0.0    0  6.7 20 210   M    M   4 13     26 220
17  82  58  70   5   0   5 0.00  0.0    0  6.2 22 260   M    M   2 1      29 280
18  84  54  69   5   0   4 0.00  0.0    0  3.3 12 190   M    M   1 12     15 200
19  89  55  72   8   0   7 0.00  0.0    0  4.7 15 210   M    M   1        21 220
20  89  63  76  12   0  11 0.00  0.0    0  7.6 15  70   M    M   1        19  80
21  84  66  75  12   0  10 0.00  0.0    0  9.1 25 110   M    M   3 8      34  40
22  88  66  77  14   0  12 0.00  0.0    0  5.0 12  30   M    M   1        17  40
23  82  68  75  13   0  10 0.32  0.0    0  8.1 15  90   M    M   6 138    18  90
24  82  67  75  13   0  10 0.00  0.0    0  9.6 17  70   M    M   5 18     21  80
25  87  61  74  13   0   9    T  0.0    0 11.4 24 270   M    M   2 18     30 280
26  72  52  62   1   3   0 0.00  0.0    0 12.1 29 270   M    M   0 8      36 270
================================================================================
SM 2148 1593         4 189  1.21     0.0 184.6          M       61
================================================================================
AV 82.6 61.3                               7.1 FASTST   M    M   2    MAX(MPH)
                                 MISC ---->  # 30 280               # 37  280
================================================================================
NOTES:
# LAST OF SEVERAL OCCURRENCES

COLUMN 17 PEAK WIND IN M.P.H.

PRELIMINARY LOCAL CLIMATOLOGICAL DATA (WS FORM: F-6) , PAGE 2

                                          STATION:  MOLINE IL
                                          MONTH:    SEPTEMBER
                                          YEAR:     2016
                                          LATITUDE:   41 27 N
                                          LONGITUDE:  90 31 W

[TEMPERATURE DATA]      [PRECIPITATION DATA]       SYMBOLS USED IN COLUMN 16

AVERAGE MONTHLY: 71.9   TOTAL FOR MONTH:   1.21    1 = FOG OR MIST
DPTR FM NORMAL:   5.7   DPTR FM NORMAL:   -1.52    2 = FOG REDUCING VISIBILITY
HIGHEST:    92 ON  6    GRTST 24HR  0.85 ON  7- 8      TO 1/4 MILE OR LESS
LOWEST:     52 ON 26,11                            3 = THUNDER
                        SNOW, ICE PELLETS, HAIL    4 = ICE PELLETS
                        TOTAL MONTH:   0.0 INCH    5 = HAIL
                        GRTST 24HR     0.0         6 = FREEZING RAIN OR DRIZZLE
                        GRTST DEPTH:   0           7 = DUSTSTORM OR SANDSTORM:
                                                       VSBY 1/2 MILE OR LESS
                                                   8 = SMOKE OR HAZE
[NO. OF DAYS WITH]      [WEATHER - DAYS WITH]      9 = BLOWING SNOW
                                                   X = TORNADO
MAX 32 OR BELOW:   0    0.01 INCH OR MORE:   5
MAX 90 OR ABOVE:   2    0.10 INCH OR MORE:   3
MIN 32 OR BELOW:   0    0.50 INCH OR MORE:   0
MIN  0 OR BELOW:   0    1.00 INCH OR MORE:   0

[HDD (BASE 65) ]
TOTAL THIS MO.     4    CLEAR  (SCALE 0-3)  17
DPTR FM NORMAL   -65    PTCLDY (SCALE 4-7)   9
TOTAL FM JUL 1     5    CLOUDY (SCALE 8-10)  0
DPTR FM NORMAL   -72

[CDD (BASE 65) ]
TOTAL THIS MO.   189
DPTR FM NORMAL    88    [PRESSURE DATA]
TOTAL FM JAN 1  1262    HIGHEST SLP M ON M
DPTR FM NORMAL   278    LOWEST  SLP 29.81 ON  8

[REMARKS]
