000
CXUS56 KPQR 301200
CF6MMV
PRELIMINARY LOCAL CLIMATOLOGICAL DATA (WS FORM: F-6)

                                          STATION:   MCMINNVILLE OR
                                          MONTH:     SEPTEMBER
                                          YEAR:      2016
                                          LATITUDE:   45 11 N
                                          LONGITUDE: 123  8 W

  TEMPERATURE IN F:       :PCPN:    SNOW:  WIND      :SUNSHINE: SKY     :PK WND
================================================================================
1   2   3   4   5  6A  6B    7    8   9   10  11  12  13   14  15   16   17  18
                                     12Z  AVG MX 2MIN
DY MAX MIN AVG DEP HDD CDD  WTR  SNW DPTH SPD SPD DIR MIN PSBL S-S WX    SPD DR
================================================================================

 1  69  52  61  -4   4   0 0.01  0.0    0  4.9 14 230   M    M   5        18 230
 2  73  51  62  -3   3   0    T  0.0    0  7.4 22 270   M    M   5        27 250
 3  70  43  57  -7   8   0    T  0.0    0  3.0 14  10   M    M   4 1      20 100
 4  72  44  58  -6   7   0 0.02  0.0    0  4.3 15 310   M    M   6 1      25  30
 5  73  44  59  -5   6   0 0.00  0.0    0  3.1 10 100   M    M   3 1      15  90
 6  76  55  66   2   0   1 0.03  0.0    0  6.7 17 300   M    M   8 1      22 280
 7  78  55  67   3   0   2    T  0.0    0  3.2 10 200   M    M   5        12 220
 8  79  50  65   1   0   0 0.00  0.0    0  3.9 15  20   M    M   3        18  10
 9  85  44  65   1   0   0 0.00  0.0    0  7.5 22 330   M    M   0 8      26 330
10  89  49  69   6   0   4 0.00  0.0    0  3.9 14 220   M    M   0 8      18 230
11  75  49  62  -1   3   0 0.00  0.0    0  3.7 17 240   M    M   2        25  10
12  80  42  61  -2   4   0 0.00  0.0    0  8.3 22  30   M    M   0 18     28  50
13  82  45  64   1   1   0 0.00  0.0    0  7.5 20  40   M    M   0 8      24  40
14  80  41  61  -1   4   0 0.00  0.0    0  5.7 15 240   M    M   0        20 190
15  83  43  63   1   2   0 0.00  0.0    0  2.5  8 120   M    M   5 18     10 130
16  85  47  66   4   0   1 0.00  0.0    0  3.7 14 240   M    M   0 8      18 220
17  63  57  60  -2   5   0 0.35  0.0    0  6.7 15 150   M    M   9 18     22 170
18  75  50  63   2   2   0    T  0.0    0  4.2 17 260   M    M   6 12     21 270
19  68  45  57  -4   8   0 0.00  0.0    0  3.9 13 250   M    M   2 12     14 210
20  72  44  58  -3   7   0    T  0.0    0  4.1 18 340   M    M   2        24 360
21  76  39  58  -2   7   0 0.00  0.0    0  4.1 16 330   M    M   2 12     21 330
22  70  44  57  -3   8   0 0.00  0.0    0  4.8 12 250   M    M   4        15 310
23  64  47  56  -4   9   0 0.05  0.0    0  6.6 22 190   M    M   6 18     27 200
24  72  40  56  -3   9   0 0.00  0.0    0  3.1 18 110   M    M   4 12     29  90
25  86  45  66   7   0   1 0.00  0.0    0  3.5 12  20   M    M   0        15  10
26  90  50  70  11   0   5 0.00  0.0    0  4.4 15 220   M    M   0 12     18 220
27  77  51  64   6   1   0 0.00  0.0    0  6.0 15  10   M    M   1 12     29  90
28  78  43  61   3   4   0 0.00  0.0    0  3.8 14  20   M    M   0 1      18  30
29  71  41  56  -2   9   0 0.00  0.0    0  1.9  9 230   M    M   0 1      27 210
================================================================================
SM 2211 1350       111  14  0.46     0.0 136.4          M       82
================================================================================
AV 76.2 46.6                               4.7 FASTST   M    M   3    MAX(MPH)
                                 MISC ---->  # 22 270               # 29   90
================================================================================
NOTES:
# LAST OF SEVERAL OCCURRENCES

COLUMN 17 PEAK WIND IN M.P.H.

PRELIMINARY LOCAL CLIMATOLOGICAL DATA (WS FORM: F-6) , PAGE 2

                                          STATION:  MCMINNVILLE OR
                                          MONTH:    SEPTEMBER
                                          YEAR:     2016
                                          LATITUDE:   45 11 N
                                          LONGITUDE: 123  8 W

[TEMPERATURE DATA]      [PRECIPITATION DATA]       SYMBOLS USED IN COLUMN 16

AVERAGE MONTHLY: 61.4   TOTAL FOR MONTH:   0.46    1 = FOG OR MIST
DPTR FM NORMAL:  -0.4   DPTR FM NORMAL:   -0.85    2 = FOG REDUCING VISIBILITY
HIGHEST:    90 ON 26    GRTST 24HR  0.35 ON 16-17      TO 1/4 MILE OR LESS
LOWEST:     39 ON 21                               3 = THUNDER
                        SNOW, ICE PELLETS, HAIL    4 = ICE PELLETS
                        TOTAL MONTH:   0.0 INCH    5 = HAIL
                        GRTST 24HR     0.0         6 = FREEZING RAIN OR DRIZZLE
                        GRTST DEPTH:   0           7 = DUSTSTORM OR SANDSTORM:
                                                       VSBY 1/2 MILE OR LESS
                                                   8 = SMOKE OR HAZE
[NO. OF DAYS WITH]      [WEATHER - DAYS WITH]      9 = BLOWING SNOW
                                                   X = TORNADO
MAX 32 OR BELOW:   0    0.01 INCH OR MORE:   5
MAX 90 OR ABOVE:   1    0.10 INCH OR MORE:   1
MIN 32 OR BELOW:   0    0.50 INCH OR MORE:   0
MIN  0 OR BELOW:   0    1.00 INCH OR MORE:   0

[HDD (BASE 65) ]
TOTAL THIS MO.   111    CLEAR  (SCALE 0-3)  16
DPTR FM NORMAL   -11    PTCLDY (SCALE 4-7)  12
TOTAL FM JUL 1   147    CLOUDY (SCALE 8-10)  1
DPTR FM NORMAL   -60

[CDD (BASE 65) ]
TOTAL THIS MO.    14
DPTR FM NORMAL   -17    [PRESSURE DATA]
TOTAL FM JAN 1   363    HIGHEST SLP M ON M
DPTR FM NORMAL   148    LOWEST  SLP 29.88 ON 13

[REMARKS]
