000
CXUS55 KBOU 220758
CF6MNH
PRELIMINARY LOCAL CLIMATOLOGICAL DATA (WS FORM: F-6)

                                          STATION:   ELBERT 6W CO
                                          MONTH:     JULY
                                          YEAR:      2017
                                          LATITUDE:   39 13 N
                                          LONGITUDE: 104 38 W

  TEMPERATURE IN F:       :PCPN:    SNOW:  WIND      :SUNSHINE: SKY     :PK WND
================================================================================
1   2   3   4   5  6A  6B    7    8   9   10  11  12  13   14  15   16   17  18
                                     12Z  AVG MX 2MIN
DY MAX MIN AVG DEP HDD CDD  WTR  SNW DPTH SPD SPD DIR MIN PSBL S-S WX    SPD DR
================================================================================

 1  79  46  63   M   2   0    M    M    M 10.1 18 200   M    M   1        24 200
 2  84  50  67   M   0   2    M    M    M  9.3 28 290   M    M   0        37 290
 3  82  50  66   M   0   1    M    M    M  7.6 18 300   M    M   2        25 300
 4  84  52  68   M   0   3    M    M    M 10.5 20  30   M    M   0        28  40
 5  88  52  70   M   0   5    M    M    M  7.7 15 130   M    M   0        21 130
 6  90  55  73   M   0   8    M    M    M  9.7 20 170   M    M   1        24 170
 7  82  52  67   M   0   2    M    M    M  8.5 21 170   M    M   1 3      24 170
 8  81  54  68   M   0   3    M    M    M  7.9 12 200   M    M   2 3       M  M
 9  86  54  70   M   0   5    M    M    M  6.9 16 360   M    M   0        22 360
10  86  55  71   M   0   6    M    M    M  7.6 16 300   M    M   2        24 220
11  82  55  69   M   0   4    M    M    M  8.5 18 270   M    M   2        25 180
12  73  55  64   M   1   0    M    M    M  8.6 17 360   M    M   6        23  20
13  70  52  61   M   4   0    M    M    M  6.4 10 190   M    M   3 3       M  M
14  73  50  62   M   3   0    M    M    M  6.7 14 180   M    M   5 3      22 180
15  70  54  62   M   3   0    M    M    M  4.8 12  40   M    M   8 3      16  50
16  77  50  64   M   1   0    M    M    M  6.7 14 190   M    M   1        21 160
17  84  54  69   M   0   4    M    M    M  8.5 20 200   M    M   2 3      28 200
18  82  59  71   M   0   6    M    M    M 10.0 15 200   M    M   1 3      25 200
19  88  59  74   M   0   9    M    M    M 10.2 21 230   M    M   1 3      27 290
20  86  54  70   M   0   5    M    M    M  6.6 14 360   M    M   2 3      22 360
21  82  55  69   M   0   4    M    M    M  8.6 16 340   M    M   4 3      35 100
================================================================================
SM 1709 1117        14  67    M     M    171.4          M       44
================================================================================
AV 81.4 53.2                               8.2 FASTST   M    M   2    MAX(MPH)
                                 MISC ---->  # 28 290               # 37  290
================================================================================
NOTES:
# LAST OF SEVERAL OCCURRENCES

COLUMN 17 PEAK WIND IN M.P.H.

PRELIMINARY LOCAL CLIMATOLOGICAL DATA (WS FORM: F-6) , PAGE 2

                                          STATION:  ELBERT 6W CO
                                          MONTH:    JULY
                                          YEAR:     2017
                                          LATITUDE:   39 13 N
                                          LONGITUDE: 104 38 W

[TEMPERATURE DATA]      [PRECIPITATION DATA]       SYMBOLS USED IN COLUMN 16

AVERAGE MONTHLY: 67.3   TOTAL FOR MONTH:      M    1 = FOG OR MIST
DPTR FM NORMAL:     M   DPTR FM NORMAL:       M    2 = FOG REDUCING VISIBILITY
HIGHEST:    90 ON  6    GRTST 24HR    M  ON   M        TO 1/4 MILE OR LESS
LOWEST:     46 ON  1                               3 = THUNDER
                        SNOW, ICE PELLETS, HAIL    4 = ICE PELLETS
                        TOTAL MONTH:    M          5 = HAIL
                        GRTST 24HR    M  ON   M    6 = FREEZING RAIN OR DRIZZLE
                        GRTST DEPTH:  M  ON   M    7 = DUSTSTORM OR SANDSTORM:
                                                       VSBY 1/2 MILE OR LESS
                                                   8 = SMOKE OR HAZE
[NO. OF DAYS WITH]      [WEATHER - DAYS WITH]      9 = BLOWING SNOW
                                                   X = TORNADO
MAX 32 OR BELOW:   0    0.01 INCH OR MORE:   0
MAX 90 OR ABOVE:   1    0.10 INCH OR MORE:   0
MIN 32 OR BELOW:   0    0.50 INCH OR MORE:   0
MIN  0 OR BELOW:   0    1.00 INCH OR MORE:   0

[HDD (BASE 65) ]
TOTAL THIS MO.    14    CLEAR  (SCALE 0-3)  16
DPTR FM NORMAL     M    PTCLDY (SCALE 4-7)   5
TOTAL FM JUL 1    14    CLOUDY (SCALE 8-10)  0
DPTR FM NORMAL     M

[CDD (BASE 65) ]
TOTAL THIS MO.    67
DPTR FM NORMAL     M    [PRESSURE DATA]
TOTAL FM JAN 1   104    HIGHEST SLP M ON M
DPTR FM NORMAL     M    LOWEST  SLP M ON M

[REMARKS]
