000
CXUS54 KMOB 270237
CF6MOB
PRELIMINARY LOCAL CLIMATOLOGICAL DATA (WS FORM: F-6)

                                          STATION:   MOBILE
                                          MONTH:     MARCH
                                          YEAR:      2015
                                          LATITUDE:   30 40 N
                                          LONGITUDE:  88 15 W

  TEMPERATURE IN F:       :PCPN:    SNOW:  WIND      :SUNSHINE: SKY     :PK WND
================================================================================
1   2   3   4   5  6A  6B    7    8   9   10  11  12  13   14  15   16   17  18
                                     12Z  AVG MX 2MIN
DY MAX MIN AVG DEP HDD CDD  WTR  SNW DPTH SPD SPD DIR MIN PSBL S-S WX    SPD DR
================================================================================

 1  59  48  54  -3  11   0 0.20  0.0    0  8.0 15 120   M    M  10 1      18 110
 2  69  54  62   5   3   0 0.29  0.0    0  5.3 15 140   M    M  10 128    18 150
 3  73  59  66   8   0   1 0.00  0.0    0  8.5 17 140   M    M   9 128    21 150
 4  81  65  73  15   0   8 0.09  0.0    0 10.8 24 190   M    M  10 128    29 170
 5  70  30  50  -8  15   0    T  0.0    0 17.3 31 340   M    M   9 1      39 350
 6  54  26  40 -18  25   0 0.00  0.0    0 13.3 24 360   M    M   3        29 340
 7  67  31  49  -9  16   0 0.00  0.0    0  4.3 12  60   M    M   0        16  70
 8  72  39  56  -3   9   0 0.00  0.0    0  5.1 14 150   M    M   3        21 150
 9  67  57  62   3   3   0 1.18  0.0    0  8.6 24 140   M    M  10 1      29 140
10  76  62  69  10   0   4 0.31  0.0    0  9.5 23 180   M    M  10 18     32 180
11  75  62  69  10   0   4 0.09  0.0    0  4.6 10  50   M    M   9 128    13  40
12  70  65  68   9   0   3 0.08  0.0    0 10.6 20 120   M    M   8 1      24 110
13  68  63  66   6   0   1 1.19  0.0    0 11.5 24 100   M    M   9 1      32 100
14  74  57  66   6   0   1 0.00  0.0    0  6.2 15 170   M    M   4        18 310
15  81  55  68   8   0   3 0.00  0.0    0  3.1 13 190   M    M   4 1      14 210
16  84  53  69   9   0   4 0.00  0.0    0  4.9 15 220   M    M   3 1      20 220
17  85  60  73  13   0   8 0.00  0.0    0  5.8 16 320   M    M   4        24 310
18  85  60  73  12   0   8 0.00  0.0    0  5.0 16 190   M    M   6 18     19 190
19  83  65  74  13   0   9    T  0.0    0  4.0 12 220   M    M   5 18     16 350
20  83  65  74  13   0   9 0.00  0.0    0  5.7 16 210   M    M   5 18     22 230
21  82  64  73  12   0   8 0.11  0.0    0  5.5 14 170   M    M   5 1      17 170
22  81  62  72  11   0   7 0.33  0.0    0  7.9 18 330   M    M   8 138    24 350
23  69  59  64   2   1   0    T  0.0    0  8.9 17 360   M    M  10 18     21 360
24  72  57  65   3   0   0 0.00  0.0    0  6.8 12 130   M    M   9 18     15 120
25  78  61  70   8   0   5 0.00  0.0    0  8.9 17 150   M    M   7 18     23 130
================================================================================
SM 1858 1379        83  83  3.87     0.0 190.1          M      170
================================================================================
AV 74.3 55.2                               7.6 FASTST   M    M   7    MAX(MPH)
                                 MISC ---->  # 31 340               # 39  350
================================================================================
NOTES:
# LAST OF SEVERAL OCCURRENCES

COLUMN 17 PEAK WIND IN M.P.H.

PRELIMINARY LOCAL CLIMATOLOGICAL DATA (WS FORM: F-6) , PAGE 2

                                          STATION:  MOBILE
                                          MONTH:    MARCH
                                          YEAR:     2015
                                          LATITUDE:   30 40 N
                                          LONGITUDE:  88 15 W

[TEMPERATURE DATA]      [PRECIPITATION DATA]       SYMBOLS USED IN COLUMN 16

AVERAGE MONTHLY: 64.7   TOTAL FOR MONTH:   3.87    1 = FOG OR MIST
DPTR FM NORMAL:   5.1   DPTR FM NORMAL:   -1.10    2 = FOG REDUCING VISIBILITY
HIGHEST:    85 ON 18,17 GRTST 24HR  1.19 ON 13-13      TO 1/4 MILE OR LESS
LOWEST:     26 ON  6                               3 = THUNDER
                        SNOW, ICE PELLETS, HAIL    4 = ICE PELLETS
                        TOTAL MONTH:   0.0 INCH    5 = HAIL
                        GRTST 24HR     0.0         6 = FREEZING RAIN OR DRIZZLE
                        GRTST DEPTH:   0           7 = DUSTSTORM OR SANDSTORM:
                                                       VSBY 1/2 MILE OR LESS
                                                   8 = SMOKE OR HAZE
[NO. OF DAYS WITH]      [WEATHER - DAYS WITH]      9 = BLOWING SNOW
                                                   X = TORNADO
MAX 32 OR BELOW:   0    0.01 INCH OR MORE:  10
MAX 90 OR ABOVE:   0    0.10 INCH OR MORE:   7
MIN 32 OR BELOW:   3    0.50 INCH OR MORE:   2
MIN  0 OR BELOW:   0    1.00 INCH OR MORE:   2

[HDD (BASE 65) ]
TOTAL THIS MO.    83    CLEAR  (SCALE 0-3)   4
DPTR FM NORMAL   -81    PTCLDY (SCALE 4-7)   9
TOTAL FM JUL 1  1785    CLOUDY (SCALE 8-10) 12
DPTR FM NORMAL   179

[CDD (BASE 65) ]
TOTAL THIS MO.    83
DPTR FM NORMAL    58    [PRESSURE DATA]
TOTAL FM JAN 1    87    HIGHEST SLP M ON M
DPTR FM NORMAL    46    LOWEST  SLP 29.83 ON 22

[REMARKS]
