520
CXUS51 KPHI 230800
CF6MPO
PRELIMINARY LOCAL CLIMATOLOGICAL DATA (WS FORM: F-6)

                                          STATION:   MOUNT POCONO PA
                                          MONTH:     AUGUST
                                          YEAR:      2017
                                          LATITUDE:   41  8 N
                                          LONGITUDE:  75 24 W

  TEMPERATURE IN F:       :PCPN:    SNOW:  WIND      :SUNSHINE: SKY     :PK WND
================================================================================
1   2   3   4   5  6A  6B    7    8   9   10  11  12  13   14  15   16   17  18
                                     12Z  AVG MX 2MIN
DY MAX MIN AVG DEP HDD CDD  WTR  SNW DPTH SPD SPD DIR MIN PSBL S-S WX    SPD DR
================================================================================

 1  80  55  68   0   0   3    T    M    M  2.9 13 130   M    M   2 3      17 130
 2  78  57  68   0   0   3 1.65    M    M  3.3 32  90   M    M   3 13     47  90
 3  79  56  68   0   0   3 0.00    M    M  4.3 15 170   M    M   2 3      19 170
 4  78  63  71   3   0   6 0.03    M    M  7.1 17 150   M    M   5 123    23 150
 5  68  56  62  -6   3   0 0.42    M    M  9.4 22 280   M    M   6 13     29 270
 6  68  48  58 -10   7   0 0.00    M    M  6.1 15 310   M    M   0        20 320
 7  61  52  57 -11   8   0 0.58    M    M  5.5 15 120   M    M  10 12     19 130
 8  73  53  63  -5   2   0    T    M    M  8.1 15 330   M    M   3        23 320
 9  76  47  62  -6   3   0 0.00    M    M  4.5 12 200   M    M   2        16 290
10  76  51  64  -4   1   0    T    M    M  3.4 14 150   M    M   1        18 140
11  73  55  64  -4   1   0 1.02    M    M  3.8 16 200   M    M   9 13     22 210
12  75  60  68   1   0   3 0.12    M    M  5.8 15 200   M    M   6 12     18 220
13  75  54  65  -2   0   0 0.00    M    M  5.9 16 330   M    M   4 18     23 340
14  70  50  60  -7   5   0 0.00    M    M  3.7  9 160   M    M   2        12 190
15  74  60  67   0   0   2 0.08    M    M  4.1  9 210   M    M   7 1      13 200
16  77  56  67   0   0   2    T    M    M  6.4 14 320   M    M   1 1      19 310
17  78  54  66  -1   0   1 0.00    M    M  5.5 14 160   M    M   3        18 200
18  77  68  73   6   0   8 0.16    M    M  7.3 13 280   M    M   9 13     17 210
19  77  60  69   2   0   4 0.02    M    M  8.4 17 300   M    M   5 3      26 300
20  75  57  66   0   0   1 0.00    M    M  7.8 16 310   M    M  10        22 320
21  79  54  67   1   0   2 0.11    M    M  5.6 14 200   M    M   2 13     18 220
22  82  64  73   7   0   8 0.03    M    M  9.6 21 200   M    M   3 13     29 210
================================================================================
SM 1649 1230        30  46  4.22    M    128.5          M       95
================================================================================
AV 75.0 55.9                               5.8 FASTST   M    M   4    MAX(MPH)
                                 MISC ---->  # 32  90               # 47   90
================================================================================
NOTES:
# LAST OF SEVERAL OCCURRENCES

COLUMN 17 PEAK WIND IN M.P.H.

PRELIMINARY LOCAL CLIMATOLOGICAL DATA (WS FORM: F-6) , PAGE 2

                                          STATION:  MOUNT POCONO PA
                                          MONTH:    AUGUST
                                          YEAR:     2017
                                          LATITUDE:   41  8 N
                                          LONGITUDE:  75 24 W

[TEMPERATURE DATA]      [PRECIPITATION DATA]       SYMBOLS USED IN COLUMN 16

AVERAGE MONTHLY: 65.4   TOTAL FOR MONTH:   4.22    1 = FOG OR MIST
DPTR FM NORMAL:  -1.9   DPTR FM NORMAL:    0.83    2 = FOG REDUCING VISIBILITY
HIGHEST:    82 ON 22    GRTST 24HR  1.65 ON  2- 2      TO 1/4 MILE OR LESS
LOWEST:     47 ON  9                               3 = THUNDER
                        SNOW, ICE PELLETS, HAIL    4 = ICE PELLETS
                        TOTAL MONTH:    M          5 = HAIL
                        GRTST 24HR    M  ON   M    6 = FREEZING RAIN OR DRIZZLE
                        GRTST DEPTH:  M  ON   M    7 = DUSTSTORM OR SANDSTORM:
                                                       VSBY 1/2 MILE OR LESS
                                                   8 = SMOKE OR HAZE
[NO. OF DAYS WITH]      [WEATHER - DAYS WITH]      9 = BLOWING SNOW
                                                   X = TORNADO
MAX 32 OR BELOW:   0    0.01 INCH OR MORE:  11
MAX 90 OR ABOVE:   0    0.10 INCH OR MORE:   7
MIN 32 OR BELOW:   0    0.50 INCH OR MORE:   3
MIN  0 OR BELOW:   0    1.00 INCH OR MORE:   2

[HDD (BASE 65) ]
TOTAL THIS MO.    30    CLEAR  (SCALE 0-3)  11
DPTR FM NORMAL     8    PTCLDY (SCALE 4-7)   7
TOTAL FM JUL 1    42    CLOUDY (SCALE 8-10)  4
DPTR FM NORMAL    -2

[CDD (BASE 65) ]
TOTAL THIS MO.    46
DPTR FM NORMAL   -34    [PRESSURE DATA]
TOTAL FM JAN 1   229    HIGHEST SLP M ON M
DPTR FM NORMAL   -53    LOWEST  SLP 29.78 ON 18

[REMARKS]
