000
CXUS51 KPHI 280800
CF6MPO
PRELIMINARY LOCAL CLIMATOLOGICAL DATA (WS FORM: F-6)

                                          STATION:   MOUNT POCONO PA
                                          MONTH:     AUGUST
                                          YEAR:      2015
                                          LATITUDE:   41  8 N
                                          LONGITUDE:  75 24 W

  TEMPERATURE IN F:       :PCPN:    SNOW:  WIND      :SUNSHINE: SKY     :PK WND
================================================================================
1   2   3   4   5  6A  6B    7    8   9   10  11  12  13   14  15   16   17  18
                                     12Z  AVG MX 2MIN
DY MAX MIN AVG DEP HDD CDD  WTR  SNW DPTH SPD SPD DIR MIN PSBL S-S WX    SPD DR
================================================================================

 1  77  57  67  -1   0   2    T    M    M  7.1 17 340   M    M   3        25 260
 2  79  54  67  -1   0   2 0.00    M    M  6.7 16 210   M    M   2        21 240
 3  82  65  74   6   0   9 0.00    M    M  8.6 21 210   M    M   2 3      26 220
 4  81  57  69   1   0   4 0.00    M    M  8.1 20 270   M    M   2 13     28 280
 5  77  52  65  -3   0   0 0.00    M    M  6.6 16 310   M    M   3        23 310
 6  74  49  62  -6   3   0 0.00    M    M  5.0 13 300   M    M   1 1      17 310
 7  77  56  67  -1   0   2 0.00    M    M  6.3 12  50   M    M   2        17 120
 8  77  50  64  -4   1   0 0.00    M    M  3.0  9  70   M    M   5        13 170
 9  77  55  66  -2   0   1    T    M    M  3.9 12 120   M    M   4        15 140
10  66  58  62  -6   3   0 0.24    M    M  7.0 17 160   M    M   9 1      22 170
11  75  62  69   1   0   4 1.98    M    M  9.1 17 290   M    M   7 13     26 170
12  74  57  66  -1   0   1    T    M    M  8.4 16 280   M    M   4        23 290
13  74  52  63  -4   2   0 0.00    M    M  6.3 13 290   M    M   1        18 310
14  79  50  65  -2   0   0 0.00    M    M  6.1 16 270   M    M   2        20 270
15  84  60  72   5   0   7 0.00    M    M  6.0 14 260   M    M   1 1      18 200
16  85  61  73   6   0   8    T    M    M  3.9 14 280   M    M   2        20 290
17  86  61  74   7   0   9 0.00    M    M  3.4 12 280   M    M   1 1      16 280
18  84  63  74   7   0   9 0.00    M    M  5.3 16 190   M    M   1 1      21 190
19  80  69  75   8   0  10 0.10    M    M  9.1 16 160   M    M   9 128    21 140
20  78  68  73   7   0   8 2.06    M    M 11.5 22 150   M    M  10 128    29 140
21  76  55  66   0   0   1 0.07    M    M  7.6 14 350   M    M   2 1      22 300
22  74  53  64  -2   1   0 0.00    M    M  6.0 15  20   M    M   1        19  40
23  75  50  63  -3   2   0 0.00    M    M  3.3 10 180   M    M   1 1      14 140
24  79  51  65  -1   0   0 0.30    M    M  4.2 14 190   M    M   4 13     18 210
25  75  55  65  -1   0   0 0.39    M    M  5.8 14 260   M    M   1 13     18 260
26  71  50  61  -4   4   0 0.00    M    M  5.1 14 280   M    M   5 1      17 310
27  69  51  60  -5   5   0 0.00    M    M  8.0 17 310   M    M   6        25 310
================================================================================
SM 2085 1521        21  77  5.14    M    171.4          M       91
================================================================================
AV 77.2 56.3                               6.3 FASTST   M    M   3    MAX(MPH)
                                 MISC ---->  # 22 150               # 29  140
================================================================================
NOTES:
# LAST OF SEVERAL OCCURRENCES

COLUMN 17 PEAK WIND IN M.P.H.

PRELIMINARY LOCAL CLIMATOLOGICAL DATA (WS FORM: F-6) , PAGE 2

                                          STATION:  MOUNT POCONO PA
                                          MONTH:    AUGUST
                                          YEAR:     2015
                                          LATITUDE:   41  8 N
                                          LONGITUDE:  75 24 W

[TEMPERATURE DATA]      [PRECIPITATION DATA]       SYMBOLS USED IN COLUMN 16

AVERAGE MONTHLY: 66.8   TOTAL FOR MONTH:   5.14    1 = FOG OR MIST
DPTR FM NORMAL:  -0.3   DPTR FM NORMAL:    1.08    2 = FOG REDUCING VISIBILITY
HIGHEST:    86 ON 17    GRTST 24HR  2.13 ON 20-21      TO 1/4 MILE OR LESS
LOWEST:     49 ON  6                               3 = THUNDER
                        SNOW, ICE PELLETS, HAIL    4 = ICE PELLETS
                        TOTAL MONTH:    M          5 = HAIL
                        GRTST 24HR    M  ON   M    6 = FREEZING RAIN OR DRIZZLE
                        GRTST DEPTH:  M  ON   M    7 = DUSTSTORM OR SANDSTORM:
                                                       VSBY 1/2 MILE OR LESS
                                                   8 = SMOKE OR HAZE
[NO. OF DAYS WITH]      [WEATHER - DAYS WITH]      9 = BLOWING SNOW
                                                   X = TORNADO
MAX 32 OR BELOW:   0    0.01 INCH OR MORE:   7
MAX 90 OR ABOVE:   0    0.10 INCH OR MORE:   6
MIN 32 OR BELOW:   0    0.50 INCH OR MORE:   2
MIN  0 OR BELOW:   0    1.00 INCH OR MORE:   2

[HDD (BASE 65) ]
TOTAL THIS MO.    21    CLEAR  (SCALE 0-3)  17
DPTR FM NORMAL   -10    PTCLDY (SCALE 4-7)   7
TOTAL FM JUL 1    34    CLOUDY (SCALE 8-10)  3
DPTR FM NORMAL   -19

[CDD (BASE 65) ]
TOTAL THIS MO.    77
DPTR FM NORMAL   -13    [PRESSURE DATA]
TOTAL FM JAN 1   328    HIGHEST SLP M ON M
DPTR FM NORMAL    36    LOWEST  SLP 29.74 ON 11

[REMARKS]
