000
CXUS51 KBTV 280700
CF6MPV
PRELIMINARY LOCAL CLIMATOLOGICAL DATA (WS FORM: F-6)

                                          STATION:   MONTPELIER VT
                                          MONTH:     FEBRUARY
                                          YEAR:      2015
                                          LATITUDE:   44 12 N
                                          LONGITUDE:  72 34 W

  TEMPERATURE IN F:       :PCPN:    SNOW:  WIND      :SUNSHINE: SKY     :PK WND
================================================================================
1   2   3   4   5  6A  6B    7    8   9   10  11  12  13   14  15   16   17  18
                                     12Z  AVG MX 2MIN
DY MAX MIN AVG DEP HDD CDD  WTR  SNW DPTH SPD SPD DIR MIN PSBL S-S WX    SPD DR
================================================================================

 1   8  -9   0 -17  65   0    T    M    0  5.7 18 310   M    M   5 189    25 290
 2   4  -6  -1 -18  66   0 0.27    M    0  3.6 16 310   M    M   9 128    22 310
 3  16 -12   2 -16  63   0    T    M    0  5.5 21 300   M    M   2 18     25 290
 4  26   6  16  -2  49   0 0.01    M    0  8.7 16 180   M    M   9 18     20 210
 5  26  -4  11  -7  54   0 0.05    M    0  9.8 21 310   M    M   5 18     30 310
 6  17 -15   1 -17  64   0    T    M    0  4.7 13 220   M    M   7 18     19 220
 7  18   9  14  -4  51   0 0.04    M    0  3.0 12 300   M    M  10 18     17 290
 8  13   5   9  -9  56   0 0.33    M    0  1.2  7  20   M    M  10 12     10 350
 9  16  11  14  -5  51   0 0.13    M    0  1.4  7  50   M    M   9 1       8  50
10  22   0  11  -8  54   0 0.00  0.0    0  2.0  8 320   M    M   8 1      11 310
11  24  -7   9 -10  56   0    T    M    0  2.6 13 170   M    M   0 18     16 170
12  24   2  13  -6  52   0    T    M    0  7.4 21 300   M    M  10 18     29 310
13   2 -14  -6 -25  71   0    T    M    0  8.9 22 300   M    M   4 8      31 310
14  11 -17  -3 -23  68   0 0.06    M    0  3.7 15 160   M    M   8 18     21 170
15   9 -11  -1 -21  66   0 0.04    M    0 14.4 31 300   M    M   8 189    46 300
16   5 -12  -3 -23  68   0 0.00    M    0 15.3 31 310   M    M   2 89     43 300
17  17 -18   0 -20  65   0 0.00    M    0  0.8  7 160   M    M   6 18     10 160
18  25 -11   7 -13  58   0 0.02    M    0  1.9 12 150   M    M   3 1      15 200
19  15  -2   7 -14  58   0 0.06    M    M  9.6 22 310   M    M  10 189    31 310
20   9  -7   1 -20  64   0    T    M    0  8.9 20 310   M    M   6 18     25 260
21  19 -14   3 -18  62   0 0.08    M    0  6.9 21 170   M    M   6 18     27 180
22  27  14  21  -1  44   0    T    M    0  1.2 10 340   M    M  10 18     17 280
23  23 -18   3 -19  62   0    T    M    0 11.1 22 310   M    M   7 18     31 310
24  14 -23  -4 -26  69   0    T    M    0  8.4 21 170   M    M   1 18     29 170
25  24  -1  12 -10  53   0    T    M    0  5.8 21 270   M    M   5 18     30 250
26  12  -2   5 -18  60   0 0.00  0.0    0  3.6 12 310   M    M   4        15 300
27  16  -8   4 -19  61   0 0.00  0.0    0  3.8 16 360   M    M   1 8      21 340
================================================================================
SM  442 -164      1610   0  1.09     0.0 159.9          M      165
================================================================================
AV 16.4 -6.1                               5.9 FASTST   M    M   6    MAX(MPH)
                                 MISC ---->  # 31 300               # 46  300
================================================================================
NOTES:
# LAST OF SEVERAL OCCURRENCES

COLUMN 17 PEAK WIND IN M.P.H.

PRELIMINARY LOCAL CLIMATOLOGICAL DATA (WS FORM: F-6) , PAGE 2

                                          STATION:  MONTPELIER VT
                                          MONTH:    FEBRUARY
                                          YEAR:     2015
                                          LATITUDE:   44 12 N
                                          LONGITUDE:  72 34 W

[TEMPERATURE DATA]      [PRECIPITATION DATA]       SYMBOLS USED IN COLUMN 16

AVERAGE MONTHLY:  5.1   TOTAL FOR MONTH:   1.09    1 = FOG OR MIST
DPTR FM NORMAL: -14.6   DPTR FM NORMAL:   -0.88    2 = FOG REDUCING VISIBILITY
HIGHEST:    27 ON 22    GRTST 24HR  0.34 ON  7- 8      TO 1/4 MILE OR LESS
LOWEST:    -23 ON 24                               3 = THUNDER
                        SNOW, ICE PELLETS, HAIL    4 = ICE PELLETS
                        TOTAL MONTH:   0.0 INCH    5 = HAIL
                        GRTST 24HR     0.0         6 = FREEZING RAIN OR DRIZZLE
                        GRTST DEPTH:   0           7 = DUSTSTORM OR SANDSTORM:
                                                       VSBY 1/2 MILE OR LESS
                                                   8 = SMOKE OR HAZE
[NO. OF DAYS WITH]      [WEATHER - DAYS WITH]      9 = BLOWING SNOW
                                                   X = TORNADO
MAX 32 OR BELOW:  27    0.01 INCH OR MORE:  11
MAX 90 OR ABOVE:   0    0.10 INCH OR MORE:   3
MIN 32 OR BELOW:  27    0.50 INCH OR MORE:   0
MIN  0 OR BELOW:  21    1.00 INCH OR MORE:   0

[HDD (BASE 65) ]
TOTAL THIS MO.  1610    CLEAR  (SCALE 0-3)   6
DPTR FM NORMAL   390    PTCLDY (SCALE 4-7)  11
TOTAL FM JUL 1  6278    CLOUDY (SCALE 8-10) 10
DPTR FM NORMAL   413

[CDD (BASE 65) ]
TOTAL THIS MO.     0
DPTR FM NORMAL     0    [PRESSURE DATA]
TOTAL FM JAN 1     0    HIGHEST SLP M ON M
DPTR FM NORMAL     0    LOWEST  SLP 29.62 ON 15

[REMARKS]
