000
CXUS53 KMPX 271000
CF6MPX
PRELIMINARY LOCAL CLIMATOLOGICAL DATA (WS FORM: F-6)

                                          STATION:   CHANHASSEN MN
                                          MONTH:     JUNE
                                          YEAR:      2017
                                          LATITUDE:   44 50 N
                                          LONGITUDE:  93 34 W

  TEMPERATURE IN F:       :PCPN:    SNOW:  WIND      :SUNSHINE: SKY     :PK WND
================================================================================
1   2   3   4   5  6A  6B    7    8   9   10  11  12  13   14  15   16   17  18
                                     12Z  AVG MX 2MIN
DY MAX MIN AVG DEP HDD CDD  WTR  SNW DPTH SPD SPD DIR MIN PSBL S-S WX    SPD DR
================================================================================

 1  78  42  60  -3   5   0 0.00  0.0    0   M   M   M   M    M   M         M  M
 2  88  50  69   6   0   4 0.00  0.0    0   M   M   M   M    M   M         M  M
 3  87  63  75  11   0  10 0.00  0.0    0   M   M   M   M    M   M         M  M
 4  88  54  71   7   0   6 0.00  0.0    0   M   M   M   M    M   M         M  M
 5  80  57  69   5   0   4 0.00  0.0    0   M   M   M   M    M   M         M  M
 6  80  52  66   1   0   1 0.00  0.0    0   M   M   M   M    M   M         M  M
 7  85  53  69   4   0   4 0.02  0.0    0   M   M   M   M    M   M         M  M
 8  80  63  72   7   0   7 0.00  0.0    0   M   M   M   M    M   M         M  M
 9  84  61  73   7   0   8 0.00  0.0    0   M   M   M   M    M   M         M  M
10  92  70  81  15   0  16 0.00  0.0    0   M   M   M   M    M   M         M  M
11  73  57  65  -1   0   0 1.45    T    0   M   M   M   M    M   M         M  M
12  80  62  71   4   0   6 0.34  0.0    0   M   M   M   M    M   M         M  M
13  88  63  76   9   0  11 0.20  0.0    0   M   M   M   M    M   M         M  M
14  82  63  73   6   0   8 0.03  0.0    0   M   M   M   M    M   M         M  M
15  84  61  73   5   0   8 0.00  0.0    0   M   M   M   M    M   M         M  M
16  84  60  72   4   0   7    T  0.0    0   M   M   M   M    M   M         M  M
17  82  57  70   2   0   5 0.16  0.0    0   M   M   M   M    M   M         M  M
18  70  58  64  -5   1   0 0.01  0.0    0   M   M   M   M    M   M         M  M
19  72  55  64  -5   1   0 0.00  0.0    0   M   M   M   M    M   M         M  M
20  73  55  64  -5   1   0 0.18  0.0    0   M   M   M   M    M   M         M  M
21  78  52  65  -4   0   0 0.00  0.0    0   M   M   M   M    M   M         M  M
22  70  56  63  -7   2   0 0.51  0.0    0   M   M   M   M    M   M         M  M
23  70  52  61  -9   4   0    T  0.0    0   M   M   M   M    M   M         M  M
24  63  51  57 -13   8   0 0.03  0.0    0   M   M   M   M    M   M         M  M
25  66  52  59 -11   6   0 0.01  0.0    0   M   M   M   M    M   M         M  M
26  70  48  59 -12   6   0 0.00  0.0    0   M   M   M   M    M   M         M  M
================================================================================
SM 2047 1467        34 105  2.94    T        M          M        M
================================================================================
AV 78.7 56.4                                 M FASTST   M    M   3    MAX(MPH)
                                 MISC ---->     M   M                  M    M
================================================================================
NOTES:
# LAST OF SEVERAL OCCURRENCES

COLUMN 17 PEAK WIND IN M.P.H.

PRELIMINARY LOCAL CLIMATOLOGICAL DATA (WS FORM: F-6) , PAGE 2

                                          STATION:  CHANHASSEN MN
                                          MONTH:    JUNE
                                          YEAR:     2017
                                          LATITUDE:   44 50 N
                                          LONGITUDE:  93 34 W

[TEMPERATURE DATA]      [PRECIPITATION DATA]       SYMBOLS USED IN COLUMN 16

AVERAGE MONTHLY: 67.6   TOTAL FOR MONTH:   2.94    1 = FOG OR MIST
DPTR FM NORMAL:   0.5   DPTR FM NORMAL:   -0.56    2 = FOG REDUCING VISIBILITY
HIGHEST:    92 ON 10    GRTST 24HR  1.45 ON 11-11      TO 1/4 MILE OR LESS
LOWEST:     42 ON  1                               3 = THUNDER
                        SNOW, ICE PELLETS, HAIL    4 = ICE PELLETS
                        TOTAL MONTH:    T          5 = HAIL
                        GRTST 24HR    T  ON 11-11  6 = FREEZING RAIN OR DRIZZLE
                        GRTST DEPTH:   0           7 = DUSTSTORM OR SANDSTORM:
                                                       VSBY 1/2 MILE OR LESS
                                                   8 = SMOKE OR HAZE
[NO. OF DAYS WITH]      [WEATHER - DAYS WITH]      9 = BLOWING SNOW
                                                   X = TORNADO
MAX 32 OR BELOW:   0    0.01 INCH OR MORE:  11
MAX 90 OR ABOVE:   1    0.10 INCH OR MORE:   6
MIN 32 OR BELOW:   0    0.50 INCH OR MORE:   2
MIN  0 OR BELOW:   0    1.00 INCH OR MORE:   1

[HDD (BASE 65) ]
TOTAL THIS MO.    34    CLEAR  (SCALE 0-3)   0
DPTR FM NORMAL   -15    PTCLDY (SCALE 4-7)   0
TOTAL FM JUL 1  6903    CLOUDY (SCALE 8-10)  0
DPTR FM NORMAL -1011

[CDD (BASE 65) ]
TOTAL THIS MO.   105
DPTR FM NORMAL     4    [PRESSURE DATA]
TOTAL FM JAN 1   118    HIGHEST SLP M ON M
DPTR FM NORMAL   -16    LOWEST  SLP M ON M

[REMARKS]
