000
CXUS53 KMQT 240900
CF6MQT
PRELIMINARY LOCAL CLIMATOLOGICAL DATA (WS FORM: F-6)

                                          STATION:   MARQUETTE MI
                                          MONTH:     JULY
                                          YEAR:      2017
                                          LATITUDE:   46 31 N
                                          LONGITUDE:  87 33 W

  TEMPERATURE IN F:       :PCPN:    SNOW:  WIND      :SUNSHINE: SKY     :PK WND
================================================================================
1   2   3   4   5  6A  6B    7    8   9   10  11  12  13   14  15   16   17  18
                                     12Z  AVG MX 2MIN
DY MAX MIN AVG DEP HDD CDD  WTR  SNW DPTH SPD SPD DIR MIN PSBL S-S WX    SPD DR
================================================================================

 1  69  54  62  -2   3   0 0.17  0.0    0   M   M   M   M    M   M        20 315
 2  71  53  62  -3   3   0 0.43    T    0   M   M   M   M    M   M 35     21 315
 3  71  50  61  -4   4   0 0.00  0.0    0   M   M   M   M    M   M        14 135
 4  80  50  65   0   0   0 0.00  0.0    0   M   M   M   M    M   M        16 135
 5  83  61  72   7   0   7 0.00  0.0    0   M   M   M   M    M   M        20 225
 6  82  61  72   7   0   7 0.03  0.0    0   M   M   M   M    M   M 3      33 270
 7  65  53  59  -6   6   0 0.00  0.0    0   M   M   M   M    M   M        20 315
 8  75  49  62  -3   3   0 0.02  0.0    0   M   M   M   M    M   M        26 315
 9  71  56  64  -2   1   0    T  0.0    0   M   M   M   M    M   M        16 225
10  75  55  65  -1   0   0 0.04  0.0    0   M   M   M   M    M   M 1      12  45
11  77  54  66   0   0   1    T  0.0    0   M   M   M   M    M   M        15  45
12  60  54  57  -9   8   0 0.30  0.0    0   M   M   M   M    M   M 12     16  90
13  57  50  54 -12  11   0 0.28  0.0    0   M   M   M   M    M   M 2      12 360
14  71  50  61  -5   4   0 0.07  0.0    0   M   M   M   M    M   M 1      17 315
15  80  49  65  -1   0   0 0.00  0.0    0   M  20 270   M    M   M         M  M
16  62  43  53 -13  12   0    T  0.0    0   M   M   M   M    M   M        18 360
17  78  40  59  -7   6   0 0.00  0.0    0   M   M   M   M    M   M        19 180
18  84  60  72   6   0   7 0.27  0.0    0   M   M   M   M    M   M 123    24 270
19  80  54  67   1   0   2 0.00  0.0    0   M   M   M   M    M   M        17 315
20  82  55  69   3   0   4 0.00  0.0    0   M   M   M   M    M   M        20 270
21  80  56  68   2   0   3 0.00  0.0    0   M   M   M   M    M   M        12  45
22  80  59  70   4   0   5 0.02  0.0    M   M   M   M   M    M   M        15  45
23  64  49  57  -9   8   0 0.32  0.0    0   M   M   M   M    M   M 13     18 360
================================================================================
SM 1697 1215        69  36  1.95    T        M          M        M
================================================================================
AV 73.8 52.8                                 M FASTST   M    M -nan   MAX(MPH)
                                 MISC ---->  # 20 270               # 33  270
================================================================================
NOTES:
# LAST OF SEVERAL OCCURRENCES

COLUMN 17 PEAK WIND IN M.P.H.

PRELIMINARY LOCAL CLIMATOLOGICAL DATA (WS FORM: F-6) , PAGE 2

                                          STATION:  MARQUETTE MI
                                          MONTH:    JULY
                                          YEAR:     2017
                                          LATITUDE:   46 31 N
                                          LONGITUDE:  87 33 W

[TEMPERATURE DATA]      [PRECIPITATION DATA]       SYMBOLS USED IN COLUMN 16

AVERAGE MONTHLY: 63.3   TOTAL FOR MONTH:   1.95    1 = FOG OR MIST
DPTR FM NORMAL:  -2.3   DPTR FM NORMAL:   -0.13    2 = FOG REDUCING VISIBILITY
HIGHEST:    84 ON 18    GRTST 24HR  0.43 ON  2- 2      TO 1/4 MILE OR LESS
LOWEST:     40 ON 17                               3 = THUNDER
                        SNOW, ICE PELLETS, HAIL    4 = ICE PELLETS
                        TOTAL MONTH:    T          5 = HAIL
                        GRTST 24HR    T  ON  2- 2  6 = FREEZING RAIN OR DRIZZLE
                        GRTST DEPTH:   0           7 = DUSTSTORM OR SANDSTORM:
                                                       VSBY 1/2 MILE OR LESS
                                                   8 = SMOKE OR HAZE
[NO. OF DAYS WITH]      [WEATHER - DAYS WITH]      9 = BLOWING SNOW
                                                   X = TORNADO
MAX 32 OR BELOW:   0    0.01 INCH OR MORE:  11
MAX 90 OR ABOVE:   0    0.10 INCH OR MORE:   6
MIN 32 OR BELOW:   0    0.50 INCH OR MORE:   0
MIN  0 OR BELOW:   0    1.00 INCH OR MORE:   0

[HDD (BASE 65) ]
TOTAL THIS MO.    69    CLEAR  (SCALE 0-3)   0
DPTR FM NORMAL    11    PTCLDY (SCALE 4-7)   0
TOTAL FM JUL 1    69    CLOUDY (SCALE 8-10)  0
DPTR FM NORMAL    11

[CDD (BASE 65) ]
TOTAL THIS MO.    36
DPTR FM NORMAL   -33    [PRESSURE DATA]
TOTAL FM JAN 1    57    HIGHEST SLP M ON M
DPTR FM NORMAL   -72    LOWEST  SLP M ON M

[REMARKS]
