000
CXUS53 KMQT 171000
CF6MQT
PRELIMINARY LOCAL CLIMATOLOGICAL DATA (WS FORM: F-6)

                                          STATION:   MARQUETTE MI
                                          MONTH:     NOVEMBER
                                          YEAR:      2017
                                          LATITUDE:   46 31 N
                                          LONGITUDE:  87 33 W

  TEMPERATURE IN F:       :PCPN:    SNOW:  WIND      :SUNSHINE: SKY     :PK WND
================================================================================
1   2   3   4   5  6A  6B    7    8   9   10  11  12  13   14  15   16   17  18
                                     12Z  AVG MX 2MIN
DY MAX MIN AVG DEP HDD CDD  WTR  SNW DPTH SPD SPD DIR MIN PSBL S-S WX    SPD DR
================================================================================

 1  39  23  31  -6  34   0 0.01  0.1    3   M   M   M   M    M   M        19 180
 2  37  31  34  -2  31   0 0.13  0.2    2   M   M   M   M    M   M 1      17 270
 3  32  29  31  -5  34   0    T    T    1   M   M   M   M    M   M        20 315
 4  37  28  33  -3  32   0 0.12  1.1    1   M   M   M   M    M   M 2      14  90
 5  39  28  34  -1  31   0 0.06    T    0   M   M   M   M    M   M 1      28 315
 6  33  21  27  -8  38   0    T    T    0   M   M   M   M    M   M        22 270
 7  29  21  25  -9  40   0    T    T    0   M   M   M   M    M   M        18 270
 8  29  19  24 -10  41   0    T    T    0   M   M   M   M    M   M        25 270
 9  26   8  17 -16  48   0 0.16  3.8    1   M   M   M   M    M   M        32 315
10  23   8  16 -17  49   0 0.06  1.2    2   M   M   M   M    M   M        17 270
11  26  19  23  -9  42   0 0.24  2.7    3   M   M   M   M    M   M        27 225
12  31  26  29  -3  36   0    T    T    3   M   M   M   M    M   M 6      13 270
13  33  27  30  -2  35   0    T    T    2   M   M   M   M    M   M 6      14 270
14  35  29  32   1  33   0    T  0.0    2   M   M   M   M    M   M 16     23 225
15  37  29  33   2  32   0 0.45  1.5    1   M   M   M   M    M   M 1      31 270
16  29  21  25  -5  40   0 0.12  1.1    1   M   M   M   M    M   M 6      29 270
================================================================================
SM  515  367       596   0  1.35    11.7     M          M        M
================================================================================
AV 32.2 22.9                                 M FASTST   M    M -nan   MAX(MPH)
                                 MISC ---->     M   M               # 32  315
================================================================================
NOTES:
# LAST OF SEVERAL OCCURRENCES

COLUMN 17 PEAK WIND IN M.P.H.

PRELIMINARY LOCAL CLIMATOLOGICAL DATA (WS FORM: F-6) , PAGE 2

                                          STATION:  MARQUETTE MI
                                          MONTH:    NOVEMBER
                                          YEAR:     2017
                                          LATITUDE:   46 31 N
                                          LONGITUDE:  87 33 W

[TEMPERATURE DATA]      [PRECIPITATION DATA]       SYMBOLS USED IN COLUMN 16

AVERAGE MONTHLY: 27.6   TOTAL FOR MONTH:   1.35    1 = FOG OR MIST
DPTR FM NORMAL:  -6.0   DPTR FM NORMAL:   -0.33    2 = FOG REDUCING VISIBILITY
HIGHEST:    39 ON  5, 1 GRTST 24HR  0.45 ON 15-15      TO 1/4 MILE OR LESS
LOWEST:      8 ON 10, 9                            3 = THUNDER
                        SNOW, ICE PELLETS, HAIL    4 = ICE PELLETS
                        TOTAL MONTH:  11.7 INCHES  5 = HAIL
                        GRTST 24HR   3.8 ON  9- 9  6 = FREEZING RAIN OR DRIZZLE
                        GRTST DEPTH:   3 ON 12,11  7 = DUSTSTORM OR SANDSTORM:
                                                       VSBY 1/2 MILE OR LESS
                                                   8 = SMOKE OR HAZE
[NO. OF DAYS WITH]      [WEATHER - DAYS WITH]      9 = BLOWING SNOW
                                                   X = TORNADO
MAX 32 OR BELOW:   8    0.01 INCH OR MORE:   9
MAX 90 OR ABOVE:   0    0.10 INCH OR MORE:   6
MIN 32 OR BELOW:  16    0.50 INCH OR MORE:   0
MIN  0 OR BELOW:   0    1.00 INCH OR MORE:   0

[HDD (BASE 65) ]
TOTAL THIS MO.   596    CLEAR  (SCALE 0-3)   0
DPTR FM NORMAL    91    PTCLDY (SCALE 4-7)   0
TOTAL FM JUL 1  1621    CLOUDY (SCALE 8-10)  0
DPTR FM NORMAL   -45

[CDD (BASE 65) ]
TOTAL THIS MO.     0
DPTR FM NORMAL     0    [PRESSURE DATA]
TOTAL FM JAN 1   145    HIGHEST SLP M ON M
DPTR FM NORMAL   -97    LOWEST  SLP M ON M

[REMARKS]
