000
CXUS51 KLWX 280620
CF6MRB
PRELIMINARY LOCAL CLIMATOLOGICAL DATA (WS FORM: F-6)

                                          STATION:   MARTINSBURG WV
                                          MONTH:     JUNE
                                          YEAR:      2017
                                          LATITUDE:   39 24 N
                                          LONGITUDE:  77 59 W

  TEMPERATURE IN F:       :PCPN:    SNOW:  WIND      :SUNSHINE: SKY     :PK WND
================================================================================
1   2   3   4   5  6A  6B    7    8   9   10  11  12  13   14  15   16   17  18
                                     12Z  AVG MX 2MIN
DY MAX MIN AVG DEP HDD CDD  WTR  SNW DPTH SPD SPD DIR MIN PSBL S-S WX    SPD DR
================================================================================

 1  80  56  68   2   0   3 0.06    M    M  8.5 22 280   M    M   2 8      30 260
 2  81  50  66   0   0   1 0.00    M    M  6.6 22 320   M    M   1        28 300
 3  84  53  69   2   0   4 0.00    M    M  8.4 21 320   M    M   1        25 300
 4  86  51  69   2   0   4 0.00    M    M  3.9 16  10   M    M   1        21 200
 5  74  60  67   0   0   2 0.06    M    M  2.3 10 150   M    M   4 1      14 150
 6  76  56  66  -2   0   1 0.00    M    M  9.0 20 280   M    M   3        27 330
 7  67  51  59  -9   6   0    T    M    M  2.9 13  70   M    M   8 18     18  70
 8  75  47  61  -7   4   0 0.00    M    M  2.3 12  40   M    M   3 12     17  70
 9  80  50  65  -3   0   0 0.00    M    M  6.7 17 260   M    M   1        26 340
10  86  59  73   4   0   8 0.00    M    M  5.3 13 260   M    M   1        17 270
11  91  59  75   6   0  10 0.00    M    M  5.5 20 280   M    M   0        25 230
12  91  61  76   6   0  11 0.00    M    M  4.9 15 260   M    M   1 1      29 240
13  94  65  80  10   0  15    T    M    M  4.0 13 260   M    M   2 8      19 320
14  90  69  80  10   0  15 0.00    M    M  4.6 12 340   M    M   3        23  20
15  84  68  76   6   0  11    T    M    M  5.6 14 140   M    M   7 18     23 160
16  83  70  77   6   0  12    T    M    M  4.7 10 140   M    M   8 1      19 190
17  86  68  77   6   0  12 0.00    M    M  4.3 13 170   M    M   6 1      19 210
18  91  68  80   9   0  15    T    M    M  6.9 18 170   M    M   1 1      24 140
19  87  69  78   6   0  13 0.18    M    M  7.1 24 300   M    M   3 1      33 280
20  86  62  74   2   0   9    T    M    M  9.0 23 280   M    M   3        29 280
21  89  59  74   2   0   9 0.00    M    M  6.9 23 260   M    M   3        30 270
22  88  64  76   4   0  11 0.01    M    M  3.8 14 240   M    M   3 18     21 240
23  89  70  80   8   0  15 0.24    M    M  7.8 17 190   M    M   5 1      28 230
24  84  68  76   3   0  11 0.56    M    M  9.5 18 280   M    M   5 1      27 300
25  83  60  72  -1   0   7 0.00    M    M  9.2 23 260   M    M   2        29 260
26  80  59  70  -3   0   5 0.00    M    M  6.5 18 250   M    M   3        21 250
27  78  54  66  -7   0   1 0.00    M    M  7.7 21 290   M    M   2        29 260
================================================================================
SM 2263 1626        10 205  1.11    M    163.9          M       82
================================================================================
AV 83.8 60.2                               6.1 FASTST   M    M   3    MAX(MPH)
                                 MISC ---->  # 24 300               # 33  280
================================================================================
NOTES:
# LAST OF SEVERAL OCCURRENCES

COLUMN 17 PEAK WIND IN M.P.H.

PRELIMINARY LOCAL CLIMATOLOGICAL DATA (WS FORM: F-6) , PAGE 2

                                          STATION:  MARTINSBURG WV
                                          MONTH:    JUNE
                                          YEAR:     2017
                                          LATITUDE:   39 24 N
                                          LONGITUDE:  77 59 W

[TEMPERATURE DATA]      [PRECIPITATION DATA]       SYMBOLS USED IN COLUMN 16

AVERAGE MONTHLY: 72.0   TOTAL FOR MONTH:   1.11    1 = FOG OR MIST
DPTR FM NORMAL:   2.1   DPTR FM NORMAL:   -2.30    2 = FOG REDUCING VISIBILITY
HIGHEST:    94 ON 13    GRTST 24HR  0.56 ON 24-24      TO 1/4 MILE OR LESS
LOWEST:     47 ON  8                               3 = THUNDER
                        SNOW, ICE PELLETS, HAIL    4 = ICE PELLETS
                        TOTAL MONTH:    M          5 = HAIL
                        GRTST 24HR    M  ON   M    6 = FREEZING RAIN OR DRIZZLE
                        GRTST DEPTH:  M  ON   M    7 = DUSTSTORM OR SANDSTORM:
                                                       VSBY 1/2 MILE OR LESS
                                                   8 = SMOKE OR HAZE
[NO. OF DAYS WITH]      [WEATHER - DAYS WITH]      9 = BLOWING SNOW
                                                   X = TORNADO
MAX 32 OR BELOW:   0    0.01 INCH OR MORE:   6
MAX 90 OR ABOVE:   5    0.10 INCH OR MORE:   3
MIN 32 OR BELOW:   0    0.50 INCH OR MORE:   1
MIN  0 OR BELOW:   0    1.00 INCH OR MORE:   0

[HDD (BASE 65) ]
TOTAL THIS MO.    10    CLEAR  (SCALE 0-3)  17
DPTR FM NORMAL   -12    PTCLDY (SCALE 4-7)   9
TOTAL FM JUL 1  4136    CLOUDY (SCALE 8-10)  1
DPTR FM NORMAL -1111

[CDD (BASE 65) ]
TOTAL THIS MO.   205
DPTR FM NORMAL    49    [PRESSURE DATA]
TOTAL FM JAN 1   312    HIGHEST SLP M ON M
DPTR FM NORMAL    99    LOWEST  SLP 29.57 ON 24

[REMARKS]
