000
CXUS53 KMKX 310900
CF6MSN
PRELIMINARY LOCAL CLIMATOLOGICAL DATA (WS FORM: F-6)

                                          STATION:   MADISON WI
                                          MONTH:     AUGUST
                                          YEAR:      2015
                                          LATITUDE:   43  7 N
                                          LONGITUDE:  89 20 W

  TEMPERATURE IN F:       :PCPN:    SNOW:  WIND      :SUNSHINE: SKY     :PK WND
================================================================================
1   2   3   4   5  6A  6B    7    8   9   10  11  12  13   14  15   16   17  18
                                     12Z  AVG MX 2MIN
DY MAX MIN AVG DEP HDD CDD  WTR  SNW DPTH SPD SPD DIR MIN PSBL S-S WX    SPD DR
================================================================================

 1  86  61  74   3   0   9 0.00  0.0    0  4.6 12 290   M    M   3        16 270
 2  90  70  80   9   0  15 0.00  0.0    0  9.1 18 220   M    M   4        28 210
 3  80  61  71   1   0   6 0.00  0.0    0  6.1 17 310   M    M   2        25 290
 4  79  56  68  -2   0   3 0.00  0.0    0  4.0 14 320   M    M   5        20 320
 5  82  53  68  -2   0   3 0.00  0.0    0  3.0 18 100   M    M   5        20 100
 6  81  55  68  -2   0   3 0.00  0.0    0  4.6 12 160   M    M   6        14 150
 7  78  65  72   2   0   7 0.36  0.0    0  8.3 25 190   M    M   7 138    33 190
 8  72  61  67  -3   0   2    T  0.0    0  4.1 12  10   M    M   7 1      14  10
 9  81  64  73   3   0   8    T  0.0    0  3.0  9 130   M    M   8 18     16 110
10  83  64  74   4   0   9 0.01  0.0    0  5.7 17 360   M    M   5 8      27  40
11  81  58  70   0   0   5 0.00  0.0    0  5.2 15  10   M    M   2        20  30
12  82  55  69  -1   0   4 0.00  0.0    0  2.2  8 230   M    M   2        12 350
13  84  67  76   6   0  11 0.00  0.0    0  6.3 14 230   M    M   5        22 220
14  92  70  81  11   0  16 0.00  0.0    0  3.7 15  90   M    M   5        19  70
15  91  68  80  10   0  15 0.00  0.0    0  4.2 12 180   M    M   4        17 230
16  88  73  81  11   0  16 0.00  0.0    0  6.6 14 190   M    M   5        20 190
17  86  67  77   8   0  12 0.34  0.0    0  4.3 20 330   M    M   6 13     26 300
18  80  65  73   4   0   8 1.52  0.0    0  6.2 17 140   M    M   8 13     30 120
19  70  60  65  -4   0   0 0.01  0.0    0 11.3 23 190   M    M  10        29 220
20  71  52  62  -7   3   0 0.02  0.0    0  6.3 16 270   M    M   6 1      27 270
21  81  50  66  -3   0   1 0.00  0.0    0  7.5 18 190   M    M   3        24 190
22  80  63  72   3   0   7 0.00  0.0    0 13.8 26 170   M    M   2        32 180
23  71  59  65  -3   0   0 0.04  0.0    0  8.3 18 160   M    M   7 1      28 290
24  66  54  60  -8   5   0 0.00  0.0    0  9.2 20 300   M    M   6        30 300
25  68  55  62  -6   3   0 0.00  0.0    0  7.2 13 350   M    M   9        27 160
26  71  56  64  -4   1   0 0.00  0.0    0  4.2  9  10   M    M   7        12  20
27  75  50  63  -5   2   0 0.00  0.0    0  5.1 15 160   M    M   4 1      18 160
28  67  59  63  -5   2   0 0.93  0.0    0  6.1 15 110   M    M   8 18     18 110
29  69  60  65  -2   0   0 0.87  0.0    0  4.4 12 110   M    M  10 1      14 110
30  74  61  68   1   0   3 0.00  0.0    0  2.7 10 180   M    M   7 1      14 220
================================================================================
SM 2359 1812        16 163  4.10     0.0 177.3          M      168
================================================================================
AV 78.6 60.4                               5.9 FASTST   M    M   6    MAX(MPH)
                                 MISC ---->  # 26 170               # 33  190
================================================================================
NOTES:
# LAST OF SEVERAL OCCURRENCES

COLUMN 17 PEAK WIND IN M.P.H.

PRELIMINARY LOCAL CLIMATOLOGICAL DATA (WS FORM: F-6) , PAGE 2

                                          STATION:  MADISON WI
                                          MONTH:    AUGUST
                                          YEAR:     2015
                                          LATITUDE:   43  7 N
                                          LONGITUDE:  89 20 W

[TEMPERATURE DATA]      [PRECIPITATION DATA]       SYMBOLS USED IN COLUMN 16

AVERAGE MONTHLY: 69.5   TOTAL FOR MONTH:   4.10    1 = FOG OR MIST
DPTR FM NORMAL:   0.2   DPTR FM NORMAL:   -0.04    2 = FOG REDUCING VISIBILITY
HIGHEST:    92 ON 14    GRTST 24HR  1.80 ON 28-29      TO 1/4 MILE OR LESS
LOWEST:     50 ON 27,21                            3 = THUNDER
                        SNOW, ICE PELLETS, HAIL    4 = ICE PELLETS
                        TOTAL MONTH:   0.0 INCH    5 = HAIL
                        GRTST 24HR     0.0         6 = FREEZING RAIN OR DRIZZLE
                        GRTST DEPTH:   0           7 = DUSTSTORM OR SANDSTORM:
                                                       VSBY 1/2 MILE OR LESS
                                                   8 = SMOKE OR HAZE
[NO. OF DAYS WITH]      [WEATHER - DAYS WITH]      9 = BLOWING SNOW
                                                   X = TORNADO
MAX 32 OR BELOW:   0    0.01 INCH OR MORE:   9
MAX 90 OR ABOVE:   3    0.10 INCH OR MORE:   5
MIN 32 OR BELOW:   0    0.50 INCH OR MORE:   3
MIN  0 OR BELOW:   0    1.00 INCH OR MORE:   1

[HDD (BASE 65) ]
TOTAL THIS MO.    16    CLEAR  (SCALE 0-3)   6
DPTR FM NORMAL   -12    PTCLDY (SCALE 4-7)  20
TOTAL FM JUL 1    32    CLOUDY (SCALE 8-10)  4
DPTR FM NORMAL    -6

[CDD (BASE 65) ]
TOTAL THIS MO.   163
DPTR FM NORMAL     8    [PRESSURE DATA]
TOTAL FM JAN 1   524    HIGHEST SLP M ON M
DPTR FM NORMAL    13    LOWEST  SLP 29.52 ON 19

[REMARKS]
