000
CXUS51 KBTV 270700
CF6MSS
PRELIMINARY LOCAL CLIMATOLOGICAL DATA (WS FORM: F-6)

                                          STATION:   MASSENA NY
                                          MONTH:     JULY
                                          YEAR:      2015
                                          LATITUDE:   44 55 N
                                          LONGITUDE:  74 51 W

  TEMPERATURE IN F:       :PCPN:    SNOW:  WIND      :SUNSHINE: SKY     :PK WND
================================================================================
1   2   3   4   5  6A  6B    7    8   9   10  11  12  13   14  15   16   17  18
                                     12Z  AVG MX 2MIN
DY MAX MIN AVG DEP HDD CDD  WTR  SNW DPTH SPD SPD DIR MIN PSBL S-S WX    SPD DR
================================================================================

 1  73  58  66  -2   0   1 0.39  0.0    0  9.8 18 290   M    M   9 13     25 210
 2  72  51  62  -6   3   0 0.00  0.0    0  9.0 17 260   M    M   1        22 280
 3  76  50  63  -5   2   0 0.00  0.0    0  5.6 13 210   M    M   1        19 250
 4  77  50  64  -4   1   0 0.00  0.0    0  2.1  9 270   M    M   2 1      14 260
 5  81  59  70   1   0   5 0.00  0.0    0  5.9 14 270   M    M   2 1      18 270
 6  84  55  70   1   0   5 0.00  0.0    0  2.4 13 220   M    M   1 18     21 210
 7  87  62  75   6   0  10 0.25  0.0    0  9.6 20 210   M    M   4 18     28 220
 8  74  56  65  -4   0   0 0.32  0.0    0  5.1 20 310   M    M   3 1      25 330
 9  72  54  63  -6   2   0 0.00  0.0    0  1.1  8 210   M    M   2 12      9 290
10  82  54  68  -1   0   3 0.00  0.0    0  6.0 13 280   M    M   1 1      16 320
11  84  57  71   2   0   6 0.00  0.0    0 10.2 22 220   M    M   0        28 210
12  85  63  74   5   0   9    T  0.0    0  7.2 14 220   M    M   1        17 270
13  86  60  73   4   0   8 0.11  0.0    0  3.2 26 210   M    M   1 138    36 220
14  81  60  71   2   0   6 1.18  0.0    0  5.1 22 200   M    M   6 138    28 200
15  71  49  60  -9   5   0 0.01    M    0  6.9 16 340   M    M   4 1      23 340
16  73  45  59 -10   6   0 0.00  0.0    0  1.7 10 360   M    M   0 1      12  10
17  77  47  62  -7   3   0 0.14    M    0  3.7 14 190   M    M   4 1      18 190
18  82  65  74   5   0   9 0.11  0.0    0  4.7 17 250   M    M   7 18     22 240
19  87  69  78   9   0  13 0.04  0.0    0  8.6 23 220   M    M   4 13     30 220
20  83  66  75   6   0  10 0.00  0.0    0  8.8 20 230   M    M   1        24 220
21  80  57  69   0   0   4 0.43  0.0    0  8.3 21 230   M    M   4 13     27 240
22  75  55  65  -4   0   0 0.04  0.0    0  5.0 17 290   M    M   7 1      23 300
23  77  60  69   0   0   4 0.00  0.0    0  5.8 15 300   M    M   7        19 330
24  78  58  68  -1   0   3    T  0.0    0  2.4  9 270   M    M   5        12 310
25  81  54  68  -1   0   3 0.07  0.0    0  4.9 14 190   M    M   3 1      18 200
26  83  62  73   4   0   8 0.02  0.0    0  4.1 12 290   M    M   6 12     15 210
================================================================================
SM 2061 1476        22 107  3.11     0.0 147.2          M       86
================================================================================
AV 79.3 56.8                               5.7 FASTST   M    M   3    MAX(MPH)
                                 MISC ---->  # 26 210               # 36  220
================================================================================
NOTES:
# LAST OF SEVERAL OCCURRENCES

COLUMN 17 PEAK WIND IN M.P.H.

PRELIMINARY LOCAL CLIMATOLOGICAL DATA (WS FORM: F-6) , PAGE 2

                                          STATION:  MASSENA NY
                                          MONTH:    JULY
                                          YEAR:     2015
                                          LATITUDE:   44 55 N
                                          LONGITUDE:  74 51 W

[TEMPERATURE DATA]      [PRECIPITATION DATA]       SYMBOLS USED IN COLUMN 16

AVERAGE MONTHLY: 68.0   TOTAL FOR MONTH:   3.11    1 = FOG OR MIST
DPTR FM NORMAL:  -0.8   DPTR FM NORMAL:    0.13    2 = FOG REDUCING VISIBILITY
HIGHEST:    87 ON 19, 7 GRTST 24HR  1.19 ON 14-15      TO 1/4 MILE OR LESS
LOWEST:     45 ON 16                               3 = THUNDER
                        SNOW, ICE PELLETS, HAIL    4 = ICE PELLETS
                        TOTAL MONTH:   0.0 INCH    5 = HAIL
                        GRTST 24HR     0.0         6 = FREEZING RAIN OR DRIZZLE
                        GRTST DEPTH:   0           7 = DUSTSTORM OR SANDSTORM:
                                                       VSBY 1/2 MILE OR LESS
                                                   8 = SMOKE OR HAZE
[NO. OF DAYS WITH]      [WEATHER - DAYS WITH]      9 = BLOWING SNOW
                                                   X = TORNADO
MAX 32 OR BELOW:   0    0.01 INCH OR MORE:  13
MAX 90 OR ABOVE:   0    0.10 INCH OR MORE:   8
MIN 32 OR BELOW:   0    0.50 INCH OR MORE:   1
MIN  0 OR BELOW:   0    1.00 INCH OR MORE:   1

[HDD (BASE 65) ]
TOTAL THIS MO.    22    CLEAR  (SCALE 0-3)  14
DPTR FM NORMAL    -4    PTCLDY (SCALE 4-7)  11
TOTAL FM JUL 1    22    CLOUDY (SCALE 8-10)  1
DPTR FM NORMAL    -4

[CDD (BASE 65) ]
TOTAL THIS MO.   107
DPTR FM NORMAL   -20    [PRESSURE DATA]
TOTAL FM JAN 1   199    HIGHEST SLP M ON M
DPTR FM NORMAL   -17    LOWEST  SLP 29.55 ON 21

[REMARKS]
