712
CXUS53 KGRB 280711
CF6MTW
PRELIMINARY LOCAL CLIMATOLOGICAL DATA (WS FORM: F-6)

                                          STATION:   MANITOWOC AWOS
                                          MONTH:     APRIL
                                          YEAR:      2016
                                          LATITUDE:   44  7 N
                                          LONGITUDE:  87 40 W

  TEMPERATURE IN F:       :PCPN:    SNOW:  WIND      :SUNSHINE: SKY     :PK WND
================================================================================
1   2   3   4   5  6A  6B    7    8   9   10  11  12  13   14  15   16   17  18
                                     12Z  AVG MX 2MIN
DY MAX MIN AVG DEP HDD CDD  WTR  SNW DPTH SPD SPD DIR MIN PSBL S-S WX    SPD DR
================================================================================

 1  49  30  40   M  25   0 0.06    M    0 10.0 18 260   M    M   5        32 300
 2  36  20  28   M  37   0 0.02    M    0 11.6 22 330   M    M   7 12     33 330
 3  39  20  30   M  35   0    T    M    0 14.0 23 170   M    M   9        32 160
 4  32  22  27   M  38   0    T    M    0  9.9 12  30   M    M   8        27 360
 5  38  19  29   M  36   0 0.05    M    0 13.6 24 170   M    M   5 1      38 170
 6  43  34  39   M  26   0 0.24    M    0  9.4 14 340   M    M  10 1      22 340
 7  40  29  35   M  30   0    T    M    0 11.5 23 350   M    M   8        31 350
 8  33  23  28   M  37   0 0.07    M    0  9.0 20 360   M    M   9 12     35 360
 9  34  19  27   M  38   0 0.00  0.0    0 11.8 16 170   M    M   4        22 330
10  45  31  38   M  27   0    T    M    0 17.7 29 170   M    M   9        40 180
11  45  34  40   M  25   0 0.00  0.0    0 13.9 24 300   M    M   6        37 290
12  39  27  33   M  32   0 0.00  0.0    0  9.7 15 150   M    M   3        21 160
13  40  33  37   M  28   0 0.28    M    0  9.5 14 100   M    M   9 1      21 140
14  53  35  44   M  21   0 0.00  0.0    0 10.9 23 180   M    M   1        36 180
15  58  33  46   M  19   0 0.00  0.0    0  6.3 14 150   M    M   0         M  M
16  70  35  53   M  12   0 0.00  0.0    0  5.0 14 110   M    M   0        21 110
17  66  38  52   M  13   0 0.00  0.0    0  6.0 18 110   M    M   0 1      22 110
18  73  40  57   M   8   0 0.00  0.0    0  7.1 16  30   M    M   0 8      24  30
19  48  40  44   M  21   0 0.01    M    0  8.4 15  20   M    M   8        24  20
20  60  44  52   M  13   0 0.01    M    0 10.4 18 110   M    M   6        25 100
21  61  45  53   M  12   0 0.12    M    0  3.5  8  10   M    M   7 12      M  M
22  50  37  44   M  21   0 0.00  0.0    0 13.2 18 360   M    M   7        30  20
23  47  33  40   M  25   0 0.00  0.0    0  6.1 10 120   M    M   0        17  10
24  47  37  42   M  23   0 0.23    M    0  3.8 12  30   M    M   6 1      22  30
25  55  41  48   M  17   0 0.08    M    0 13.6 17  10   M    M   6 13     29  10
26  44  36  40   M  25   0    T    M    0 11.1 18 360   M    M   7 1      29  30
27  47  36  42   M  23   0 0.00  0.0    0 11.2 21  30   M    M   1        30  30
================================================================================
SM 1292  871       667   0  1.17     0.0 268.2          M      141
================================================================================
AV 47.9 32.3                               9.9 FASTST   M    M   5    MAX(MPH)
                                 MISC ---->    29   M                 40    M
================================================================================
NOTES:
# LAST OF SEVERAL OCCURRENCES

COLUMN 17 PEAK WIND IN M.P.H.

PRELIMINARY LOCAL CLIMATOLOGICAL DATA (WS FORM: F-6) , PAGE 2

                                          STATION:  MANITOWOC AWOS
                                          MONTH:    APRIL
                                          YEAR:     2016
                                          LATITUDE:   44  7 N
                                          LONGITUDE:  87 40 W

[TEMPERATURE DATA]      [PRECIPITATION DATA]       SYMBOLS USED IN COLUMN 16

AVERAGE MONTHLY: 40.1   TOTAL FOR MONTH:   1.17    1 = FOG OR MIST
DPTR FM NORMAL:     M   DPTR FM NORMAL:       M    2 = FOG REDUCING VISIBILITY
HIGHEST:    73 ON 18    GRTST 24HR  0.28 ON 13-13      TO 1/4 MILE OR LESS
LOWEST:     19 ON  9, 5                            3 = THUNDER
                        SNOW, ICE PELLETS, HAIL    4 = ICE PELLETS
                        TOTAL MONTH:   0.0 INCH    5 = HAIL
                        GRTST 24HR     0.0         6 = FREEZING RAIN OR DRIZZLE
                        GRTST DEPTH:   0           7 = DUSTSTORM OR SANDSTORM:
                                                       VSBY 1/2 MILE OR LESS
                                                   8 = SMOKE OR HAZE
[NO. OF DAYS WITH]      [WEATHER - DAYS WITH]      9 = BLOWING SNOW
                                                   X = TORNADO
MAX 32 OR BELOW:   1    0.01 INCH OR MORE:  11
MAX 90 OR ABOVE:   0    0.10 INCH OR MORE:   4
MIN 32 OR BELOW:  10    0.50 INCH OR MORE:   0
MIN  0 OR BELOW:   0    1.00 INCH OR MORE:   0

[HDD (BASE 65) ]
TOTAL THIS MO.   667    CLEAR  (SCALE 0-3)   7
DPTR FM NORMAL     M    PTCLDY (SCALE 4-7)  14
TOTAL FM JUL 1  6074    CLOUDY (SCALE 8-10)  6
DPTR FM NORMAL  4279

[CDD (BASE 65) ]
TOTAL THIS MO.     0
DPTR FM NORMAL     M    [PRESSURE DATA]
TOTAL FM JAN 1     0    HIGHEST SLP M ON M
DPTR FM NORMAL     0    LOWEST  SLP M ON M

[REMARKS]
