000
CXUS53 KGRB 230726
CF6MTW
PRELIMINARY LOCAL CLIMATOLOGICAL DATA (WS FORM: F-6)

                                          STATION:   MANITOWOC AWOS
                                          MONTH:     MAY
                                          YEAR:      2017
                                          LATITUDE:   44  7 N
                                          LONGITUDE:  87 40 W

  TEMPERATURE IN F:       :PCPN:    SNOW:  WIND      :SUNSHINE: SKY     :PK WND
================================================================================
1   2   3   4   5  6A  6B    7    8   9   10  11  12  13   14  15   16   17  18
                                     12Z  AVG MX 2MIN
DY MAX MIN AVG DEP HDD CDD  WTR  SNW DPTH SPD SPD DIR MIN PSBL S-S WX    SPD DR
================================================================================

 1  55  38  47   M  18   0 0.53    M    0 10.8 20 230   M    M   7        24 230
 2  48  40  44   M  21   0 0.00  0.0    0 11.8 18 350   M    M   9        25 290
 3  55  34  45   M  20   0 0.00  0.0    0  7.6 14 190   M    M   0         M  M
 4  60  34  47   M  18   0 0.00  0.0    0  4.0  9  10   M    M   2         M  M
 5  55  39  47   M  18   0 0.00  0.0    0  8.7 14 360   M    M   3 8      22  10
 6  59  40  50   M  15   0 0.00  0.0    0 11.6 24 340   M    M   2        31 340
 7  51  32  42   M  23   0 0.00  0.0    0  9.3 17 330   M    M   0        21 350
 8  48  28  38   M  27   0 0.00  0.0    0  4.7 12 120   M    M   0 8       M  M
 9  50  33  42   M  23   0 0.00  0.0    0  4.8 10 170   M    M   5         M  M
10  57  44  51   M  14   0 0.04    M    0  5.9 13 160   M    M   6         M  M
11  60  43  52   M  13   0 0.00  0.0    0  3.7 10 120   M    M   7         M  M
12  62  46  54   M  11   0 0.00  0.0    0  4.9 14 120   M    M   4         M  M
13  73  43  58   M   7   0    T    M    0  4.8 14 300   M    M   2 1      23 300
14  57  45  51   M  14   0 0.00  0.0    0  6.4 13  90   M    M   0         M  M
15  64  42  53   M  12   0 1.32    M    0  7.9 18 180   M    M   3 13     30 170
16  73  50  62   M   3   0 0.04  0.0    0  8.0 20 170   M    M   1 13     22 170
17  80  56  68   M   0   3 0.06  0.0    0  9.8 20 170   M    M   3 38     24 190
18  70  41  56   M   9   0 0.01    M    0 13.9 23 300   M    M   8        37 260
19  48  38  43   M  22   0 0.00  0.0    0 11.3 20  30   M    M   2        30  30
20  52  44  48   M  17   0 0.19    M    0  9.3 15  70   M    M   6 1      20  70
21  65  47  56   M   9   0 0.03    M    0 11.4 20 230   M    M   9 12     27 230
22  69  49  59   M   6   0 0.00  0.0    0 12.3 18 230   M    M   5        28 230
================================================================================
SM 1311  906       320   3  2.22     0.0 182.9          M       84
================================================================================
AV 59.6 41.2                               8.3 FASTST   M    M   4    MAX(MPH)
                                 MISC ---->  # 24 340               # 37  260
================================================================================
NOTES:
# LAST OF SEVERAL OCCURRENCES

COLUMN 17 PEAK WIND IN M.P.H.

PRELIMINARY LOCAL CLIMATOLOGICAL DATA (WS FORM: F-6) , PAGE 2

                                          STATION:  MANITOWOC AWOS
                                          MONTH:    MAY
                                          YEAR:     2017
                                          LATITUDE:   44  7 N
                                          LONGITUDE:  87 40 W

[TEMPERATURE DATA]      [PRECIPITATION DATA]       SYMBOLS USED IN COLUMN 16

AVERAGE MONTHLY: 50.4   TOTAL FOR MONTH:   2.22    1 = FOG OR MIST
DPTR FM NORMAL:     M   DPTR FM NORMAL:       M    2 = FOG REDUCING VISIBILITY
HIGHEST:    80 ON 17    GRTST 24HR  1.32 ON 15-15      TO 1/4 MILE OR LESS
LOWEST:     28 ON  8                               3 = THUNDER
                        SNOW, ICE PELLETS, HAIL    4 = ICE PELLETS
                        TOTAL MONTH:   0.0 INCH    5 = HAIL
                        GRTST 24HR     0.0         6 = FREEZING RAIN OR DRIZZLE
                        GRTST DEPTH:   0           7 = DUSTSTORM OR SANDSTORM:
                                                       VSBY 1/2 MILE OR LESS
                                                   8 = SMOKE OR HAZE
[NO. OF DAYS WITH]      [WEATHER - DAYS WITH]      9 = BLOWING SNOW
                                                   X = TORNADO
MAX 32 OR BELOW:   0    0.01 INCH OR MORE:   8
MAX 90 OR ABOVE:   0    0.10 INCH OR MORE:   3
MIN 32 OR BELOW:   2    0.50 INCH OR MORE:   2
MIN  0 OR BELOW:   0    1.00 INCH OR MORE:   1

[HDD (BASE 65) ]
TOTAL THIS MO.   320    CLEAR  (SCALE 0-3)  11
DPTR FM NORMAL     M    PTCLDY (SCALE 4-7)   9
TOTAL FM JUL 1  6411    CLOUDY (SCALE 8-10)  2
DPTR FM NORMAL  4616

[CDD (BASE 65) ]
TOTAL THIS MO.     3
DPTR FM NORMAL     M    [PRESSURE DATA]
TOTAL FM JAN 1     3    HIGHEST SLP M ON M
DPTR FM NORMAL     3    LOWEST  SLP M ON M

[REMARKS]
