000
CXUS54 KLZK 231130
CF6MWT
PRELIMINARY LOCAL CLIMATOLOGICAL DATA (WS FORM: F-6)

                                          STATION:   Mount Ida
                                          MONTH:     OCTOBER
                                          YEAR:      2017
                                          LATITUDE:   34 32 N
                                          LONGITUDE:  93 35 W

  TEMPERATURE IN F:       :PCPN:    SNOW:  WIND      :SUNSHINE: SKY     :PK WND
================================================================================
1   2   3   4   5  6A  6B    7    8   9   10  11  12  13   14  15   16   17  18
                                     12Z  AVG MX 2MIN
DY MAX MIN AVG DEP HDD CDD  WTR  SNW DPTH SPD SPD DIR MIN PSBL S-S WX    SPD DR
================================================================================

 1  88  52  70   4   0   5 0.00  0.0    0  2.2 13 140   M    M   0        17 150
 2  87  69  78  13   0  13    T  0.0    0  7.7 15 140   M    M   5 1      24 130
 3  76  71  74   9   0   9 0.05  0.0    0  3.7 13 140   M    M   8 1      21 130
 4  84  67  76  12   0  11 0.00  0.0    0  1.1  8 140   M    M   3 1      11 130
 5  88  62  75  11   0  10 0.00  0.0    M  1.2  8 100   M    M   0 1      12 130
 6  88  59  74  10   0   9 0.00  0.0    0  3.5 13 140   M    M   0        17 130
 7  86  65  76  12   0  11 0.00  0.0    0  2.3 12 320   M    M   4        22 270
 8  92  61  77  14   0  12 0.00  0.0    0  1.1  9 260   M    M   2 1      13 260
 9  93  60  77  14   0  12 0.00  0.0    0  1.3 10 170   M    M   2        16 170
10  75  51  63   0   2   0    T  0.0    0  4.0  9 320   M    M   4        16 320
11  75  50  63   1   2   0 0.00  0.0    0  2.3  7 310   M    M   4        13 320
12  84  46  65   3   0   0 0.00  0.0    0  0.9  7 120   M    M   0        10  90
13  89  55  72  10   0   7 0.00  0.0    M  2.1  6 240   M    M   0         M  M
14  91  63  77  15   0  12 0.00  0.0    0  1.7  5  99   M    M   1         M  M
15  81  47  64   3   1   0 0.73    M    0  3.7  7  99   M    M   3 1       M  M
16  71  42  57  -4   8   0 0.00  0.0    M  1.6  9 140   M    M   0        15  90
17  74  36  55  -6  10   0 0.00  0.0    M  0.7  7 120   M    M   0        10  50
18  67  39  53  -7  12   0 0.00  0.0    M  0.0  M   M   M    M   0         M  M
19   M   M   M   M   M   M 0.00  0.0    M  0.6  4  90   M    M   0         M  M
20  73  47  60   0   5   0    T    M    M  4.1  6 130   M    M   2         M  M
21   M   M   M   M   M   M 0.01    M    M  4.3 10 150   M    M   9        22 150
22  75  44  60   0   5   0 1.07    M    M  3.1 20 320   M    M   4 1      30 300
================================================================================
SM 1637 1086        45 111  1.86     0.0  53.2          M       51
================================================================================
AV 81.9 54.3                               2.4 FASTST   M    M   2    MAX(MPH)
                                 MISC ---->  # 20 320               # 30  300
================================================================================
NOTES:
# LAST OF SEVERAL OCCURRENCES

COLUMN 17 PEAK WIND IN M.P.H.

PRELIMINARY LOCAL CLIMATOLOGICAL DATA (WS FORM: F-6) , PAGE 2

                                          STATION:  Mount Ida
                                          MONTH:    OCTOBER
                                          YEAR:     2017
                                          LATITUDE:   34 32 N
                                          LONGITUDE:  93 35 W

[TEMPERATURE DATA]      [PRECIPITATION DATA]       SYMBOLS USED IN COLUMN 16

AVERAGE MONTHLY: 68.1   TOTAL FOR MONTH:   1.86    1 = FOG OR MIST
DPTR FM NORMAL:   5.7   DPTR FM NORMAL:   -1.22    2 = FOG REDUCING VISIBILITY
HIGHEST:    93 ON  9    GRTST 24HR  1.07 ON 22-22      TO 1/4 MILE OR LESS
LOWEST:     36 ON 17                               3 = THUNDER
                        SNOW, ICE PELLETS, HAIL    4 = ICE PELLETS
                        TOTAL MONTH:   0.0 INCH    5 = HAIL
                        GRTST 24HR     0.0         6 = FREEZING RAIN OR DRIZZLE
                        GRTST DEPTH:   0           7 = DUSTSTORM OR SANDSTORM:
                                                       VSBY 1/2 MILE OR LESS
                                                   8 = SMOKE OR HAZE
[NO. OF DAYS WITH]      [WEATHER - DAYS WITH]      9 = BLOWING SNOW
                                                   X = TORNADO
MAX 32 OR BELOW:   0    0.01 INCH OR MORE:   4
MAX 90 OR ABOVE:   3    0.10 INCH OR MORE:   2
MIN 32 OR BELOW:   0    0.50 INCH OR MORE:   2
MIN  0 OR BELOW:   0    1.00 INCH OR MORE:   1

[HDD (BASE 65) ]
TOTAL THIS MO.    45    CLEAR  (SCALE 0-3)  14
DPTR FM NORMAL   -55    PTCLDY (SCALE 4-7)   7
TOTAL FM JUL 1    46    CLOUDY (SCALE 8-10)  1
DPTR FM NORMAL   -74

[CDD (BASE 65) ]
TOTAL THIS MO.   111
DPTR FM NORMAL    72    [PRESSURE DATA]
TOTAL FM JAN 1  1936    HIGHEST SLP M ON M
DPTR FM NORMAL   216    LOWEST  SLP 29.58 ON  8

[REMARKS]
ALL SNOWFALL DATA IS FROM THE MT IDA 4 S COOPERATIVE OBSERVER SITE
