000
CXUS54 KLZK 011430
CF6MWT
PRELIMINARY LOCAL CLIMATOLOGICAL DATA (WS FORM: F-6)

                                          STATION:   Mount Ida
                                          MONTH:     FEBRUARY
                                          YEAR:      2015
                                          LATITUDE:   34 32 N
                                          LONGITUDE:  93 35 W

  TEMPERATURE IN F:       :PCPN:    SNOW:  WIND      :SUNSHINE: SKY     :PK WND
================================================================================
1   2   3   4   5  6A  6B    7    8   9   10  11  12  13   14  15   16   17  18
                                     12Z  AVG MX 2MIN
DY MAX MIN AVG DEP HDD CDD  WTR  SNW DPTH SPD SPD DIR MIN PSBL S-S WX    SPD DR
================================================================================

 1  54  28  41  -1  24   0 0.55  0.0    0  8.9 20 320   M    M  10 1      33 310
 2  42  19  31 -11  34   0 0.00  0.0    0  5.0 18 330   M    M   2        31 340
 3  54  21  38  -4  27   0 0.00  0.0    0  1.2  8 210   M    M   0        13 160
 4  56  31  44   2  21   0 0.02  0.0    0  1.5 10 350   M    M   5 1      18  50
 5  45  26  36  -6  29   0 0.00  0.0    0  2.5  8  30   M    M   3        14  40
 6  53  24  39  -3  26   0 0.00  0.0    0  2.4 12 280   M    M   5        20 250
 7  64  44  54  12  11   0 0.00  0.0    0  4.3 12 210   M    M   2        19 210
 8  68  51  60  17   5   0 0.00  0.0    0  5.3 12 230   M    M   5        26 260
 9  70  39  55  12  10   0 0.00  0.0    0  4.1 15 320   M    M   0 1      19 320
10  58  34  46   3  19   0 0.00  0.0    0  2.0  7  80   M    M   2 18     11 100
11  64  32  48   5  17   0 0.00  0.0    0  1.9 13 320   M    M   2 18     20 320
12  50  34  42  -2  23   0 0.00  0.0    0  4.0 10 340   M    M   1        16 310
13  50  29  40  -4  25   0 0.00  0.0    0  2.2  9 140   M    M   0        12 140
14  76  26  51   7  14   0 0.00  0.0    0  2.3 13 270   M    M   0 18     20 280
15  50  27  39  -5  26   0 0.25  0.0    0  6.6 13 130   M    M   4 1      19 110
16   M   M   M   M   M   M 0.18  0.3    T  3.8  5 110   M    M  10 1       M  M
17  38  24  31 -14  34   0 0.03    T    T  1.1 16 340   M    M   3 1      30 360
18  41  22  32 -13  33   0 0.00  0.0    T  4.6 14 310   M    M   2        26 320
19  41  20  31 -14  34   0 0.00  0.0    0  3.4 10 130   M    M   4        15 160
20  36  28  32 -14  33   0 0.25    M    0  3.5  9 120   M    M  10 1      13 130
21  61  34  48   2  17   0 0.74    M    0  2.4 14 330   M    M   6 12     21 340
22  40  30  35 -11  30   0 0.34    M    0  2.5  9  50   M    M   8 1      17  20
23  31  22  27 -19  38   0 0.16    M    0  3.2  9  40   M    M  10 18     17  40
24  42  23  33 -14  32   0 0.00  0.0    0  2.3  8 310   M    M   6        11 310
25  37  28  33 -14  32   0 0.16  1.0    0  0.0  5 360   M    M   6 1       6 340
26  41  24  33 -14  32   0 0.00  0.0    1  5.6 15 340   M    M   4 1      24 350
27  30  20  25 -23  40   0 0.01  1.0    T  3.3 12 120   M    M   5        18  80
28  37  23  30 -18  35   0 0.14  0.5    1  2.2  8 130   M    M  10 1      12 120
================================================================================
SM 1329  763       701   0  2.83     2.8  92.1          M      125
================================================================================
AV 49.2 28.3                               3.3 FASTST   M    M   4    MAX(MPH)
                                 MISC ---->  # 20 320               # 33  310
================================================================================
NOTES:
# LAST OF SEVERAL OCCURRENCES

COLUMN 17 PEAK WIND IN M.P.H.

PRELIMINARY LOCAL CLIMATOLOGICAL DATA (WS FORM: F-6) , PAGE 2

                                          STATION:  Mount Ida
                                          MONTH:    FEBRUARY
                                          YEAR:     2015
                                          LATITUDE:   34 32 N
                                          LONGITUDE:  93 35 W

[TEMPERATURE DATA]      [PRECIPITATION DATA]       SYMBOLS USED IN COLUMN 16

AVERAGE MONTHLY: 38.7   TOTAL FOR MONTH:   2.83    1 = FOG OR MIST
DPTR FM NORMAL:  -5.7   DPTR FM NORMAL:   -1.12    2 = FOG REDUCING VISIBILITY
HIGHEST:    76 ON 14    GRTST 24HR  0.99 ON 20-21      TO 1/4 MILE OR LESS
LOWEST:     19 ON  2                               3 = THUNDER
                        SNOW, ICE PELLETS, HAIL    4 = ICE PELLETS
                        TOTAL MONTH:   2.8 INCHES  5 = HAIL
                        GRTST 24HR   1.0 ON 27-27  6 = FREEZING RAIN OR DRIZZLE
                        GRTST DEPTH:   1 ON 28,26  7 = DUSTSTORM OR SANDSTORM:
                                                       VSBY 1/2 MILE OR LESS
                                                   8 = SMOKE OR HAZE
[NO. OF DAYS WITH]      [WEATHER - DAYS WITH]      9 = BLOWING SNOW
                                                   X = TORNADO
MAX 32 OR BELOW:   2    0.01 INCH OR MORE:  12
MAX 90 OR ABOVE:   0    0.10 INCH OR MORE:   9
MIN 32 OR BELOW:  21    0.50 INCH OR MORE:   2
MIN  0 OR BELOW:   0    1.00 INCH OR MORE:   0

[HDD (BASE 65) ]
TOTAL THIS MO.   701    CLEAR  (SCALE 0-3)  11
DPTR FM NORMAL   121    PTCLDY (SCALE 4-7)  11
TOTAL FM JUL 1  2761    CLOUDY (SCALE 8-10)  6
DPTR FM NORMAL    90

[CDD (BASE 65) ]
TOTAL THIS MO.     0
DPTR FM NORMAL    -2    [PRESSURE DATA]
TOTAL FM JAN 1     0    HIGHEST SLP 30.64 ON 23
DPTR FM NORMAL    -3    LOWEST  SLP 29.71 ON 21

[REMARKS]
ALL SNOWFALL DATA IS FROM THE MT IDA 1 SSE COOPERATIVE OBSERVER SITE
#FINAL-02-15#
