000
CXUS56 KSGX 291545
CF6MYF
PRELIMINARY LOCAL CLIMATOLOGICAL DATA (WS FORM: F-6)

                                          STATION:   SAN DIEGO/MONTGOMERY FLD CA
                                          MONTH:     MAY
                                          YEAR:      2016
                                          LATITUDE:   32 49 N
                                          LONGITUDE: 117  9 W

  TEMPERATURE IN F:       :PCPN:    SNOW:  WIND      :SUNSHINE: SKY     :PK WND
================================================================================
1   2   3   4   5  6A  6B    7    8   9   10  11  12  13   14  15   16   17  18
                                     12Z  AVG MX 2MIN
DY MAX MIN AVG DEP HDD CDD  WTR  SNW DPTH SPD SPD DIR MIN PSBL S-S WX    SPD DR
================================================================================

 1  69  54  62  -1   3   0 0.00  0.0    0  5.7 13 240   M    M   4        18 250
 2  73  55  64   1   1   0 0.00  0.0    0  5.9 14 300   M    M   1        18 270
 3  74  57  66   3   0   1 0.00  0.0    0  5.1 14 230   M    M   3 18     17 230
 4  70  59  65   2   0   0 0.00  0.0    0  5.2 13 220   M    M   8        18 210
 5  67  58  63   0   2   0 0.15  0.0    0  6.6 17 220   M    M  10 1      23 230
 6  67  57  62  -1   3   0 0.35  0.0    0  5.9 15 240   M    M   7 1      20 220
 7  69  55  62  -1   3   0 0.03  0.0    0  5.3 15 250   M    M   6        21 270
 8  69  56  63   0   2   0 0.00  0.0    0  6.1 15 320   M    M   7        19 300
 9  71  58  65   2   0   0 0.01  0.0    0  6.1 15 300   M    M   7 1      21 270
10  72  60  66   3   0   1 0.00  0.0    0  5.2 16 270   M    M   9        20 260
11  72  61  67   4   0   2 0.00  0.0    0  6.4 14 290   M    M   7        25 290
12  72  60  66   2   0   1 0.00  0.0    0  5.7 13 280   M    M   6 18     17 300
13  73  60  67   3   0   2 0.00  0.0    0  4.6 14 220   M    M   5 8      18 240
14  63  60  62  -2   3   0 0.00  0.0    0  5.5 10 240   M    M  10        12 220
15  69  60  65   1   0   0 0.00  0.0    0  7.8 14 220   M    M  10        18 180
16  67  59  63  -1   2   0 0.00  0.0    0  7.1 13 210   M    M   9        17 240
17  65  61  63  -1   2   0    T  0.0    0  5.6 10 240   M    M  10        14 220
18  73  62  68   4   0   3 0.00  0.0    0  6.2 15 300   M    M   8 8      21 310
19  71  60  66   2   0   1 0.00  0.0    0  5.9 13 230   M    M   7 8      18 220
20  67  59  63  -1   2   0 0.00  0.0    0  8.3 16 260   M    M   9 8      23 250
21  67  58  63  -1   2   0 0.00  0.0    0  7.4 15 240   M    M   5        21 240
22  69  54  62  -2   3   0    T  0.0    0  5.8 15 220   M    M   4        22 250
23  67  54  61  -3   4   0 0.00  0.0    0  7.5 17 240   M    M   5 8      21 220
24  69  60  65   1   0   0    T  0.0    0  7.7 15 240   M    M   8        19 230
25  70  57  64   0   1   0 0.03  0.0    0  7.0 18 250   M    M   4        26 240
26  70  57  64   0   1   0    T  0.0    0  6.1 14 230   M    M   8 8      17 220
27  71  60  66   2   0   1 0.00  0.0    0  5.3 13 260   M    M   9 18     19 250
28  70  60  65   1   0   0 0.00  0.0    0  4.7 14 240   M    M  10 18     16 250
================================================================================
SM 1946 1631        34  12  0.57     0.0 171.7          M      196
================================================================================
AV 69.5 58.2                               6.1 FASTST   M    M   7    MAX(MPH)
                                 MISC ---->  # 18 250               # 26  240
================================================================================
NOTES:
# LAST OF SEVERAL OCCURRENCES

COLUMN 17 PEAK WIND IN M.P.H.

PRELIMINARY LOCAL CLIMATOLOGICAL DATA (WS FORM: F-6) , PAGE 2

                                          STATION:  SAN DIEGO/MONTGOMERY FLD CA
                                          MONTH:    MAY
                                          YEAR:     2016
                                          LATITUDE:   32 49 N
                                          LONGITUDE: 117  9 W

[TEMPERATURE DATA]      [PRECIPITATION DATA]       SYMBOLS USED IN COLUMN 16

AVERAGE MONTHLY: 63.9   TOTAL FOR MONTH:   0.57    1 = FOG OR MIST
DPTR FM NORMAL:   0.3   DPTR FM NORMAL:    0.38    2 = FOG REDUCING VISIBILITY
HIGHEST:    74 ON  3    GRTST 24HR  0.50 ON  5- 6      TO 1/4 MILE OR LESS
LOWEST:     54 ON 23,22                            3 = THUNDER
                        SNOW, ICE PELLETS, HAIL    4 = ICE PELLETS
                        TOTAL MONTH:   0.0 INCH    5 = HAIL
                        GRTST 24HR     0.0         6 = FREEZING RAIN OR DRIZZLE
                        GRTST DEPTH:   0           7 = DUSTSTORM OR SANDSTORM:
                                                       VSBY 1/2 MILE OR LESS
                                                   8 = SMOKE OR HAZE
[NO. OF DAYS WITH]      [WEATHER - DAYS WITH]      9 = BLOWING SNOW
                                                   X = TORNADO
MAX 32 OR BELOW:   0    0.01 INCH OR MORE:   5
MAX 90 OR ABOVE:   0    0.10 INCH OR MORE:   2
MIN 32 OR BELOW:   0    0.50 INCH OR MORE:   0
MIN  0 OR BELOW:   0    1.00 INCH OR MORE:   0

[HDD (BASE 65) ]
TOTAL THIS MO.    34    CLEAR  (SCALE 0-3)   1
DPTR FM NORMAL   -33    PTCLDY (SCALE 4-7)  18
TOTAL FM JUL 1   993    CLOUDY (SCALE 8-10)  9
DPTR FM NORMAL  -525

[CDD (BASE 65) ]
TOTAL THIS MO.    12
DPTR FM NORMAL   -16    [PRESSURE DATA]
TOTAL FM JAN 1    99    HIGHEST SLP M ON M
DPTR FM NORMAL    47    LOWEST  SLP 29.81 ON 20

[REMARKS]
