000
CXUS53 KBIS 010733
CF6N60
PRELIMINARY LOCAL CLIMATOLOGICAL DATA (WS FORM: F-6)

                                          STATION:   GARRISON (AMOS) ND
                                          MONTH:     APRIL
                                          YEAR:      2016
                                          LATITUDE:   47 39 N
                                          LONGITUDE: 101 23 W

  TEMPERATURE IN F:       :PCPN:    SNOW:  WIND      :SUNSHINE: SKY     :PK WND
================================================================================
1   2   3   4   5  6A  6B    7    8   9   10  11  12  13   14  15   16   17  18
                                     12Z  AVG MX 2MIN
DY MAX MIN AVG DEP HDD CDD  WTR  SNW DPTH SPD SPD DIR MIN PSBL S-S WX    SPD DR
================================================================================

 1  50  16  33   M  32   0 0.00    M    M 17.6 32 320   M    M   0        39 330
 2  71  22  47   M  18   0 0.00    M    M  8.5 21 310   M    M   0        26 310
 3  54  23  39   M  26   0 0.00    M    M 11.9 24 340   M    M   0        29  30
 4  58  19  39   M  26   0 0.00    M    M  7.8 22 160   M    M   0        28 140
 5  62  35  49   M  16   0 0.01    M    M 17.3 37 330   M    M   0        45 310
 6  54  29  42   M  23   0 0.10    M    M 15.4 49 330   M    M   0        58 330
 7  48  22  35   M  30   0 0.00    M    M 21.1 37 320   M    M   0        42 320
 8  42  15  29   M  36   0 0.00    M    M  9.2 16 140   M    M   0        21 120
 9  70  25  48   M  17   0 0.00    M    M 21.7 36 320   M    M   0        44 320
10  38  18  28   M  37   0 0.00    M    M 22.6 39 310   M    M   0        48 320
11  40  13  27   M  38   0 0.00    M    M  8.3 17 320   M    M   0        20 320
12  59  28  44   M  21   0 0.01    M    M  9.6 18 160   M    M   0        22 130
13  72  26  49   M  16   0 0.00    M    M 10.8 26 150   M    M   0        32 140
14  66  43  55   M  10   0 0.03    M    M 10.7 29  90   M    M   0        37  90
15  56  37  47   M  18   0 0.32    M    M 11.2 22 350   M    M   0        29 140
16  37  33  35   M  30   0 0.89    M    M 12.7 21 350   M    M   0        27  20
17  39  33  36   M  29   0 0.12    M    M  9.6 21  20   M    M   0        28  20
18  44  36  40   M  25   0 0.15    M    M 11.0 20  50   M    M   M        28  50
19  55  43  49   M  16   0 0.12    M    M 10.6 16 100   M    M   M        23  90
20  67  36  52   M  13   0 0.00    M    M  6.0 17 330   M    M   M        21 330
21  55  35  45   M  20   0 0.00    M    M  9.6 20  20   M    M   0        24 330
22  67  31  49   M  16   0 0.00    M    M 15.9 26 130   M    M   0        33 100
23  66  40  53   M  12   0 0.00    M    M 21.5 31  90   M    M   M        39  70
24  45  40  43   M  22   0 0.33    M    M 18.0 29  80   M    M   0        40  60
25  40  34  37   M  28   0 0.58    M    M 10.8 17  70   M    M   0        27  30
26  40  35  38   M  27   0 0.01    M    M  8.7 20  80   M    M   0        25  70
27  52  39  46   M  19   0 0.01    M    M 10.1 25  80   M    M   0        32  70
28  58  37  48   M  17   0 0.00    M    M  9.2 20 100   M    M   0        25 100
29  62  30  46   M  19   0 0.00    M    M 10.0 21  90   M    M   0        28  80
30  62  37  50   M  15   0 0.00    M    M 11.0 23  80   M    M   0        32  90
================================================================================
SM 1629  910       672   0  2.68    M    378.4          M        0
================================================================================
AV 54.3 30.3                              12.6 FASTST   M    M   0    MAX(MPH)
                                 MISC ---->  # 49 330               # 58  330
================================================================================
NOTES:
# LAST OF SEVERAL OCCURRENCES

COLUMN 17 PEAK WIND IN M.P.H.

PRELIMINARY LOCAL CLIMATOLOGICAL DATA (WS FORM: F-6) , PAGE 2

                                          STATION:  GARRISON (AMOS) ND
                                          MONTH:    APRIL
                                          YEAR:     2016
                                          LATITUDE:   47 39 N
                                          LONGITUDE: 101 23 W

[TEMPERATURE DATA]      [PRECIPITATION DATA]       SYMBOLS USED IN COLUMN 16

AVERAGE MONTHLY: 42.3   TOTAL FOR MONTH:   2.68    1 = FOG OR MIST
DPTR FM NORMAL:     M   DPTR FM NORMAL:       M    2 = FOG REDUCING VISIBILITY
HIGHEST:    72 ON 13    GRTST 24HR  0.89 ON 15-16      TO 1/4 MILE OR LESS
LOWEST:     13 ON 11                               3 = THUNDER
                        SNOW, ICE PELLETS, HAIL    4 = ICE PELLETS
                        TOTAL MONTH:    M          5 = HAIL
                        GRTST 24HR    M  ON   M    6 = FREEZING RAIN OR DRIZZLE
                        GRTST DEPTH:  M  ON   M    7 = DUSTSTORM OR SANDSTORM:
                                                       VSBY 1/2 MILE OR LESS
                                                   8 = SMOKE OR HAZE
[NO. OF DAYS WITH]      [WEATHER - DAYS WITH]      9 = BLOWING SNOW
                                                   X = TORNADO
MAX 32 OR BELOW:   0    0.01 INCH OR MORE:  13
MAX 90 OR ABOVE:   0    0.10 INCH OR MORE:   8
MIN 32 OR BELOW:  14    0.50 INCH OR MORE:   2
MIN  0 OR BELOW:   0    1.00 INCH OR MORE:   0

[HDD (BASE 65) ]
TOTAL THIS MO.   672    CLEAR  (SCALE 0-3)  26
DPTR FM NORMAL     M    PTCLDY (SCALE 4-7)   0
TOTAL FM JUL 1  7100    CLOUDY (SCALE 8-10)  0
DPTR FM NORMAL     M

[CDD (BASE 65) ]
TOTAL THIS MO.     0
DPTR FM NORMAL     M    [PRESSURE DATA]
TOTAL FM JAN 1     0    HIGHEST SLP M ON M
DPTR FM NORMAL     M    LOWEST  SLP 29.36 ON  9

[REMARKS]
#FINAL-04-16#
