625
CXUS56 KMTR 261000
CF6NUQ
PRELIMINARY LOCAL CLIMATOLOGICAL DATA (WS FORM: F-6)

                                          STATION:   MOFFETT FIELD
                                          MONTH:     JUNE
                                          YEAR:      2017
                                          LATITUDE:   37 25 N
                                          LONGITUDE: 122  3 W

  TEMPERATURE IN F:       :PCPN:    SNOW:  WIND      :SUNSHINE: SKY     :PK WND
================================================================================
1   2   3   4   5  6A  6B    7    8   9   10  11  12  13   14  15   16   17  18
                                     12Z  AVG MX 2MIN
DY MAX MIN AVG DEP HDD CDD  WTR  SNW DPTH SPD SPD DIR MIN PSBL S-S WX    SPD DR
================================================================================

 1  75  57  66   1   0   1 0.00  0.0    0  8.2 22 350   M    M   4        26 340
 2  78  54  66   1   0   1 0.00  0.0    0  8.0 22 350   M    M   0        26 360
 3  72  56  64  -1   1   0 0.00  0.0    0  9.0 20 350   M    M   2        25 360
 4  74  54  64  -1   1   0 0.00  0.0    0  7.8 20 350   M    M   0        24 360
 5  77  50  64  -1   1   0 0.00  0.0    0  7.9 22 350   M    M   0        25 360
 6  69  54  62  -3   3   0 0.00  0.0    0  7.7 21 350   M    M   1        23 350
 7  71  54  63  -2   2   0 0.00  0.0    0  7.7 20 360   M    M   2        24 340
 8  71  60  66   0   0   1 0.01  0.0    0  6.7 14 350   M    M   8 1      19 140
 9  72  55  64  -2   1   0 0.01  0.0    0  7.8 18 360   M    M   8 1      24 310
10  71  51  61  -5   4   0 0.00  0.0    0  9.7 24 350   M    M   1        28 350
11  66  53  60  -6   5   0 0.00  0.0    0  9.0 22 260   M    M   2        31 260
12  71  51  61  -5   4   0 0.00  0.0    0  6.2 17 270   M    M   4        23 270
13  75  51  63  -3   2   0 0.00  0.0    0  7.5 20 350   M    M   0        23 350
14  79  54  67   1   0   2 0.00  0.0    0  8.0 21 360   M    M   0        23 360
15  79  55  67   1   0   2 0.00  0.0    0  7.3 20 350   M    M   0        24 350
16  83  61  72   5   0   7 0.00  0.0    0  8.3 21 350   M    M   0        23 350
17  86  61  74   7   0   9 0.00  0.0    0  7.8 17 350   M    M   0        20 350
18 100  67  84  17   0  19 0.00  0.0    0  5.8 17 340   M    M   0        22 350
19  86  65  76   9   0  11 0.00  0.0    0  6.5 16 320   M    M   0        20 310
20  82  61  72   5   0   7 0.00  0.0    0  8.1 20 340   M    M   0        23 350
21  84  59  72   5   0   7 0.00  0.0    0  5.8 15 350   M    M   2        19 330
22  89  65  77  10   0  12 0.00  0.0    0  6.3 17 340   M    M   0        21 340
23  78  62  70   3   0   5 0.00  0.0    0  7.7 16 340   M    M   2        21 350
24  75  61  68   1   0   3 0.00  0.0    0  8.3 17 350   M    M   6        21 350
25  70  60  65  -3   0   0 0.00  0.0    0  8.0 18 360   M    M   5        23 350
================================================================================
SM 1933 1431        24  87  0.02     0.0 191.1          M       47
================================================================================
AV 77.3 57.2                               7.6 FASTST   M    M   2    MAX(MPH)
                                 MISC ---->  # 24 350               # 31  260
================================================================================
NOTES:
# LAST OF SEVERAL OCCURRENCES

COLUMN 17 PEAK WIND IN M.P.H.

PRELIMINARY LOCAL CLIMATOLOGICAL DATA (WS FORM: F-6) , PAGE 2

                                          STATION:  MOFFETT FIELD
                                          MONTH:    JUNE
                                          YEAR:     2017
                                          LATITUDE:   37 25 N
                                          LONGITUDE: 122  3 W

[TEMPERATURE DATA]      [PRECIPITATION DATA]       SYMBOLS USED IN COLUMN 16

AVERAGE MONTHLY: 67.3   TOTAL FOR MONTH:   0.02    1 = FOG OR MIST
DPTR FM NORMAL:   1.1   DPTR FM NORMAL:   -0.07    2 = FOG REDUCING VISIBILITY
HIGHEST:   100 ON 18    GRTST 24HR  0.01 ON  9- 9      TO 1/4 MILE OR LESS
LOWEST:     50 ON  5                               3 = THUNDER
                        SNOW, ICE PELLETS, HAIL    4 = ICE PELLETS
                        TOTAL MONTH:   0.0 INCH    5 = HAIL
                        GRTST 24HR     0.0         6 = FREEZING RAIN OR DRIZZLE
                        GRTST DEPTH:   0           7 = DUSTSTORM OR SANDSTORM:
                                                       VSBY 1/2 MILE OR LESS
                                                   8 = SMOKE OR HAZE
[NO. OF DAYS WITH]      [WEATHER - DAYS WITH]      9 = BLOWING SNOW
                                                   X = TORNADO
MAX 32 OR BELOW:   0    0.01 INCH OR MORE:   2
MAX 90 OR ABOVE:   1    0.10 INCH OR MORE:   0
MIN 32 OR BELOW:   0    0.50 INCH OR MORE:   0
MIN  0 OR BELOW:   0    1.00 INCH OR MORE:   0

[HDD (BASE 65) ]
TOTAL THIS MO.    24    CLEAR  (SCALE 0-3)  19
DPTR FM NORMAL    -6    PTCLDY (SCALE 4-7)   5
TOTAL FM JUL 1  2033    CLOUDY (SCALE 8-10)  1
DPTR FM NORMAL  -149

[CDD (BASE 65) ]
TOTAL THIS MO.    87
DPTR FM NORMAL    29    [PRESSURE DATA]
TOTAL FM JAN 1   140    HIGHEST SLP M ON M
DPTR FM NORMAL    34    LOWEST  SLP 29.66 ON 22

[REMARKS]
