000
CXUS53 KOAX 231000
CF6OAX
PRELIMINARY LOCAL CLIMATOLOGICAL DATA (WS FORM: F-6)

                                          STATION:   VALLEY  NWS  NE
                                          MONTH:     JANUARY
                                          YEAR:      2018
                                          LATITUDE:   41 19 N
                                          LONGITUDE:  96 22 W

  TEMPERATURE IN F:       :PCPN:    SNOW:  WIND      :SUNSHINE: SKY     :PK WND
================================================================================
1   2   3   4   5  6A  6B    7    8   9   10  11  12  13   14  15   16   17  18
                                     12Z  AVG MX 2MIN
DY MAX MIN AVG DEP HDD CDD  WTR  SNW DPTH SPD SPD DIR MIN PSBL S-S WX    SPD DR
================================================================================

 1   1 -18  -8 -31  73   0 0.00  0.0    3   M   M   M   M    M   M        12  M
 2  25 -12   7 -16  58   0 0.00  0.0    3   M   M   M   M    M   M        35  M
 3  25   3  14  -9  51   0    T    T    2   M   M   M   M    M   M        43  M
 4  18  -1   9 -14  56   0 0.00  0.0    2   M   M   M   M    M   M        16  M
 5  16  11  14  -9  51   0 0.00  0.0    2   M   M   M   M    M   M        15  M
 6  21   8  15  -8  50   0 0.00  0.0    2   M   M   M   M    M   M        23  M
 7  37  19  28   5  37   0 0.00  0.0    2   M   M   M   M    M   M        17  M
 8  47  18  33  10  32   0 0.00  0.0    1   M   M   M   M    M   M        14  M
 9  47  33  40  17  25   0 0.00  0.0    T   M   M   M   M    M   M        25  M
10  51  34  43  20  22   0    T  0.0    0   M   M   M   M    M   M        21  M
11  34   6  20  -3  45   0 0.04  0.4    T   M   M   M   M    M   M 46     44  M
12  13   0   7 -16  58   0    T    T    T   M   M   M   M    M   M        26  M
13  15   9  12 -11  53   0    T    T    T   M   M   M   M    M   M        17  M
14  33  14  24   1  41   0 0.04  0.7    T   M   M   M   M    M   M        37  M
15  17  -2   8 -15  57   0    T    T    T   M   M   M   M    M   M        36  M
16  13  -3   5 -18  60   0 0.00  0.0    T   M   M   M   M    M   M        30  M
17  31   2  17  -6  48   0 0.00  0.0    0   M   M   M   M    M   M        25  M
18  41  16  29   6  36   0 0.00  0.0    T   M   M   M   M    M   M        22  M
19  51  29  40  17  25   0 0.00  0.0    0   M   M   M   M    M   M        22  M
20  49  24  37  14  28   0 0.00  0.0    0   M   M   M   M    M   M        10  M
21  40  36  38  15  27   0 0.25  0.0    0   M   M   M   M    M   M 1      28  M
22  37  27  32   9  33   0 0.97  6.1    T   M   M   M   M    M   M 14     46  M
================================================================================
SM  662  253       966   0  1.30     7.2     M          M        M
================================================================================
AV 30.1 11.5                                 M FASTST   M    M   6    MAX(MPH)
                                 MISC ---->     M   M                 46    M
================================================================================
NOTES:
# LAST OF SEVERAL OCCURRENCES

COLUMN 17 PEAK WIND IN M.P.H.

PRELIMINARY LOCAL CLIMATOLOGICAL DATA (WS FORM: F-6) , PAGE 2

                                          STATION:  VALLEY  NWS  NE
                                          MONTH:    JANUARY
                                          YEAR:     2018
                                          LATITUDE:   41 19 N
                                          LONGITUDE:  96 22 W

[TEMPERATURE DATA]      [PRECIPITATION DATA]       SYMBOLS USED IN COLUMN 16

AVERAGE MONTHLY: 20.8   TOTAL FOR MONTH:   1.30    1 = FOG OR MIST
DPTR FM NORMAL:  -2.2   DPTR FM NORMAL:    0.79    2 = FOG REDUCING VISIBILITY
HIGHEST:    51 ON 19,10 GRTST 24HR  0.97 ON 22-22      TO 1/4 MILE OR LESS
LOWEST:    -18 ON  1                               3 = THUNDER
                        SNOW, ICE PELLETS, HAIL    4 = ICE PELLETS
                        TOTAL MONTH:   7.2 INCHES  5 = HAIL
                        GRTST 24HR   6.1 ON 22-22  6 = FREEZING RAIN OR DRIZZLE
                        GRTST DEPTH:   3 ON  2, 1  7 = DUSTSTORM OR SANDSTORM:
                                                       VSBY 1/2 MILE OR LESS
                                                   8 = SMOKE OR HAZE
[NO. OF DAYS WITH]      [WEATHER - DAYS WITH]      9 = BLOWING SNOW
                                                   X = TORNADO
MAX 32 OR BELOW:  11    0.01 INCH OR MORE:   4
MAX 90 OR ABOVE:   0    0.10 INCH OR MORE:   2
MIN 32 OR BELOW:  19    0.50 INCH OR MORE:   1
MIN  0 OR BELOW:   6    1.00 INCH OR MORE:   0

[HDD (BASE 65) ]
TOTAL THIS MO.   966    CLEAR  (SCALE 0-3)   0
DPTR FM NORMAL    42    PTCLDY (SCALE 4-7)   0
TOTAL FM JUL 1  3194    CLOUDY (SCALE 8-10)  0
DPTR FM NORMAL  -210

[CDD (BASE 65) ]
TOTAL THIS MO.     0
DPTR FM NORMAL     0    [PRESSURE DATA]
TOTAL FM JAN 1     0    HIGHEST SLP M ON M
DPTR FM NORMAL     0    LOWEST  SLP M ON M

[REMARKS]
