143
CXUS54 KMAF 241100
CF6ODO
PRELIMINARY LOCAL CLIMATOLOGICAL DATA (WS FORM: F-6)

                                          STATION:   Odessa Schleymeyer
                                          MONTH:     SEPTEMBER
                                          YEAR:      2017
                                          LATITUDE:   31 55 N
                                          LONGITUDE: 102 23 W

  TEMPERATURE IN F:       :PCPN:    SNOW:  WIND      :SUNSHINE: SKY     :PK WND
================================================================================
1   2   3   4   5  6A  6B    7    8   9   10  11  12  13   14  15   16   17  18
                                     12Z  AVG MX 2MIN
DY MAX MIN AVG DEP HDD CDD  WTR  SNW DPTH SPD SPD DIR MIN PSBL S-S WX    SPD DR
================================================================================

 1  90  78  84   4   0  19 0.00  0.0    0  6.4 10 170   M    M   0        31 210
 2  95  66  81   1   0  16 0.00  0.0    0  7.6 21 130   M    M   1        25 140
 3  91  65  78  -1   0  13 0.00  0.0    0  7.6 14 150   M    M   0        19 160
 4  93  70  82   3   0  17 0.00  0.0    0  8.3 29 210   M    M   1        31 210
 5  91  66  79   0   0  14 0.00  0.0    0 10.2 23  80   M    M   0        30  70
 6  83  59  71  -8   0   6 0.00  0.0    0  9.3 16  80   M    M   0        21 100
 7  87  61  74  -4   0   9 0.00  0.0    0 12.8 22 170   M    M   0        28 170
 8  86  60  73  -5   0   8 0.00  0.0    0 11.3 20 150   M    M   0        34 200
 9  86  57  72  -6   0   7 0.00  0.0    0 10.4 18 160   M    M   0        32 210
10  86  57  72  -6   0   7 0.00  0.0    0  9.1 15 130   M    M   0        19 160
11  89  59  74  -3   0   9 0.00  0.0    0  5.8 13  60   M    M   0        17  30
12  96  60  78   1   0  13 0.00  0.0    0  4.0 13 320   M    M   0        15 320
13  99  69  84   8   0  19    T  0.0    0  6.9 14 170   M    M   0        18 210
14 102  67  85   9   0  20 0.00  0.0    0  8.3 16 180   M    M   0        20 190
15  95  75  85   9   0  20    T  0.0    0 13.5 31 290   M    M   0 3      38 280
16  94  73  84   8   0  19 0.00  0.0    0 12.1 24 190   M    M   0        32 180
17  95  71  83   8   0  18 0.00  0.0    0 10.4 22 170   M    M   0        26 150
18  96  70  83   8   0  18    T  0.0    0 11.7 21 180   M    M   1 3      27 180
19  98  76  87  12   0  22    T  0.0    0 13.7 30 200   M    M   0 3      36 200
20  99  73  86  12   0  21 0.00  0.0    0 12.1 24 190   M    M   1        29 190
21  97  76  87  13   0  22 0.00  0.0    0 14.1 22 170   M    M   2 38     27 170
22  90  71  81   7   0  16 0.00  0.0    0 16.4 25 160   M    M   2        32 160
23  88  73  81   8   0  16 0.00  0.0    0 20.6 29 150   M    M   6        36 170
================================================================================
SM 2126 1552         0 349    T      0.0 242.6          M       14
================================================================================
AV 92.4 67.5                              10.5 FASTST   M    M   1    MAX(MPH)
                                 MISC ---->  # 31 290               # 38  280
================================================================================
NOTES:
# LAST OF SEVERAL OCCURRENCES

COLUMN 17 PEAK WIND IN M.P.H.

PRELIMINARY LOCAL CLIMATOLOGICAL DATA (WS FORM: F-6) , PAGE 2

                                          STATION:  Odessa Schleymeyer
                                          MONTH:    SEPTEMBER
                                          YEAR:     2017
                                          LATITUDE:   31 55 N
                                          LONGITUDE: 102 23 W

[TEMPERATURE DATA]      [PRECIPITATION DATA]       SYMBOLS USED IN COLUMN 16

AVERAGE MONTHLY: 80.0   TOTAL FOR MONTH:      T    1 = FOG OR MIST
DPTR FM NORMAL:   3.2   DPTR FM NORMAL:   -1.35    2 = FOG REDUCING VISIBILITY
HIGHEST:   102 ON 14    GRTST 24HR    T  ON 19-19      TO 1/4 MILE OR LESS
LOWEST:     57 ON 10, 9                            3 = THUNDER
                        SNOW, ICE PELLETS, HAIL    4 = ICE PELLETS
                        TOTAL MONTH:   0.0 INCH    5 = HAIL
                        GRTST 24HR     0.0         6 = FREEZING RAIN OR DRIZZLE
                        GRTST DEPTH:   0           7 = DUSTSTORM OR SANDSTORM:
                                                       VSBY 1/2 MILE OR LESS
                                                   8 = SMOKE OR HAZE
[NO. OF DAYS WITH]      [WEATHER - DAYS WITH]      9 = BLOWING SNOW
                                                   X = TORNADO
MAX 32 OR BELOW:   0    0.01 INCH OR MORE:   0
MAX 90 OR ABOVE:  16    0.10 INCH OR MORE:   0
MIN 32 OR BELOW:   0    0.50 INCH OR MORE:   0
MIN  0 OR BELOW:   0    1.00 INCH OR MORE:   0

[HDD (BASE 65) ]
TOTAL THIS MO.     0    CLEAR  (SCALE 0-3)  22
DPTR FM NORMAL     0    PTCLDY (SCALE 4-7)   1
TOTAL FM JUL 1     1    CLOUDY (SCALE 8-10)  0
DPTR FM NORMAL     1

[CDD (BASE 65) ]
TOTAL THIS MO.   349
DPTR FM NORMAL    78    [PRESSURE DATA]
TOTAL FM JAN 1  2557    HIGHEST SLP M ON M
DPTR FM NORMAL   261    LOWEST  SLP 29.62 ON M

[REMARKS]
