000
CXUS54 KMAF 291100
CF6ODO
PRELIMINARY LOCAL CLIMATOLOGICAL DATA (WS FORM: F-6)

                                          STATION:   Odessa Schleymeyer
                                          MONTH:     JULY
                                          YEAR:      2015
                                          LATITUDE:   31 55 N
                                          LONGITUDE: 102 23 W

  TEMPERATURE IN F:       :PCPN:    SNOW:  WIND      :SUNSHINE: SKY     :PK WND
================================================================================
1   2   3   4   5  6A  6B    7    8   9   10  11  12  13   14  15   16   17  18
                                     12Z  AVG MX 2MIN
DY MAX MIN AVG DEP HDD CDD  WTR  SNW DPTH SPD SPD DIR MIN PSBL S-S WX    SPD DR
================================================================================

 1  89  69  79  -4   0  14 0.00  0.0    0 12.1 20 150   M    M   1        26 170
 2  91  71  81  -2   0  16 0.00  0.0    0 12.3 20 150   M    M   3        34 140
 3  89  70  80  -3   0  15 0.00  0.0    0  7.8 16 110   M    M   3 8      22 120
 4  90  70  80  -3   0  15 0.00  0.0    0  9.9 18 150   M    M   3 8      32 130
 5  94  72  83   0   0  18 0.00  0.0    0 13.0 25 190   M    M   1 8      30 180
 6  97  75  86   3   0  21    T  0.0    0 14.1 35 240   M    M   2 38     46 240
 7  85  71  78  -5   0  13 0.09  0.0    0 10.4 22  40   M    M   6        27  40
 8  90  68  79  -4   0  14 0.00  0.0    0 11.1 22 170   M    M   7 18     29 170
 9  91  72  82  -1   0  17 0.00  0.0    0 14.1 23 170   M    M   1 8      29 180
10  92  74  83   0   0  18 0.00  0.0    0 13.8 22 170   M    M   2 8      34 190
11  96  74  85   2   0  20 0.00  0.0    0 11.8 21 150   M    M   0        34 250
12  99  70  85   2   0  20 0.00  0.0    0 11.0 20 200   M    M   0        31 170
13 101  70  86   3   0  21 0.00  0.0    0 10.4 20 160   M    M   0        34 240
14 102  69  86   3   0  21 0.00  0.0    0 10.6 18 150   M    M   0        23 150
15  99  71  85   2   0  20 0.00  0.0    0 11.8 20 150   M    M   0        25 130
16 100  74  87   4   0  22 0.00  0.0    0 11.2 23 170   M    M   0        28 170
17 101  74  88   5   0  23 0.00  0.0    0 14.5 23 160   M    M   0        30 160
18 102  72  87   3   0  22 0.00  0.0    0 12.9 22 150   M    M   0        34 140
19 102  75  89   5   0  24 0.00  0.0    0 11.2 24 220   M    M   0        40 220
20 102  77  90   6   0  25 0.00  0.0    0 10.1 22 300   M    M   1 8      36 200
21  97  73  85   1   0  20 0.16  0.0    0  7.0 26  80   M    M   2 3      37 190
22  98  74  86   2   0  21 0.00  0.0    0  9.6 18 170   M    M   1        26 170
23 101  76  89   5   0  24 0.00  0.0    0 12.2 20 140   M    M   1        27 240
24  99  76  88   4   0  23 0.00  0.0    0 12.1 18 170   M    M   0        25 100
25 101  75  88   4   0  23 0.00  0.0    0  9.3 20 130   M    M   0        32 130
26 102  78  90   6   0  25 0.00  0.0    0  9.0 17 190   M    M   1        23 190
27 103  80  92   8   0  27 0.00  0.0    0 12.0 23 150   M    M   0 8      29 180
28 101  78  90   6   0  25 0.00  0.0    0 11.5 21 140   M    M   1        26 140
================================================================================
SM 2714 2048         0 567  0.25     0.0 316.8          M       36
================================================================================
AV 96.9 73.1                              11.3 FASTST   M    M   1    MAX(MPH)
                                 MISC ---->  # 35 240               # 46  240
================================================================================
NOTES:
# LAST OF SEVERAL OCCURRENCES

COLUMN 17 PEAK WIND IN M.P.H.

PRELIMINARY LOCAL CLIMATOLOGICAL DATA (WS FORM: F-6) , PAGE 2

                                          STATION:  Odessa Schleymeyer
                                          MONTH:    JULY
                                          YEAR:     2015
                                          LATITUDE:   31 55 N
                                          LONGITUDE: 102 23 W

[TEMPERATURE DATA]      [PRECIPITATION DATA]       SYMBOLS USED IN COLUMN 16

AVERAGE MONTHLY: 85.0   TOTAL FOR MONTH:   0.25    1 = FOG OR MIST
DPTR FM NORMAL:   1.6   DPTR FM NORMAL:   -1.33    2 = FOG REDUCING VISIBILITY
HIGHEST:   103 ON 27    GRTST 24HR  1.96 ON 30- 1      TO 1/4 MILE OR LESS
LOWEST:     68 ON  8                               3 = THUNDER
                        SNOW, ICE PELLETS, HAIL    4 = ICE PELLETS
                        TOTAL MONTH:   0.0 INCH    5 = HAIL
                        GRTST 24HR     0.0         6 = FREEZING RAIN OR DRIZZLE
                        GRTST DEPTH:   0           7 = DUSTSTORM OR SANDSTORM:
                                                       VSBY 1/2 MILE OR LESS
                                                   8 = SMOKE OR HAZE
[NO. OF DAYS WITH]      [WEATHER - DAYS WITH]      9 = BLOWING SNOW
                                                   X = TORNADO
MAX 32 OR BELOW:   0    0.01 INCH OR MORE:   2
MAX 90 OR ABOVE:  25    0.10 INCH OR MORE:   1
MIN 32 OR BELOW:   0    0.50 INCH OR MORE:   0
MIN  0 OR BELOW:   0    1.00 INCH OR MORE:   0

[HDD (BASE 65) ]
TOTAL THIS MO.     0    CLEAR  (SCALE 0-3)  26
DPTR FM NORMAL     0    PTCLDY (SCALE 4-7)   2
TOTAL FM JUL 1     0    CLOUDY (SCALE 8-10)  0
DPTR FM NORMAL     0

[CDD (BASE 65) ]
TOTAL THIS MO.   567
DPTR FM NORMAL    53    [PRESSURE DATA]
TOTAL FM JAN 1  1352    HIGHEST SLP M ON M
DPTR FM NORMAL   -81    LOWEST  SLP 29.67 ON 14

[REMARKS]
