000
CXUS53 KOAX 230302
CF6OFK
PRELIMINARY LOCAL CLIMATOLOGICAL DATA (WS FORM: F-6)

                                          STATION:   NORFOLK, NEBRASKA
                                          MONTH:     MAY
                                          YEAR:      2017
                                          LATITUDE:   41 58 N
                                          LONGITUDE:  97 26 W

  TEMPERATURE IN F:       :PCPN:    SNOW:  WIND      :SUNSHINE: SKY     :PK WND
================================================================================
1   2   3   4   5  6A  6B    7    8   9   10  11  12  13   14  15   16   17  18
                                     12Z  AVG MX 2MIN
DY MAX MIN AVG DEP HDD CDD  WTR  SNW DPTH SPD SPD DIR MIN PSBL S-S WX    SPD DR
================================================================================

 1  56  32  44 -12  21   0 0.28  1.5    1 13.8 29 310   M    M   5 1      38 310
 2  65  39  52  -4  13   0 0.00  0.0    0  6.5 17 320   M    M   1        21 330
 3  64  42  53  -3  12   0 0.05  0.0    0  6.5 20 360   M    M   8        23 360
 4  70  38  54  -3  11   0 0.00  0.0    0  9.1 22 340   M    M   0        30 330
 5  77  37  57   0   8   0 0.00  0.0    0  6.1 14 330   M    M   0        19 290
 6  79  47  63   6   2   0 0.00  0.0    0  6.5 14 360   M    M   0        16 360
 7  86  50  68  10   0   3 0.00  0.0    0 14.0 25 160   M    M   0        35 160
 8  89  61  75  17   0  10 0.00  0.0    0 13.8 24 330   M    M   0        28 330
 9  75  55  65   7   0   0 0.00  0.0    0 10.7 21  30   M    M   3 3      26  20
10  66  50  58   0   7   0 0.59  0.0    0 10.2 24  30   M    M   8 13     27  30
11  69  43  56  -3   9   0 0.00  0.0    0  9.2 23  20   M    M   2        27  20
12  76  40  58  -1   7   0 0.00  0.0    0  4.4 13 190   M    M   0        14 180
13  80  47  64   4   1   0 0.00  0.0    0 14.5 26 170   M    M   0        35 180
14  84  58  71  11   0   6 0.00  0.0    0  7.2 21 180   M    M   0        25 180
15  82  55  69   9   0   4 0.28  0.0    0  9.5 39 190   M    M   0 3      58 190
16  81  58  70  10   0   5 0.73  0.0    0  8.5 35 190   M    M   4 13     44 200
17  65  51  58  -3   7   0 1.44  0.0    0 13.6 41 200   M    M   8 13     46 200
18  56  50  53  -8  12   0 0.02  0.0    0 15.0 25 340   M    M  10        32 310
19  52  44  48 -13  17   0 0.63  0.0    0 13.4 22  40   M    M  10 1      27  40
20  48  39  44 -18  21   0 0.28  0.0    0 13.1 22 310   M    M   9 1      31 320
21  66  39  53  -9  12   0 0.00  0.0    0 13.4 26 290   M    M   4        33 300
================================================================================
SM 1486  975       160  28  4.30     1.5 219.0          M       72
================================================================================
AV 70.8 46.4                              10.4 FASTST   M    M   3    MAX(MPH)
                                 MISC ---->  # 41 200               # 58  190
================================================================================
NOTES:
# LAST OF SEVERAL OCCURRENCES

COLUMN 17 PEAK WIND IN M.P.H.

PRELIMINARY LOCAL CLIMATOLOGICAL DATA (WS FORM: F-6) , PAGE 2

                                          STATION:  NORFOLK, NEBRASKA
                                          MONTH:    MAY
                                          YEAR:     2017
                                          LATITUDE:   41 58 N
                                          LONGITUDE:  97 26 W

[TEMPERATURE DATA]      [PRECIPITATION DATA]       SYMBOLS USED IN COLUMN 16

AVERAGE MONTHLY: 58.6   TOTAL FOR MONTH:   4.30    1 = FOG OR MIST
DPTR FM NORMAL:  -0.3   DPTR FM NORMAL:    1.74    2 = FOG REDUCING VISIBILITY
HIGHEST:    89 ON  8    GRTST 24HR  1.44 ON 17-17      TO 1/4 MILE OR LESS
LOWEST:     32 ON  1                               3 = THUNDER
                        SNOW, ICE PELLETS, HAIL    4 = ICE PELLETS
                        TOTAL MONTH:   1.5 INCHES  5 = HAIL
                        GRTST 24HR   1.5 ON  1- 1  6 = FREEZING RAIN OR DRIZZLE
                        GRTST DEPTH:   1 ON  1     7 = DUSTSTORM OR SANDSTORM:
                                                       VSBY 1/2 MILE OR LESS
                                                   8 = SMOKE OR HAZE
[NO. OF DAYS WITH]      [WEATHER - DAYS WITH]      9 = BLOWING SNOW
                                                   X = TORNADO
MAX 32 OR BELOW:   0    0.01 INCH OR MORE:   9
MAX 90 OR ABOVE:   0    0.10 INCH OR MORE:   7
MIN 32 OR BELOW:   1    0.50 INCH OR MORE:   4
MIN  0 OR BELOW:   0    1.00 INCH OR MORE:   1

[HDD (BASE 65) ]
TOTAL THIS MO.   160    CLEAR  (SCALE 0-3)  12
DPTR FM NORMAL     7    PTCLDY (SCALE 4-7)   6
TOTAL FM JUL 1  5839    CLOUDY (SCALE 8-10)  3
DPTR FM NORMAL  -737

[CDD (BASE 65) ]
TOTAL THIS MO.    28
DPTR FM NORMAL     2    [PRESSURE DATA]
TOTAL FM JAN 1    28    HIGHEST SLP M ON M
DPTR FM NORMAL   -10    LOWEST  SLP 29.20 ON 17

[REMARKS]
