000
CXUS55 KCAE 301400
CF6OGB
PRELIMINARY LOCAL CLIMATOLOGICAL DATA (WS FORM: F-6)

                                          STATION:   ORANGEBURG AIRPORT SC
                                          MONTH:     JUNE
                                          YEAR:      2015
                                          LATITUDE:   33 27 N
                                          LONGITUDE:  80 51 W

  TEMPERATURE IN F:       :PCPN:    SNOW:  WIND      :SUNSHINE: SKY     :PK WND
================================================================================
1   2   3   4   5  6A  6B    7    8   9   10  11  12  13   14  15   16   17  18
                                     12Z  AVG MX 2MIN
DY MAX MIN AVG DEP HDD CDD  WTR  SNW DPTH SPD SPD DIR MIN PSBL S-S WX    SPD DR
================================================================================

 1  90  67  79   3   0  14 0.01    M    M  4.7 23 290   M    M   3 3      32 300
 2  87  67  77   1   0  12 2.60    M    M  3.8 25 360   M    M   4 138    34 360
 3  75  66  71  -5   0   6 0.02    M    M  4.0  9  60   M    M   7 13     14 100
 4  83  66  75  -1   0  10 0.16    M    M  4.8 14 350   M    M   8 1      20 340
 5  85  66  76   0   0  11 0.14    M    M  3.5  9 290   M    M   6 1      13 300
 6  91  65  78   1   0  13 0.00    M    M  3.3 12  20   M    M   1 1      14 350
 7  88  68  78   1   0  13    T    M    M  4.3 15 180   M    M   4 13     20 190
 8  89  67  78   1   0  13 0.00    M    M  6.5 15 190   M    M   2 1      19 200
 9  86  69  78   1   0  13    T    M    M  7.3 15 210   M    M   1 3      18 220
10  87  66  77   0   0  12 0.00    M    M  5.0 12 220   M    M   2 3      15 170
11  90  70  80   2   0  15    T    M    M  6.2 16 190   M    M   1 1      21 200
12  92  71  82   4   0  17 0.00    M    M  8.6 20 260   M    M   2 1      24 240
13  96  72  84   6   0  19 0.00    M    M  8.1 21 270   M    M   0        26 270
14  99  69  84   6   0  19 0.00    M    M  3.3 17 240   M    M   0 1      20 230
15 101  71  86   8   0  21 0.00    M    M  3.8 16 240   M    M   0        19 240
16 101  72  87   9   0  22 0.00    M    M  3.9 10 220   M    M   1        19 230
17 102  74  88   9   0  23    T    M    M  3.3 16 240   M    M   2 3      20 250
18 100  74  87   8   0  22    T    M    M  4.5 18 300   M    M   1 3      24 300
19  99  74  87   8   0  22 0.00    M    M  5.0 15 270   M    M   1 128    23 240
20  98  73  86   7   0  21    T    M    M  8.2 23 210   M    M   2 3      28 220
21  99  74  87   8   0  22 0.00    M    M  6.8 17 280   M    M   1        25 270
22 100  73  87   8   0  22 0.00    M    M  4.9 18 220   M    M   2 3      24 220
23  95  72  84   4   0  19 0.00    M    M  7.5 16 220   M    M   0        24 210
24  99  73  86   6   0  21 0.35    M    M  7.3 18  70   M    M   3 13     27  70
25  95  72  84   4   0  19 0.22    M    M  6.5 15 200   M    M   2 3      21 140
26  97  72  85   5   0  20 0.00    M    M  8.0 20 210   M    M   1        27 210
27  94  74  84   4   0  19 0.05    M    M 10.4 25 220   M    M   3 13     32 230
28  89  74  82   2   0  17 0.00    M    M  8.0 15 280   M    M   5        23 260
29  92  67  80   0   0  15 0.00    M    M  6.0 21 280   M    M   0 1      30 280
================================================================================
SM 2699 2038         0 492  3.55    M    167.5          M       65
================================================================================
AV 93.1 70.3                               5.8 FASTST   M    M   2    MAX(MPH)
                                 MISC ---->  # 25 360               # 34  360
================================================================================
NOTES:
# LAST OF SEVERAL OCCURRENCES

COLUMN 17 PEAK WIND IN M.P.H.

PRELIMINARY LOCAL CLIMATOLOGICAL DATA (WS FORM: F-6) , PAGE 2

                                          STATION:  ORANGEBURG AIRPORT SC
                                          MONTH:    JUNE
                                          YEAR:     2015
                                          LATITUDE:   33 27 N
                                          LONGITUDE:  80 51 W

[TEMPERATURE DATA]      [PRECIPITATION DATA]       SYMBOLS USED IN COLUMN 16

AVERAGE MONTHLY: 81.7   TOTAL FOR MONTH:   3.55    1 = FOG OR MIST
DPTR FM NORMAL:   3.5   DPTR FM NORMAL:   -1.40    2 = FOG REDUCING VISIBILITY
HIGHEST:   102 ON 17    GRTST 24HR  2.60 ON  2- 2      TO 1/4 MILE OR LESS
LOWEST:     65 ON  6                               3 = THUNDER
                        SNOW, ICE PELLETS, HAIL    4 = ICE PELLETS
                        TOTAL MONTH:    M          5 = HAIL
                        GRTST 24HR    M  ON   M    6 = FREEZING RAIN OR DRIZZLE
                        GRTST DEPTH:  M  ON   M    7 = DUSTSTORM OR SANDSTORM:
                                                       VSBY 1/2 MILE OR LESS
                                                   8 = SMOKE OR HAZE
[NO. OF DAYS WITH]      [WEATHER - DAYS WITH]      9 = BLOWING SNOW
                                                   X = TORNADO
MAX 32 OR BELOW:   0    0.01 INCH OR MORE:   8
MAX 90 OR ABOVE:  20    0.10 INCH OR MORE:   5
MIN 32 OR BELOW:   0    0.50 INCH OR MORE:   1
MIN  0 OR BELOW:   0    1.00 INCH OR MORE:   1

[HDD (BASE 65) ]
TOTAL THIS MO.     0    CLEAR  (SCALE 0-3)  22
DPTR FM NORMAL     0    PTCLDY (SCALE 4-7)   7
TOTAL FM JUL 1  2326    CLOUDY (SCALE 8-10)  0
DPTR FM NORMAL    -6

[CDD (BASE 65) ]
TOTAL THIS MO.   492
DPTR FM NORMAL   110    [PRESSURE DATA]
TOTAL FM JAN 1   868    HIGHEST SLP M ON M
DPTR FM NORMAL   183    LOWEST  SLP 29.76 ON 27

[REMARKS]
