447
CXUS55 KCAE 231400
CF6OGB
PRELIMINARY LOCAL CLIMATOLOGICAL DATA (WS FORM: F-6)

                                          STATION:   ORANGEBURG AIRPORT SC
                                          MONTH:     AUGUST
                                          YEAR:      2017
                                          LATITUDE:   33 27 N
                                          LONGITUDE:  80 51 W

  TEMPERATURE IN F:       :PCPN:    SNOW:  WIND      :SUNSHINE: SKY     :PK WND
================================================================================
1   2   3   4   5  6A  6B    7    8   9   10  11  12  13   14  15   16   17  18
                                     12Z  AVG MX 2MIN
DY MAX MIN AVG DEP HDD CDD  WTR  SNW DPTH SPD SPD DIR MIN PSBL S-S WX    SPD DR
================================================================================

 1  87  60  74  -8   0   9 0.00    M    M  3.6 14  50   M    M   0        20  50
 2  89  63  76  -6   0  11 0.00    M    M  2.1  9 100   M    M   1 12     11 110
 3  88  72  80  -2   0  15 0.00    M    M  3.4 10  20   M    M   4 8      14 120
 4  88  72  80  -2   0  15 0.61    M    M  7.0 32 220   M    M   7 138    45 220
 5  89  73  81   0   0  16    T    M    M  5.1 10 230   M    M   7 1      13 230
 6  92  71  82   1   0  17 0.95    M    M  3.9 22 240   M    M   1 138    26 240
 7  92  72  82   1   0  17 0.08    M    M  8.1 22 190   M    M   2 13     26 190
 8  83  73  78  -3   0  13 0.26    M    M  4.6 16 310   M    M   5 13     20 300
 9  79  72  76  -5   0  11 1.01    M    M  5.1 14  30   M    M  10 1      17  30
10  88  72  80  -1   0  15    T    M    M  3.5  9  70   M    M   6 1      12  30
11  91  73  82   1   0  17 0.02    M    M  2.9 12 140   M    M   3        17 140
12  93  75  84   3   0  19 0.00    M    M  5.0 13 180   M    M   5 1      17 240
13  93  75  84   3   0  19 0.01    M    M  4.2 17 210   M    M   3 1      22 210
14  92  74  83   3   0  18 0.01    M    M  3.6 20 170   M    M   4 123    25 170
15  94  74  84   4   0  19 0.00    M    M  5.2 15 280   M    M   5 1      20 260
16  97  75  86   6   0  21 0.00    M    M  3.1 12 270   M    M   1        13 290
17  96  76  86   6   0  21 0.01    M    M  4.0 17 190   M    M   1 13     21 190
18  95  76  86   6   0  21 0.00    M    M  6.1 13 210   M    M   2        18 240
19  95  74  85   5   0  20 0.00    M    M  4.3 14 210   M    M   1 1      16 260
20  95  72  84   4   0  19 0.00    M    M  2.9 12 170   M    M   0        16 150
21  92  73  83   3   0  18 0.00    M    M  3.3 15 170   M    M   1 1      19 180
22  90  70  80   0   0  15    T    M    M  3.9 14 200   M    M   1        16 200
================================================================================
SM 1998 1587         0 366  2.96    M     94.9          M       70
================================================================================
AV 90.8 72.1                               4.3 FASTST   M    M   3    MAX(MPH)
                                 MISC ---->  # 32 220               # 45  220
================================================================================
NOTES:
# LAST OF SEVERAL OCCURRENCES

COLUMN 17 PEAK WIND IN M.P.H.

PRELIMINARY LOCAL CLIMATOLOGICAL DATA (WS FORM: F-6) , PAGE 2

                                          STATION:  ORANGEBURG AIRPORT SC
                                          MONTH:    AUGUST
                                          YEAR:     2017
                                          LATITUDE:   33 27 N
                                          LONGITUDE:  80 51 W

[TEMPERATURE DATA]      [PRECIPITATION DATA]       SYMBOLS USED IN COLUMN 16

AVERAGE MONTHLY: 81.5   TOTAL FOR MONTH:   2.96    1 = FOG OR MIST
DPTR FM NORMAL:   0.7   DPTR FM NORMAL:   -0.88    2 = FOG REDUCING VISIBILITY
HIGHEST:    97 ON 16    GRTST 24HR  1.01 ON  9- 9      TO 1/4 MILE OR LESS
LOWEST:     60 ON  1                               3 = THUNDER
                        SNOW, ICE PELLETS, HAIL    4 = ICE PELLETS
                        TOTAL MONTH:    M          5 = HAIL
                        GRTST 24HR    M  ON   M    6 = FREEZING RAIN OR DRIZZLE
                        GRTST DEPTH:  M  ON   M    7 = DUSTSTORM OR SANDSTORM:
                                                       VSBY 1/2 MILE OR LESS
                                                   8 = SMOKE OR HAZE
[NO. OF DAYS WITH]      [WEATHER - DAYS WITH]      9 = BLOWING SNOW
                                                   X = TORNADO
MAX 32 OR BELOW:   0    0.01 INCH OR MORE:   9
MAX 90 OR ABOVE:  14    0.10 INCH OR MORE:   4
MIN 32 OR BELOW:   0    0.50 INCH OR MORE:   3
MIN  0 OR BELOW:   0    1.00 INCH OR MORE:   1

[HDD (BASE 65) ]
TOTAL THIS MO.     0    CLEAR  (SCALE 0-3)  12
DPTR FM NORMAL     0    PTCLDY (SCALE 4-7)   9
TOTAL FM JUL 1     0    CLOUDY (SCALE 8-10)  1
DPTR FM NORMAL     0

[CDD (BASE 65) ]
TOTAL THIS MO.   366
DPTR FM NORMAL    18    [PRESSURE DATA]
TOTAL FM JAN 1  1758    HIGHEST SLP M ON M
DPTR FM NORMAL   188    LOWEST  SLP 29.83 ON 15

[REMARKS]
