000
CXUS55 KCAE 281400
CF6OGB
PRELIMINARY LOCAL CLIMATOLOGICAL DATA (WS FORM: F-6)

                                          STATION:   ORANGEBURG AIRPORT SC
                                          MONTH:     MAY
                                          YEAR:      2015
                                          LATITUDE:   33 27 N
                                          LONGITUDE:  80 51 W

  TEMPERATURE IN F:       :PCPN:    SNOW:  WIND      :SUNSHINE: SKY     :PK WND
================================================================================
1   2   3   4   5  6A  6B    7    8   9   10  11  12  13   14  15   16   17  18
                                     12Z  AVG MX 2MIN
DY MAX MIN AVG DEP HDD CDD  WTR  SNW DPTH SPD SPD DIR MIN PSBL S-S WX    SPD DR
================================================================================

 1  69  50  60  -7   5   0 0.00    M    M  7.5 17  30   M    M   5        29  20
 2  79  47  63  -5   2   0 0.00    M    M  3.5 13 330   M    M   0 1      17 310
 3  81  50  66  -2   0   1 0.00    M    M  2.5  9 160   M    M   2 1      12 200
 4  82  54  68   0   0   3 0.00    M    M  3.7 15 140   M    M   3 1      21 180
 5  82  52  67  -1   0   2 0.00    M    M  3.9 15  70   M    M   1        21 100
 6  82  55  69   0   0   4 0.00    M    M  3.8 15  30   M    M   0        19  30
 7  72  58  65  -4   0   0 0.05    M    M  5.8 17  40   M    M   3        22  30
 8  86  62  74   5   0   9 0.00    M    M  9.2 23  20   M    M   2        29  20
 9  85  66  76   6   0  11    T    M    M 10.4 23  20   M    M   3        30  30
10  85  67  76   6   0  11 0.00    M    M  6.2 15 320   M    M   4        21 320
11  91  67  79   9   0  14 1.89  0.0    0  4.4 30 210   M    M   4 13     37 210
12  91  67  79   9   0  14 0.02  0.0    0  5.7 25 290   M    M   3 13     33 300
13  86  63  75   4   0  10 0.00  0.0    0  3.2 12  30   M    M   0 1      16 360
14  80  59  70  -1   0   5 0.00    M    M  5.1 10  50   M    M   3 128    15  80
15  84  64  74   3   0   9 0.00    M    M  4.9 13 170   M    M   2 1      16 180
16  84  60  72   0   0   7 0.00    M    M  3.9 13 140   M    M   1 18     17 150
17  86  59  73   1   0   8 0.00    M    M  3.7 12 160   M    M   0        14 240
18  89  64  77   5   0  12 0.00    M    M  4.8 13 230   M    M   2 1      19 260
19  90  67  79   7   0  14 0.00    M    M  5.3 16 250   M    M   1 1      19 260
20  90  67  79   6   0  14 0.36    M    M  4.6 24 260   M    M   3 138    29 250
21  91  68  80   7   0  15 0.00    M    M  8.9 20 260   M    M   1 1      27 240
22  79  62  71  -2   0   6 0.00    M    M  6.8 21  40   M    M   4        28  30
23  82  55  69  -5   0   4 0.00    M    M  4.8 14  40   M    M   0 1      19  40
24  83  59  71  -3   0   6 0.00    M    M  5.8 15 150   M    M   1        20 160
25  84  61  73  -1   0   8 0.00    M    M  4.8 13 140   M    M   3        16 120
26  88  64  76   2   0  11    T    M    M  5.3 16 150   M    M   4 1      20 170
27  84  68  76   2   0  11    T    M    M  3.8 13 170   M    M   4 3      16 210
================================================================================
SM 2265 1635         7 209  2.32     0.0 142.3          M       59
================================================================================
AV 83.9 60.6                               5.3 FASTST   M    M   2    MAX(MPH)
                                 MISC ---->  # 30 210               # 37  210
================================================================================
NOTES:
# LAST OF SEVERAL OCCURRENCES

COLUMN 17 PEAK WIND IN M.P.H.

PRELIMINARY LOCAL CLIMATOLOGICAL DATA (WS FORM: F-6) , PAGE 2

                                          STATION:  ORANGEBURG AIRPORT SC
                                          MONTH:    MAY
                                          YEAR:     2015
                                          LATITUDE:   33 27 N
                                          LONGITUDE:  80 51 W

[TEMPERATURE DATA]      [PRECIPITATION DATA]       SYMBOLS USED IN COLUMN 16

AVERAGE MONTHLY: 72.2   TOTAL FOR MONTH:   2.32    1 = FOG OR MIST
DPTR FM NORMAL:   1.3   DPTR FM NORMAL:   -0.27    2 = FOG REDUCING VISIBILITY
HIGHEST:    91 ON 21,12 GRTST 24HR  1.89 ON 11-11      TO 1/4 MILE OR LESS
LOWEST:     47 ON  2                               3 = THUNDER
                        SNOW, ICE PELLETS, HAIL    4 = ICE PELLETS
                        TOTAL MONTH:   0.0 INCH    5 = HAIL
                        GRTST 24HR     0.0         6 = FREEZING RAIN OR DRIZZLE
                        GRTST DEPTH:   0           7 = DUSTSTORM OR SANDSTORM:
                                                       VSBY 1/2 MILE OR LESS
                                                   8 = SMOKE OR HAZE
[NO. OF DAYS WITH]      [WEATHER - DAYS WITH]      9 = BLOWING SNOW
                                                   X = TORNADO
MAX 32 OR BELOW:   0    0.01 INCH OR MORE:   4
MAX 90 OR ABOVE:   5    0.10 INCH OR MORE:   2
MIN 32 OR BELOW:   0    0.50 INCH OR MORE:   1
MIN  0 OR BELOW:   0    1.00 INCH OR MORE:   1

[HDD (BASE 65) ]
TOTAL THIS MO.     7    CLEAR  (SCALE 0-3)  20
DPTR FM NORMAL    -3    PTCLDY (SCALE 4-7)   7
TOTAL FM JUL 1  2326    CLOUDY (SCALE 8-10)  0
DPTR FM NORMAL    -1

[CDD (BASE 65) ]
TOTAL THIS MO.   209
DPTR FM NORMAL    31    [PRESSURE DATA]
TOTAL FM JAN 1   331    HIGHEST SLP M ON M
DPTR FM NORMAL    68    LOWEST  SLP 29.78 ON M

[REMARKS]
