000
CXUS55 KEAX 270736
CF6OJC
PRELIMINARY LOCAL CLIMATOLOGICAL DATA (WS FORM: F-6)

                                          STATION:   Johnson County Executive KS
                                          MONTH:     APRIL
                                          YEAR:      2017
                                          LATITUDE:   38 50 N
                                          LONGITUDE:  94 44 W

  TEMPERATURE IN F:       :PCPN:    SNOW:  WIND      :SUNSHINE: SKY     :PK WND
================================================================================
1   2   3   4   5  6A  6B    7    8   9   10  11  12  13   14  15   16   17  18
                                     12Z  AVG MX 2MIN
DY MAX MIN AVG DEP HDD CDD  WTR  SNW DPTH SPD SPD DIR MIN PSBL S-S WX    SPD DR
================================================================================

 1  52  41  47  -3  18   0    T    M    M  9.1 15  70   M    M   8 1      20 120
 2  66  48  57   6   8   0 0.04    M    M  8.2 15  70   M    M  10        19  40
 3  60  47  54   3  11   0 0.16    M    M  6.9 18 310   M    M   7 1      26 310
 4  51  47  49  -3  16   0 0.80    M    M 11.0 23  50   M    M  10 13     30  40
 5  54  40  47  -5  18   0 0.23    M    M 17.3 32 360   M    M   8 1      43 360
 6  59  39  49  -3  16   0 0.00    M    M  9.5 23 310   M    M   4        33 300
 7  63  33  48  -4  17   0 0.00    M    M  7.8 17 160   M    M   0        20 170
 8  76  50  63  10   2   0 0.00    M    M 15.9 26 170   M    M   0        36 160
 9  75  63  69  16   0   4    T    M    M 16.9 26 200   M    M   3        35 210
10  69  44  57   4   8   0 0.00    M    M 13.1 24 260   M    M   2        33 220
11  66  36  51  -3  14   0 0.00    M    M  4.9 14 360   M    M   1        19 330
12  76  46  61   7   4   0 0.00    M    M  8.8 21 180   M    M   2        26 170
13  77  55  66  12   0   1 0.00    M    M  6.9 18 180   M    M   1        23 170
14  78  59  69  14   0   4 0.19    M    M 13.0 26 190   M    M   5 13     37 170
15  79  59  69  14   0   4 0.43    M    M 16.7 26 210   M    M   3 13     38 200
16  69  57  63   8   2   0 0.70    M    M  8.1 18  50   M    M   7 13     24 280
17  70  54  62   6   3   0    T    M    M  7.9 16 110   M    M   1        25 190
18  76  52  64   8   1   0 0.00    M    M  9.7 18 190   M    M   3 1      26 200
19  78  59  69  13   0   4 0.00    M    M 12.9 29 180   M    M   3        38 170
20  69  51  60   4   5   0 0.01    M    M 10.1 20 360   M    M   2 13     29 340
21  54  47  51  -6  14   0    T    M    M 12.1 25  70   M    M   5        35  70
22  66  47  57   0   8   0    T    M    M 12.6 26  20   M    M   3        33  40
23  70  41  56  -2   9   0 0.00    M    M  3.4  9 180   M    M   0        13 140
24  73  42  58   0   7   0 0.00    M    M 11.9 29 160   M    M   0        35 180
25  72  50  61   3   4   0 0.04    M    M  9.5 22 160   M    M   5 13     27 160
26  50  41  46 -12  19   0    M    M    M 11.9 20 330   M    M  10 1      26 330
================================================================================
SM 1748 1248       204  17  2.60    M    276.1          M      103
================================================================================
AV 67.2 48.0                              10.6 FASTST   M    M   4    MAX(MPH)
                                 MISC ---->  # 32 360               # 43  360
================================================================================
NOTES:
# LAST OF SEVERAL OCCURRENCES

COLUMN 17 PEAK WIND IN M.P.H.

PRELIMINARY LOCAL CLIMATOLOGICAL DATA (WS FORM: F-6) , PAGE 2

                                          STATION:  Johnson County Executive KS
                                          MONTH:    APRIL
                                          YEAR:     2017
                                          LATITUDE:   38 50 N
                                          LONGITUDE:  94 44 W

[TEMPERATURE DATA]      [PRECIPITATION DATA]       SYMBOLS USED IN COLUMN 16

AVERAGE MONTHLY: 57.6   TOTAL FOR MONTH:   2.60    1 = FOG OR MIST
DPTR FM NORMAL:   3.2   DPTR FM NORMAL:   -0.64    2 = FOG REDUCING VISIBILITY
HIGHEST:    79 ON 15    GRTST 24HR  0.80 ON  4- 4      TO 1/4 MILE OR LESS
LOWEST:     33 ON  7                               3 = THUNDER
                        SNOW, ICE PELLETS, HAIL    4 = ICE PELLETS
                        TOTAL MONTH:    M          5 = HAIL
                        GRTST 24HR    M  ON   M    6 = FREEZING RAIN OR DRIZZLE
                        GRTST DEPTH:  M  ON   M    7 = DUSTSTORM OR SANDSTORM:
                                                       VSBY 1/2 MILE OR LESS
                                                   8 = SMOKE OR HAZE
[NO. OF DAYS WITH]      [WEATHER - DAYS WITH]      9 = BLOWING SNOW
                                                   X = TORNADO
MAX 32 OR BELOW:   0    0.01 INCH OR MORE:   9
MAX 90 OR ABOVE:   0    0.10 INCH OR MORE:   6
MIN 32 OR BELOW:   0    0.50 INCH OR MORE:   2
MIN  0 OR BELOW:   0    1.00 INCH OR MORE:   0

[HDD (BASE 65) ]
TOTAL THIS MO.   204    CLEAR  (SCALE 0-3)  14
DPTR FM NORMAL   -84    PTCLDY (SCALE 4-7)   8
TOTAL FM JUL 1  3861    CLOUDY (SCALE 8-10)  4
DPTR FM NORMAL  -944

[CDD (BASE 65) ]
TOTAL THIS MO.    17
DPTR FM NORMAL    -1    [PRESSURE DATA]
TOTAL FM JAN 1    26    HIGHEST SLP  0.00 ON M
DPTR FM NORMAL     7    LOWEST  SLP  0.00 ON M

[REMARKS]
