000
CXUS55 KEAX 220736
CF6OJC
PRELIMINARY LOCAL CLIMATOLOGICAL DATA (WS FORM: F-6)

                                          STATION:   Johnson County Executive KS
                                          MONTH:     AUGUST
                                          YEAR:      2017
                                          LATITUDE:   38 50 N
                                          LONGITUDE:  94 44 W

  TEMPERATURE IN F:       :PCPN:    SNOW:  WIND      :SUNSHINE: SKY     :PK WND
================================================================================
1   2   3   4   5  6A  6B    7    8   9   10  11  12  13   14  15   16   17  18
                                     12Z  AVG MX 2MIN
DY MAX MIN AVG DEP HDD CDD  WTR  SNW DPTH SPD SPD DIR MIN PSBL S-S WX    SPD DR
================================================================================

 1  84  64  74  -5   0   9 0.00    M    M  2.6  8 320   M    M   2        12 310
 2  85  63  74  -5   0   9 0.00    M    M  3.0 12 190   M    M   0        15 150
 3  83  66  75  -4   0  10 0.00    M    M  8.4 18 360   M    M   2        24 280
 4  78  56  67 -12   0   2 0.00    M    M  5.8 17 360   M    M   2        21  10
 5  65  58  62 -17   3   0 2.70    M    M  8.5 21  90   M    M   8 13     27  90
 6  74  64  69 -10   0   4 0.00    M    M  6.4 13 170   M    M   9        15 160
 7  79  64  72  -7   0   7 0.00    M    M  6.1 14  20   M    M   3 1      17  30
 8  80  61  71  -8   0   6 0.00    M    M  5.3 12 110   M    M   1        17  80
 9  81  62  72  -7   0   7 0.01    M    M  5.5 13 180   M    M   2 13     20 160
10  85  68  77  -2   0  12 0.00    M    M  2.8 10 320   M    M   5 1      14 320
11  82  68  75  -4   0  10    T    M    M  7.9 16 360   M    M   2        19 360
12  79  61  70  -9   0   5 0.00    M    M  5.5 10  90   M    M   1        14  70
13  79  61  70  -8   0   5 0.00    M    M  6.5 14 160   M    M   4        18 120
14  83  65  74  -4   0   9 0.00    M    M  6.9 12 180   M    M   5        16 170
15  85  66  76  -2   0  11 0.00    M    M  6.5 13 140   M    M   2 1      17 120
16  85  67  76  -2   0  11 0.86    M    M  7.7 15 200   M    M   6 13     21 200
17  82  65  74  -4   0   9 0.00    M    M  6.7 15 300   M    M   0        19 320
18  86  62  74  -4   0   9    T    M    M  4.8 13 220   M    M   1 8      16 210
19  90  65  78   0   0  13 0.00    M    M  4.4 12 170   M    M   0 1      15 150
20  87  69  78   1   0  13 0.00    M    M 10.4 28 360   M    M   1 3      36 360
21  87  68  78   1   0  13 3.71    M    M  9.0 26 160   M    M   2 13     34 160
================================================================================
SM 1719 1343         3 174  7.28    M    130.7          M       58
================================================================================
AV 81.9 64.0                               6.2 FASTST   M    M   3    MAX(MPH)
                                 MISC ---->  # 28 360               # 36  360
================================================================================
NOTES:
# LAST OF SEVERAL OCCURRENCES

COLUMN 17 PEAK WIND IN M.P.H.

PRELIMINARY LOCAL CLIMATOLOGICAL DATA (WS FORM: F-6) , PAGE 2

                                          STATION:  Johnson County Executive KS
                                          MONTH:    AUGUST
                                          YEAR:     2017
                                          LATITUDE:   38 50 N
                                          LONGITUDE:  94 44 W

[TEMPERATURE DATA]      [PRECIPITATION DATA]       SYMBOLS USED IN COLUMN 16

AVERAGE MONTHLY: 72.9   TOTAL FOR MONTH:   7.28    1 = FOG OR MIST
DPTR FM NORMAL:  -5.6   DPTR FM NORMAL:    5.04    2 = FOG REDUCING VISIBILITY
HIGHEST:    90 ON 19    GRTST 24HR  3.71 ON 21-21      TO 1/4 MILE OR LESS
LOWEST:     56 ON  4                               3 = THUNDER
                        SNOW, ICE PELLETS, HAIL    4 = ICE PELLETS
                        TOTAL MONTH:    M          5 = HAIL
                        GRTST 24HR    M  ON   M    6 = FREEZING RAIN OR DRIZZLE
                        GRTST DEPTH:  M  ON   M    7 = DUSTSTORM OR SANDSTORM:
                                                       VSBY 1/2 MILE OR LESS
                                                   8 = SMOKE OR HAZE
[NO. OF DAYS WITH]      [WEATHER - DAYS WITH]      9 = BLOWING SNOW
                                                   X = TORNADO
MAX 32 OR BELOW:   0    0.01 INCH OR MORE:   4
MAX 90 OR ABOVE:   1    0.10 INCH OR MORE:   3
MIN 32 OR BELOW:   0    0.50 INCH OR MORE:   3
MIN  0 OR BELOW:   0    1.00 INCH OR MORE:   2

[HDD (BASE 65) ]
TOTAL THIS MO.     3    CLEAR  (SCALE 0-3)  15
DPTR FM NORMAL     3    PTCLDY (SCALE 4-7)   5
TOTAL FM JUL 1     3    CLOUDY (SCALE 8-10)  1
DPTR FM NORMAL     3

[CDD (BASE 65) ]
TOTAL THIS MO.   174
DPTR FM NORMAL  -110    [PRESSURE DATA]
TOTAL FM JAN 1   955    HIGHEST SLP  0.00 ON M
DPTR FM NORMAL  -101    LOWEST  SLP  0.00 ON M

[REMARKS]
