000
CXUS55 KGGW 220800
CF6OLF
PRELIMINARY LOCAL CLIMATOLOGICAL DATA (WS FORM: F-6)

                                          STATION:   WOLF POINT MT
                                          MONTH:     MARCH
                                          YEAR:      2017
                                          LATITUDE:   48  5 N
                                          LONGITUDE: 105 35 W

  TEMPERATURE IN F:       :PCPN:    SNOW:  WIND      :SUNSHINE: SKY     :PK WND
================================================================================
1   2   3   4   5  6A  6B    7    8   9   10  11  12  13   14  15   16   17  18
                                     12Z  AVG MX 2MIN
DY MAX MIN AVG DEP HDD CDD  WTR  SNW DPTH SPD SPD DIR MIN PSBL S-S WX    SPD DR
================================================================================

 1  30   7  19  -4  46   0    T    M    0  5.7 16  70   M    M   5 18     18  70
 2  27   7  17  -7  48   0 0.00  0.0    0  6.5 13  60   M    M   3        17 320
 3  50  26  38  14  27   0 0.00  0.0    0  5.6 14  70   M    M   4        17 280
 4  50  27  39  14  26   0    T    M    0  5.1 18 230   M    M   3        23 220
 5  52  29  41  16  24   0 0.01    M    0 10.0 32 350   M    M   3        40 350
 6  34  18  26   0  39   0 0.11    M    0 17.3 30 290   M    M   5 128    37 290
 7  30  16  23  -3  42   0    T    M    0 23.2 40 290   M    M   0 89     49 290
 8  22  12  17 -10  48   0 0.00  0.0    0  9.2 17  80   M    M   8        20  80
 9  18   8  13 -14  52   0    T    M    0 11.8 17  60   M    M   9        21  50
10  12   4   8 -20  57   0    T    M    0 17.4 26  80   M    M  10 18     33  80
11  18  -1   9 -19  56   0    T    M    0 10.9 21  80   M    M   4 8      24  90
12  16  -1   8 -21  57   0 0.01    M    0 13.5 23  60   M    M   8 18     27  60
13  22  -5   9 -20  56   0    T    M    0 10.0 15 110   M    M   7 8      17  90
14  32  13  23  -7  42   0    T    M    0  7.9 13  70   M    M   4        15  70
15  47  26  37   7  28   0 0.00  0.0    0  3.6 10  70   M    M   2 1      12  70
16  56  35  46  15  19   0 0.01    M    0  8.2 25 310   M    M   4 1      33 300
17  45  33  39   8  26   0 0.00  0.0    0  6.0 17 300   M    M   5        24 290
18  71  33  52  20  13   0 0.00  0.0    0  7.2 13  70   M    M   2        16 200
19  55  35  45  13  20   0 0.00  0.0    0 10.9 33 320   M    M   1        42 320
20  49  25  37   5  28   0    T    M    0  9.3 20 350   M    M   4        26  30
21  43  24  34   1  31   0 0.00  0.0    0 13.0 24 100   M    M   7        29 110
================================================================================
SM  779  371       785   0  0.14     0.0 212.3          M       98
================================================================================
AV 37.1 17.7                              10.1 FASTST   M    M   5    MAX(MPH)
                                 MISC ---->  # 40 290               # 49  290
================================================================================
NOTES:
# LAST OF SEVERAL OCCURRENCES

COLUMN 17 PEAK WIND IN M.P.H.

PRELIMINARY LOCAL CLIMATOLOGICAL DATA (WS FORM: F-6) , PAGE 2

                                          STATION:  WOLF POINT MT
                                          MONTH:    MARCH
                                          YEAR:     2017
                                          LATITUDE:   48  5 N
                                          LONGITUDE: 105 35 W

[TEMPERATURE DATA]      [PRECIPITATION DATA]       SYMBOLS USED IN COLUMN 16

AVERAGE MONTHLY: 27.4   TOTAL FOR MONTH:   0.14    1 = FOG OR MIST
DPTR FM NORMAL:  -0.8   DPTR FM NORMAL:   -0.13    2 = FOG REDUCING VISIBILITY
HIGHEST:    71 ON 18    GRTST 24HR  0.11 ON  6- 6      TO 1/4 MILE OR LESS
LOWEST:     -5 ON 13                               3 = THUNDER
                        SNOW, ICE PELLETS, HAIL    4 = ICE PELLETS
                        TOTAL MONTH:   0.0 INCH    5 = HAIL
                        GRTST 24HR     0.0         6 = FREEZING RAIN OR DRIZZLE
                        GRTST DEPTH:   0           7 = DUSTSTORM OR SANDSTORM:
                                                       VSBY 1/2 MILE OR LESS
                                                   8 = SMOKE OR HAZE
[NO. OF DAYS WITH]      [WEATHER - DAYS WITH]      9 = BLOWING SNOW
                                                   X = TORNADO
MAX 32 OR BELOW:  10    0.01 INCH OR MORE:   4
MAX 90 OR ABOVE:   0    0.10 INCH OR MORE:   1
MIN 32 OR BELOW:  17    0.50 INCH OR MORE:   0
MIN  0 OR BELOW:   3    1.00 INCH OR MORE:   0

[HDD (BASE 65) ]
TOTAL THIS MO.   785    CLEAR  (SCALE 0-3)   6
DPTR FM NORMAL    13    PTCLDY (SCALE 4-7)  13
TOTAL FM JUL 1  6933    CLOUDY (SCALE 8-10)  2
DPTR FM NORMAL  -461

[CDD (BASE 65) ]
TOTAL THIS MO.     0
DPTR FM NORMAL     0    [PRESSURE DATA]
TOTAL FM JAN 1     0    HIGHEST SLP M ON M
DPTR FM NORMAL     0    LOWEST  SLP 29.34 ON  5

[REMARKS]
