000
CXUS55 KGGW 230800
CF6OLF
PRELIMINARY LOCAL CLIMATOLOGICAL DATA (WS FORM: F-6)

                                          STATION:   WOLF POINT MT
                                          MONTH:     SEPTEMBER
                                          YEAR:      2017
                                          LATITUDE:   48  5 N
                                          LONGITUDE: 105 35 W

  TEMPERATURE IN F:       :PCPN:    SNOW:  WIND      :SUNSHINE: SKY     :PK WND
================================================================================
1   2   3   4   5  6A  6B    7    8   9   10  11  12  13   14  15   16   17  18
                                     12Z  AVG MX 2MIN
DY MAX MIN AVG DEP HDD CDD  WTR  SNW DPTH SPD SPD DIR MIN PSBL S-S WX    SPD DR
================================================================================

 1  85  55  70   6   0   5 0.00  0.0    0  5.3 15 290   M    M   1 8      20 310
 2  93  47  70   7   0   5 0.00  0.0    0  2.3 14 270   M    M   0 8      16 270
 3  88  49  69   6   0   4 0.00  0.0    0  9.9 26  30   M    M   1 8      32 360
 4  75  44  60  -2   5   0 0.00  0.0    0 12.6 29 340   M    M   1        42 340
 5  77  37  57  -5   8   0 0.00  0.0    0  4.3 14 350   M    M   0 8      20  20
 6  85  41  63   2   2   0 0.00  0.0    0  1.7  8 260   M    M   0 8      11 270
 7  91  37  64   3   1   0 0.00  0.0    0  3.9 13  60   M    M   0        15  60
 8  93  53  73  13   0   8 0.00  0.0    0  8.7 16 120   M    M   0        28 130
 9  98  55  77  17   0  12 0.00  0.0    0  5.8 15  40   M    M   0 8      17  40
10  89  51  70  10   0   5 0.00  0.0    0  8.8 24 310   M    M   0 8      34 290
11  91  49  70  11   0   5 0.00  0.0    0  4.8 16 260   M    M   0 8      22 270
12  83  44  64   5   1   0 0.00  0.0    0  4.4 17 320   M    M   4 8      20 320
13  71  43  57  -1   8   0    T    M    0  4.6 17 330   M    M   2 8      23 340
14  58  50  54  -4  11   0 0.05  0.0    0 10.6 22 350   M    M   9 18     27 350
15  51  45  48  -9  17   0 0.75    M    0 12.8 22  60   M    M  10 18     29  60
16  51  42  47 -10  18   0 0.18    M    0  4.8 15  60   M    M   9 1      18  40
17  66  37  52  -4  13   0 0.00  0.0    0  5.2 16 220   M    M   1 1      20 210
18  79  37  58   2   7   0 0.00  0.0    0  5.1 17 220   M    M   1        23 200
19  63  37  50  -6  15   0 0.03    M    0 10.5 23 260   M    M   4 1      30 270
20  69  34  52  -3  13   0 0.00  0.0    0  6.9 21 250   M    M   1        26 260
21  64  44  54  -1  11   0    T    M    0  6.9 21  10   M    M   4        26  20
22  51  39  45  -9  20   0 0.25    M    0  7.1 22  20   M    M   9 1      27  20
================================================================================
SM 1671  970       150  44  1.26     0.0 147.0          M       57
================================================================================
AV 76.0 44.1                               6.7 FASTST   M    M   3    MAX(MPH)
                                 MISC ---->  # 29 340               # 42  340
================================================================================
NOTES:
# LAST OF SEVERAL OCCURRENCES

COLUMN 17 PEAK WIND IN M.P.H.

PRELIMINARY LOCAL CLIMATOLOGICAL DATA (WS FORM: F-6) , PAGE 2

                                          STATION:  WOLF POINT MT
                                          MONTH:    SEPTEMBER
                                          YEAR:     2017
                                          LATITUDE:   48  5 N
                                          LONGITUDE: 105 35 W

[TEMPERATURE DATA]      [PRECIPITATION DATA]       SYMBOLS USED IN COLUMN 16

AVERAGE MONTHLY: 60.0   TOTAL FOR MONTH:   1.26    1 = FOG OR MIST
DPTR FM NORMAL:   1.1   DPTR FM NORMAL:    0.50    2 = FOG REDUCING VISIBILITY
HIGHEST:    98 ON  9    GRTST 24HR  0.75 ON 15-15      TO 1/4 MILE OR LESS
LOWEST:     34 ON 20                               3 = THUNDER
                        SNOW, ICE PELLETS, HAIL    4 = ICE PELLETS
                        TOTAL MONTH:   0.0 INCH    5 = HAIL
                        GRTST 24HR     0.0         6 = FREEZING RAIN OR DRIZZLE
                        GRTST DEPTH:   0           7 = DUSTSTORM OR SANDSTORM:
                                                       VSBY 1/2 MILE OR LESS
                                                   8 = SMOKE OR HAZE
[NO. OF DAYS WITH]      [WEATHER - DAYS WITH]      9 = BLOWING SNOW
                                                   X = TORNADO
MAX 32 OR BELOW:   0    0.01 INCH OR MORE:   5
MAX 90 OR ABOVE:   5    0.10 INCH OR MORE:   3
MIN 32 OR BELOW:   0    0.50 INCH OR MORE:   1
MIN  0 OR BELOW:   0    1.00 INCH OR MORE:   0

[HDD (BASE 65) ]
TOTAL THIS MO.   150    CLEAR  (SCALE 0-3)  15
DPTR FM NORMAL   -10    PTCLDY (SCALE 4-7)   3
TOTAL FM JUL 1   158    CLOUDY (SCALE 8-10)  4
DPTR FM NORMAL   -62

[CDD (BASE 65) ]
TOTAL THIS MO.    44
DPTR FM NORMAL    20    [PRESSURE DATA]
TOTAL FM JAN 1   663    HIGHEST SLP M ON M
DPTR FM NORMAL   218    LOWEST  SLP 29.48 ON 19

[REMARKS]
