000
CXUS55 KTWC 280855
CF6OLS
PRELIMINARY LOCAL CLIMATOLOGICAL DATA (WS FORM: F-6)

                                          STATION:   NOGALES AZ AIRPORT
                                          MONTH:     MAY
                                          YEAR:      2017
                                          LATITUDE:   31 25 N
                                          LONGITUDE: 110 51 W

  TEMPERATURE IN F:       :PCPN:    SNOW:  WIND      :SUNSHINE: SKY     :PK WND
================================================================================
1   2   3   4   5  6A  6B    7    8   9   10  11  12  13   14  15   16   17  18
                                     12Z  AVG MX 2MIN
DY MAX MIN AVG DEP HDD CDD  WTR  SNW DPTH SPD SPD DIR MIN PSBL S-S WX    SPD DR
================================================================================

 1  88  42  65  -1   0   0 0.00  0.0    0  5.5 17 240   M    M   0        27 230
 2  89  46  68   2   0   3 0.00  0.0    0  4.5 21 240   M    M   0        27 240
 3  91  50  71   5   0   6 0.00  0.0    0  3.8 14 250   M    M   0        27 330
 4  98  52  75   8   0  10 0.00  0.0    0  4.6 15 250   M    M   0        21 240
 5  99  57  78  11   0  13 0.00  0.0    0  9.0 25 220   M    M   0        32 220
 6  88  60  74   7   0   9 0.00  0.0    0 17.1 31 180   M    M   0        41 200
 7  75  54  65  -3   0   0 0.00  0.0    0 12.2 31 200   M    M   3        40 190
 8  73  49  61  -7   4   0 0.02    M    0  9.5 28 200   M    M   8        33 200
 9  63  46  55 -13  10   0 0.36    M    0  7.8 24 220   M    M   8 1      29 180
10  70  41  56 -12   9   0 0.00  0.0    0  3.8 12 260   M    M   1        17 240
11  83  44  64  -5   1   0 0.00  0.0    0  5.5 17 320   M    M   0        24 320
12  92  50  71   2   0   6 0.00  0.0    0  4.6 16 160   M    M   0        25 220
13  91  54  73   4   0   8 0.00  0.0    0  9.0 24 210   M    M   0        31 210
14  85  54  70   0   0   5 0.00  0.0    0 11.4 25 220   M    M   M        32 190
15  81  50  66  -4   0   1 0.00  0.0    0 15.9 31 180   M    M   0        39 180
16  72  48  60 -10   5   0 0.00  0.0    0 11.8 25 250   M    M   3        36 220
17  83  42  63  -7   2   0 0.00  0.0    0  7.6 23 220   M    M   M        30 220
18  82  48  65  -6   0   0 0.00  0.0    0  7.8 21 220   M    M   1        27 230
19  83  46  65  -6   0   0 0.00  0.0    0  4.9 15 290   M    M   0        20 240
20  90  44  67  -4   0   2 0.00  0.0    0  4.6 13 240   M    M   0        17 330
21  94  50  72   0   0   7 0.00  0.0    0  4.6 17 270   M    M   M        25 260
22  95  54  75   3   0  10 0.00  0.0    0  4.9 20 320   M    M   0        28 320
23  97  55  76   4   0  11 0.00  0.0    0  4.9 18 260   M    M   0        26 350
24  99  56  78   6   0  13 0.00  0.0    0  7.2 23 220   M    M   0        29 220
25  91  65  78   5   0  13 0.00  0.0    0 11.4 25 210   M    M   1        38 220
26  91  62  77   4   0  12 0.00  0.0    0 14.0 29 220   M    M   0        39 220
27  91  53  72  -1   0   7 0.00  0.0    0  5.6 18 240   M    M   0        24 210
================================================================================
SM 2334 1372        31 136  0.38     0.0 213.5          M       25
================================================================================
AV 86.4 50.8                               7.9 FASTST   M    M   1    MAX(MPH)
                                 MISC ---->  # 31 180               # 41  200
================================================================================
NOTES:
# LAST OF SEVERAL OCCURRENCES

COLUMN 17 PEAK WIND IN M.P.H.

PRELIMINARY LOCAL CLIMATOLOGICAL DATA (WS FORM: F-6) , PAGE 2

                                          STATION:  NOGALES AZ AIRPORT
                                          MONTH:    MAY
                                          YEAR:     2017
                                          LATITUDE:   31 25 N
                                          LONGITUDE: 110 51 W

[TEMPERATURE DATA]      [PRECIPITATION DATA]       SYMBOLS USED IN COLUMN 16

AVERAGE MONTHLY: 68.6   TOTAL FOR MONTH:   0.38    1 = FOG OR MIST
DPTR FM NORMAL:  -0.9   DPTR FM NORMAL:    0.17    2 = FOG REDUCING VISIBILITY
HIGHEST:    99 ON 24, 5 GRTST 24HR  0.36 ON  9- 9      TO 1/4 MILE OR LESS
LOWEST:     41 ON 10                               3 = THUNDER
                        SNOW, ICE PELLETS, HAIL    4 = ICE PELLETS
                        TOTAL MONTH:   0.0 INCH    5 = HAIL
                        GRTST 24HR     0.0         6 = FREEZING RAIN OR DRIZZLE
                        GRTST DEPTH:   0           7 = DUSTSTORM OR SANDSTORM:
                                                       VSBY 1/2 MILE OR LESS
                                                   8 = SMOKE OR HAZE
[NO. OF DAYS WITH]      [WEATHER - DAYS WITH]      9 = BLOWING SNOW
                                                   X = TORNADO
MAX 32 OR BELOW:   0    0.01 INCH OR MORE:   2
MAX 90 OR ABOVE:  13    0.10 INCH OR MORE:   1
MIN 32 OR BELOW:   0    0.50 INCH OR MORE:   0
MIN  0 OR BELOW:   0    1.00 INCH OR MORE:   0

[HDD (BASE 65) ]
TOTAL THIS MO.    31    CLEAR  (SCALE 0-3)  22
DPTR FM NORMAL    16    PTCLDY (SCALE 4-7)   2
TOTAL FM JUL 1  1579    CLOUDY (SCALE 8-10)  0
DPTR FM NORMAL  -564

[CDD (BASE 65) ]
TOTAL THIS MO.   136
DPTR FM NORMAL    -5    [PRESSURE DATA]
TOTAL FM JAN 1   216    HIGHEST SLP M ON M
DPTR FM NORMAL    41    LOWEST  SLP 29.56 ON M

[REMARKS]
