000
CXAK56 PAOM 010908
CF6OME

PRELIMINARY LOCAL CLIMATOLOGICAL DATA (WS FORM: F-6)

                                          STATION:   NOME
                                          MONTH:     08
                                          YEAR:      2015
                                          LATITUDE:   64 31 N
                                          LONGITUDE: 165 27 W

  TEMPERATURE IN F:       :PCPN:    SNOW:  WIND      :SUNSHINE: SKY     :PK WND
================================================================================
1   2   3   4   5  6A  6B    7     8   9   10  11  12  13   14  15   16  17  18
                                      12Z  AVG MX 2MIN
DY MAX MIN AVG DEP HDD CDD  WTR   SNW DPTH SPD SPD DIR MIN PSBL S-S WX   SPD DR
================================================================================

 1  53  49  51  -1  14   0  0.10  0.0   0 13.1 20  240   M    M   M 1     23 240
 2  51  48  50  -1  15   0     T  0.0   0 12.2 20  260   M    M   M 1     22 260
 3  51  46  49  -2  16   0     T  0.0   0 13.1 21  280   M    M   M 1     25 280
 4  63  44  54   3  11   0  0.00  0.0   0 11.9 23  260   M    M   M       25 250
 5  61  48  55   4  10   0  0.00  0.0   0  6.3 15   10   M    M   M       20  40
 6  57  42  50  -1  15   0  0.00  0.0   0 10.4 24  270   M    M   M       27 260
 7  51  47  49  -2  16   0  0.04  0.0   0  9.4 15  270   M    M   M 1     18 270
 8  54  41  48  -3  17   0     T  0.0   0  6.4 16   50   M    M   M 1     22  50
 9  53  40  47  -4  18   0  0.00  0.0   0 11.9 22  310   M    M   M       26 300
10  50  37  44  -7  21   0  0.06  0.0   0 10.8 20  280   M    M   M 1     21 280
11  51  47  49  -2  16   0  0.02  0.0   0  8.6 14  150   M    M   M 1     17 150
12  51  48  50  -1  15   0     T  0.0   0 16.7 23  260   M    M   M 1     26 270
13  51  48  50  -1  15   0     T  0.0   0 13.1 20  250   M    M   M       23 250
14  58  47  53   3  12   0     T  0.0   0  6.2 16  140   M    M   M       19 140
15  56  50  53   3  12   0  0.32  0.0   0 11.3 21   90   M    M   M 1     25 100
16  56  51  54   4  11   0  0.08  0.0   0  9.3 17  100   M    M   M 1     22  90
17  57  48  53   3  12   0  0.16  0.0   0  6.8 12  230   M    M   M 1     14 240
18  50  43  47  -3  18   0     T  0.0   0 14.9 25  270   M    M   M       30 290
19  51  49  50   0  15   0  0.01  0.0   0 11.5 17  230   M    M   M 1     20 230
20  51  48  50   0  15   0  0.13  0.0   0 13.0 20  200   M    M   M 1     24 210
21  55  45  50   0  15   0  0.16  0.0   0 13.8 24  270   M    M   M 1     27 270
22  54  42  48  -2  17   0  0.00  0.0   0 10.4 21  250   M    M   M 1     23 250
23  53  42  48  -2  17   0  0.00  0.0   0  4.9 12  140   M    M   M       14 150
24  51  49  50   1  15   0  0.90  0.0   0 17.4 29  210   M    M   M 1     34 190
25  51  49  50   1  15   0  1.22  0.0   0 19.6 30  220   M    M   M 1     34 220
26  58  42  50   1  15   0  0.50  0.0   0 15.7 32  220   M    M   M 1     37 210
27  49  36  43  -6  22   0  0.00  0.0   0 14.9 26  300   M    M   M       34 290
28  52  42  47  -2  18   0  0.00  0.0   0  9.9 24  270   M    M   M       28 270
29  46  33  40  -9  25   0     T  0.0   0 14.9 30  300   M    M   M 8     37 310
30  48  36  42  -6  23   0  0.00  0.0   0 18.2 30  300   M    M   M       37 300
31  49  29  39  -9  26   0  0.00  0.0   0  3.5  9  200   M    M   M       12 200
================================================================================
SM 1642 1366       502   0  3.70 0.0    360.1           M        M
================================================================================
AV 53.0 44.1                             11.6 FASTST  PSBL  %   M    MAX(MPH)
                                 MISC ---->     32  220               # 37 300
================================================================================
NOTES:
# LAST OF SEVERAL OCCURRENCES

COLUMN 17 PEAK WIND IN M.P.H.

PRELIMINARY LOCAL CLIMATOLOGICAL DATA (WS FORM: F-6) , PAGE 2

                                          STATION:   NOME
                                          MONTH:     08
                                          YEAR:      2015
                                          LATITUDE:  64 31 N
                                          LONGITUDE: 165 27 W

[TEMPERATURE DATA]      [PRECIPITATION DATA]       SYMBOLS USED IN COLUMN 16

AVERAGE MONTHLY:48.5   TOTAL FOR MONTH: 3.70       1 = FOG
DPTR FM NORMAL: -1.6   DPTR FM NORMAL: 0.48       2 = FOG REDUCING VISIBILITY
HIGHEST:    63 ON  4    GRTST 24HR   1.22 ON 25        TO 1/4 MILE OR LESS
LOWEST:     29 ON 31                               3 = THUNDER
                        SNOW, ICE PELLETS, HAIL    4 = ICE PELLETS
                        TOTAL MONTH: 0.0         5 = HAIL
                        GRTST 24HR   0.0           6 = GLAZE OR RIME
                        GRTST DEPTH:    0          7 = BLOWING DUST OR SAND:
                                                       VSBY 1/2 MILE OR LESS
                                                   8 = SMOKE OR HAZE
[NO. OF DAYS WITH]      [WEATHER - DAYS WITH]      9 = BLOWING SNOW
                                                   X = TORNADO
MAX 32 OR BELOW:   0    0.01 INCH OR MORE:  13
MAX 70 OR ABOVE:   0    0.10 INCH OR MORE:   8
MIN 32 OR BELOW:   1    0.50 INCH OR MORE:   3
MIN  0 OR BELOW:   0    1.00 INCH OR MORE:   1

[HDD (BASE 65) ]
TOTAL THIS MO.   502    CLEAR  (SCALE 0-3)   M
DPTR FM NORMAL    38    PTCLDY (SCALE 4-7)   M
SEASONAL TOTAL   809    CLOUDY (SCALE 8-10)  M
DPTR FM NORMAL   -55

[CDD (BASE 65) ]
TOTAL THIS MO.     0
DPTR FM NORMAL     0    [PRESSURE DATA]
SEASONAL TOTAL     5    HIGHEST SLP     M
DPTR FM NORMAL     5    LOWEST  SLP     M

[REMARKS]
#FINAL-08-15#
