000
CXUS56 KBOI 281002
CF6ONO
PRELIMINARY LOCAL CLIMATOLOGICAL DATA (WS FORM: F-6)

                                          STATION:   ONTARIO OR
                                          MONTH:     AUGUST
                                          YEAR:      2015
                                          LATITUDE:   44  1 N
                                          LONGITUDE: 117  1 W

  TEMPERATURE IN F:       :PCPN:    SNOW:  WIND      :SUNSHINE: SKY     :PK WND
================================================================================
1   2   3   4   5  6A  6B    7    8   9   10  11  12  13   14  15   16   17  18
                                     12Z  AVG MX 2MIN
DY MAX MIN AVG DEP HDD CDD  WTR  SNW DPTH SPD SPD DIR MIN PSBL S-S WX    SPD DR
================================================================================

 1 104  57  81   4   0  16 0.00    M    M  2.3 10 310   M    M   0        13 310
 2 106  63  85   8   0  20 0.00    M    M  4.6 16 260   M    M   0        20 260
 3  94  73  84   7   0  19 0.00    M    M  8.9 29 250   M    M   0 8      38 240
 4  93  60  77   0   0  12 0.01    M    M  5.5 33 270   M    M   1 8      44 280
 5  90  66  78   2   0  13    T    M    M  6.5 17 310   M    M   2 8      23 190
 6  89  60  75  -1   0  10 0.00    M    M  8.0 17 300   M    M   0 8      21 290
 7  89  60  75  -1   0  10 0.00    M    M  4.6 17 320   M    M   0        21 320
 8  90  62  76   0   0  11 0.00    M    M  6.0 15 140   M    M   0 8      21 120
 9  96  63  80   4   0  15 0.00    M    M  4.6 13 130   M    M   0        18 150
10  94  58  76   1   0  11 0.00    M    M  4.8 18 230   M    M   0        27 240
11 102  58  80   5   0  15 0.00    M    M  3.9 20 130   M    M   0 8      31 120
12 101  67  84   9   0  19 0.00    M    M  4.5 13 160   M    M   0        16 100
13 104  58  81   7   0  16 0.00    M    M  2.5  8 260   M    M   0        10 100
14 100  68  84  10   0  19 0.00    M    M  9.5 35 330   M    M   1 8      44 330
15  87  59  73  -1   0   8 0.00    M    M  4.4 18 320   M    M   2 8      23 330
16  90  60  75   1   0  10 0.00    M    M  5.8 18 310   M    M   0 8      24 310
17  92  60  76   3   0  11 0.00    M    M  7.1 18 320   M    M   0 8      24 310
18  93  59  76   3   0  11 0.00    M    M  4.7 13 340   M    M   0 8      19  40
19  88  56  72  -1   0   7 0.00    M    M  3.5 10 230   M    M   0 8      12 210
20  94  51  73   1   0   8 0.00    M    M  2.6 12 100   M    M   0 8      15  90
21  92  62  77   5   0  12 0.00    M    M 11.0 32 320   M    M   0 8      43 320
22  85  52  69  -3   0   4 0.00    M    M  7.1 22 320   M    M   1 8      34 330
23  89  44  67  -4   0   2 0.00    M    M  2.2 15 180   M    M   0 8      17 160
24  93  50  72   1   0   7 0.00    M    M  1.8  8 280   M    M   0 8      11 330
25  97  58  78   7   0  13 0.00    M    M  3.2  9 270   M    M   0 8      10 260
26  95  52  74   4   0   9 0.00    M    M  2.9 13 160   M    M   0 8      16 160
27  94  63  79   9   0  14 0.00    M    M  4.3 15 160   M    M   0        22 140
================================================================================
SM 2541 1599         0 322  0.01    M    136.8          M        7
================================================================================
AV 94.1 59.2                               5.1 FASTST   M    M   0    MAX(MPH)
                                 MISC ---->  # 35 330               # 44  280
================================================================================
NOTES:
# LAST OF SEVERAL OCCURRENCES

COLUMN 17 PEAK WIND IN M.P.H.

PRELIMINARY LOCAL CLIMATOLOGICAL DATA (WS FORM: F-6) , PAGE 2

                                          STATION:  ONTARIO OR
                                          MONTH:    AUGUST
                                          YEAR:     2015
                                          LATITUDE:   44  1 N
                                          LONGITUDE: 117  1 W

[TEMPERATURE DATA]      [PRECIPITATION DATA]       SYMBOLS USED IN COLUMN 16

AVERAGE MONTHLY: 76.7   TOTAL FOR MONTH:   0.01    1 = FOG OR MIST
DPTR FM NORMAL:   2.7   DPTR FM NORMAL:   -0.14    2 = FOG REDUCING VISIBILITY
HIGHEST:   106 ON  2    GRTST 24HR  0.01 ON  4- 4      TO 1/4 MILE OR LESS
LOWEST:     44 ON 23                               3 = THUNDER
                        SNOW, ICE PELLETS, HAIL    4 = ICE PELLETS
                        TOTAL MONTH:    M          5 = HAIL
                        GRTST 24HR    M  ON   M    6 = FREEZING RAIN OR DRIZZLE
                        GRTST DEPTH:  M  ON   M    7 = DUSTSTORM OR SANDSTORM:
                                                       VSBY 1/2 MILE OR LESS
                                                   8 = SMOKE OR HAZE
[NO. OF DAYS WITH]      [WEATHER - DAYS WITH]      9 = BLOWING SNOW
                                                   X = TORNADO
MAX 32 OR BELOW:   0    0.01 INCH OR MORE:   1
MAX 90 OR ABOVE:  21    0.10 INCH OR MORE:   0
MIN 32 OR BELOW:   0    0.50 INCH OR MORE:   0
MIN  0 OR BELOW:   0    1.00 INCH OR MORE:   0

[HDD (BASE 65) ]
TOTAL THIS MO.     0    CLEAR  (SCALE 0-3)  27
DPTR FM NORMAL    -3    PTCLDY (SCALE 4-7)   0
TOTAL FM JUL 1     2    CLOUDY (SCALE 8-10)  0
DPTR FM NORMAL    -6

[CDD (BASE 65) ]
TOTAL THIS MO.   322
DPTR FM NORMAL    73    [PRESSURE DATA]
TOTAL FM JAN 1  1085    HIGHEST SLP M ON M
DPTR FM NORMAL   313    LOWEST  SLP 29.65 ON  2

[REMARKS]
