584
CXUS51 KAKQ 301010
CF6ORF
PRELIMINARY LOCAL CLIMATOLOGICAL DATA (WS FORM: F-6)

                                          STATION:   NORFOLK VA
                                          MONTH:     APRIL
                                          YEAR:      2016
                                          LATITUDE:   36 54 N
                                          LONGITUDE:  76 12 W

  TEMPERATURE IN F:       :PCPN:    SNOW:  WIND      :SUNSHINE: SKY     :PK WND
================================================================================
1   2   3   4   5  6A  6B    7    8   9   10  11  12  13   14  15   16   17  18
                                     12Z  AVG MX 2MIN
DY MAX MIN AVG DEP HDD CDD  WTR  SNW DPTH SPD SPD DIR MIN PSBL S-S WX    SPD DR
================================================================================

 1  83  69  76  22   0  11    T  0.0    0 17.7 31 220   M    M   5        38 220
 2  70  52  61   7   4   0 0.70  0.0    0 11.3 23 220   M    M   7 1      29 220
 3  59  43  51  -4  14   0 0.00  0.0    0  9.9 22 290   M    M   0        37 280
 4  76  49  63   8   2   0    T  0.0    0 17.8 31 200   M    M   1        41 200
 5  55  37  46  -9  19   0 0.17    T    0 19.9 33  10   M    M   5 1      46 340
 6  61  32  47  -9  18   0 0.00  0.0    0 10.0 21 140   M    M   0        28 150
 7  70  55  63   7   2   0 0.02  0.0    0 14.6 32 210   M    M   5        41 220
 8  61  45  53  -3  12   0 0.00  0.0    0  6.8 16 260   M    M   2        23 280
 9  52  41  47  -9  18   0    T    T    0 12.7 25 250   M    M   4        39 240
10  50  37  44 -13  21   0 0.00  0.0    0  9.5 17 340   M    M   0        27 350
11  75  45  60   3   5   0    T  0.0    0 15.6 26 210   M    M   3        35 200
12  62  53  58   1   7   0 0.42  0.0    0 11.9 21 190   M    M   8 1      31 200
13  54  46  50  -8  15   0 0.00  0.0    0 13.7 23  30   M    M   1        35  40
14  56  46  51  -7  14   0 0.00  0.0    0 12.9 20  60   M    M   0        24  40
15  56  46  51  -7  14   0 0.00  0.0    0 12.7 21  40   M    M   0        27  40
16  59  46  53  -5  12   0 0.00  0.0    0 10.1 21  60   M    M   0        25  70
17  60  44  52  -7  13   0 0.00  0.0    0 10.1 20  20   M    M   0        24  30
18  81  42  62   3   3   0 0.00  0.0    0  4.3 12 360   M    M   0        13 350
19  85  53  69  10   0   4 0.00  0.0    0  6.0 20  60   M    M   0        29  70
20  63  47  55  -5  10   0 0.00  0.0    0 10.4 20  60   M    M   0        24  20
21  80  43  62   2   3   0 0.00  0.0    0 11.8 22 200   M    M   3        27 210
22  79  63  71  11   0   6 0.59  0.0    0 10.3 26 220   M    M   5 13     36 220
23  70  60  65   5   0   0 0.06  0.0    0  8.7 20  10   M    M   7 3      27 360
24  62  49  56  -5   9   0 0.00  0.0    0 10.8 21  10   M    M   0        29  30
25  80  47  64   3   1   0 0.00  0.0    0 13.0 23 220   M    M   0        28 220
26  86  61  74  13   0   9 0.00  0.0    0 15.7 26 230   M    M   0        35 220
27  73  54  64   2   1   0 0.17  0.0    0 12.5 18 220   M    M   5 1      23 230
28  60  55  58  -4   7   0 0.52  0.0    0  8.1 18  30   M    M  10 1      24 260
29  58  54  56  -6   9   0 0.13  0.0    0  9.7 15  40   M    M   9 1      18  40
================================================================================
SM 1936 1414       233  30  2.78    T    338.5          M       80
================================================================================
AV 66.8 48.8                              11.7 FASTST   M    M   3    MAX(MPH)
                                 MISC ---->  # 33  10               # 46  340
================================================================================
NOTES:
# LAST OF SEVERAL OCCURRENCES

COLUMN 17 PEAK WIND IN M.P.H.

PRELIMINARY LOCAL CLIMATOLOGICAL DATA (WS FORM: F-6) , PAGE 2

                                          STATION:  NORFOLK VA
                                          MONTH:    APRIL
                                          YEAR:     2016
                                          LATITUDE:   36 54 N
                                          LONGITUDE:  76 12 W

[TEMPERATURE DATA]      [PRECIPITATION DATA]       SYMBOLS USED IN COLUMN 16

AVERAGE MONTHLY: 57.8   TOTAL FOR MONTH:   2.78    1 = FOG OR MIST
DPTR FM NORMAL:  -0.4   DPTR FM NORMAL:   -0.52    2 = FOG REDUCING VISIBILITY
HIGHEST:    86 ON 26    GRTST 24HR  0.70 ON  2- 2      TO 1/4 MILE OR LESS
LOWEST:     32 ON  6                               3 = THUNDER
                        SNOW, ICE PELLETS, HAIL    4 = ICE PELLETS
                        TOTAL MONTH:    T          5 = HAIL
                        GRTST 24HR    T  ON  9- 9  6 = FREEZING RAIN OR DRIZZLE
                        GRTST DEPTH:   0           7 = DUSTSTORM OR SANDSTORM:
                                                       VSBY 1/2 MILE OR LESS
                                                   8 = SMOKE OR HAZE
[NO. OF DAYS WITH]      [WEATHER - DAYS WITH]      9 = BLOWING SNOW
                                                   X = TORNADO
MAX 32 OR BELOW:   0    0.01 INCH OR MORE:   9
MAX 90 OR ABOVE:   0    0.10 INCH OR MORE:   7
MIN 32 OR BELOW:   1    0.50 INCH OR MORE:   3
MIN  0 OR BELOW:   0    1.00 INCH OR MORE:   0

[HDD (BASE 65) ]
TOTAL THIS MO.   233    CLEAR  (SCALE 0-3)  18
DPTR FM NORMAL    -1    PTCLDY (SCALE 4-7)   9
TOTAL FM JUL 1  2444    CLOUDY (SCALE 8-10)  2
DPTR FM NORMAL  -851

[CDD (BASE 65) ]
TOTAL THIS MO.    30
DPTR FM NORMAL    -8    [PRESSURE DATA]
TOTAL FM JAN 1    48    HIGHEST SLP M ON M
DPTR FM NORMAL     3    LOWEST  SLP 29.47 ON  2

[REMARKS]
