000
CXUS51 KBOX 191200
CF6ORH
PRELIMINARY LOCAL CLIMATOLOGICAL DATA (WS FORM: F-6)

                                          STATION:   WORCESTER MA
                                          MONTH:     OCTOBER
                                          YEAR:      2017
                                          LATITUDE:   42 16 N
                                          LONGITUDE:  71 52 W

  TEMPERATURE IN F:       :PCPN:    SNOW:  WIND      :SUNSHINE: SKY     :PK WND
================================================================================
1   2   3   4   5  6A  6B    7    8   9   10  11  12  13   14  15   16   17  18
                                     12Z  AVG MX 2MIN
DY MAX MIN AVG DEP HDD CDD  WTR  SNW DPTH SPD SPD DIR MIN PSBL S-S WX    SPD DR
================================================================================

 1  62  42  52  -3  13   0 0.00  0.0    M  8.3 14 280   M    M   0        17  10
 2  67  46  57   2   8   0 0.00  0.0    M  5.8 15 340   M    M   0        22 340
 3  65  46  56   1   9   0 0.00  0.0    M  6.0 13 230   M    M   1        17 210
 4  73  48  61   7   4   0 0.00  0.0    M 13.7 22 230   M    M   0        28 230
 5  76  59  68  14   0   3 0.00  0.0    M 10.9 20 250   M    M   1        25 220
 6  68  53  61   8   4   0    T  0.0    M  6.8 15 300   M    M   6        18 300
 7  75  58  67  14   0   2    T  0.0    M  9.0 22 220   M    M   6        27 190
 8  72  67  70  17   0   5 0.25  0.0    M 13.7 23 220   M    M  10 1      33 200
 9  72  68  70  18   0   5 0.42  0.0    M 11.9 26 190   M    M   9 12     36 190
10  73  58  66  14   0   1 0.00  0.0    M  9.1 18 290   M    M   2        24 290
11  68  51  60   8   5   0    T  0.0    M  7.1 13  30   M    M   4        21  40
12  57  43  50  -1  15   0    T    M    M  8.9 16  50   M    M   3        24  50
13  62  41  52   1  13   0 0.00  0.0    M  6.4 15 140   M    M   3        20 130
14  69  53  61  10   4   0 0.01  0.0    M  4.1  9 250   M    M   7 1      10 250
15  70  55  63  13   2   0 0.01  0.0    M 15.1 29 220   M    M   9 12     36 210
16  64  39  52   2  13   0 0.03  0.0    M 12.0 26 280   M    M   4 1      34 300
17  54  35  45  -5  20   0 0.00  0.0    M  8.5 21 240   M    M   0        28 250
18  67  42  55   6  10   0 0.00  0.0    M  9.9 21 250   M    M   0        26 250
================================================================================
SM 1214  904       120  16  0.72     0.0 167.2          M       65
================================================================================
AV 67.4 50.2                               9.3 FASTST   M    M   4    MAX(MPH)
                                 MISC ---->  # 29 220               # 36  190
================================================================================
NOTES:
# LAST OF SEVERAL OCCURRENCES

COLUMN 17 PEAK WIND IN M.P.H.

PRELIMINARY LOCAL CLIMATOLOGICAL DATA (WS FORM: F-6) , PAGE 2

                                          STATION:  WORCESTER MA
                                          MONTH:    OCTOBER
                                          YEAR:     2017
                                          LATITUDE:   42 16 N
                                          LONGITUDE:  71 52 W

[TEMPERATURE DATA]      [PRECIPITATION DATA]       SYMBOLS USED IN COLUMN 16

AVERAGE MONTHLY: 58.8   TOTAL FOR MONTH:   0.72    1 = FOG OR MIST
DPTR FM NORMAL:   6.7   DPTR FM NORMAL:   -2.09    2 = FOG REDUCING VISIBILITY
HIGHEST:    76 ON  5    GRTST 24HR  0.42 ON  9- 9      TO 1/4 MILE OR LESS
LOWEST:     35 ON 17                               3 = THUNDER
                        SNOW, ICE PELLETS, HAIL    4 = ICE PELLETS
                        TOTAL MONTH:   0.0 INCH    5 = HAIL
                        GRTST 24HR     0.0         6 = FREEZING RAIN OR DRIZZLE
                        GRTST DEPTH:  M  ON   M    7 = DUSTSTORM OR SANDSTORM:
                                                       VSBY 1/2 MILE OR LESS
                                                   8 = SMOKE OR HAZE
[NO. OF DAYS WITH]      [WEATHER - DAYS WITH]      9 = BLOWING SNOW
                                                   X = TORNADO
MAX 32 OR BELOW:   0    0.01 INCH OR MORE:   5
MAX 90 OR ABOVE:   0    0.10 INCH OR MORE:   2
MIN 32 OR BELOW:   0    0.50 INCH OR MORE:   0
MIN  0 OR BELOW:   0    1.00 INCH OR MORE:   0

[HDD (BASE 65) ]
TOTAL THIS MO.   120    CLEAR  (SCALE 0-3)  10
DPTR FM NORMAL  -115    PTCLDY (SCALE 4-7)   5
TOTAL FM JUL 1   264    CLOUDY (SCALE 8-10)  3
DPTR FM NORMAL  -164

[CDD (BASE 65) ]
TOTAL THIS MO.    16
DPTR FM NORMAL    16    [PRESSURE DATA]
TOTAL FM JAN 1   531    HIGHEST SLP M ON M
DPTR FM NORMAL    63    LOWEST  SLP 29.70 ON 15

[REMARKS]
