000
CXUS56 KMFR 201000
CF6OTH
PRELIMINARY LOCAL CLIMATOLOGICAL DATA (WS FORM: F-6)

                                          STATION:   NORTH BEND OR
                                          MONTH:     FEBRUARY
                                          YEAR:      2018
                                          LATITUDE:   43 25 N
                                          LONGITUDE: 124 15 W

  TEMPERATURE IN F:       :PCPN:    SNOW:  WIND      :SUNSHINE: SKY     :PK WND
================================================================================
1   2   3   4   5  6A  6B    7    8   9   10  11  12  13   14  15   16   17  18
                                     12Z  AVG MX 2MIN
DY MAX MIN AVG DEP HDD CDD  WTR  SNW DPTH SPD SPD DIR MIN PSBL S-S WX    SPD DR
================================================================================

 1   M   M   M   M   M   M    T    M    M  4.8 12 140   M    M   9         M  M
 2  56  47  52   6  13   0 0.08    M    M  6.0 13 290   M    M   8 1       M  M
 3  57  49  53   7  12   0    T    M    M  4.7 10 340   M    M   8 12      M  M
 4  57  47  52   6  13   0 0.01    M    M  4.5  9 320   M    M  10 12      M  M
 5  55  45  50   4  15   0 0.01    M    M  5.0 13 330   M    M   7 12      M  M
 6  53  40  47   1  18   0 0.01    M    M  5.1 17 350   M    M   6 12      M  M
 7  63  38  51   5  14   0    T    M    M  3.2  9 350   M    M   0 1       M  M
 8  58  41  50   4  15   0    T    M    M  5.8 10 350   M    M   3 1       M  M
 9  52  43  48   2  17   0 0.02    M    M  8.4 21 350   M    M   5 1      25 350
10  54  35  45  -1  20   0    T    M    M  5.8 10  50   0    0   0         M  M
11  51  36  44  -2  21   0 0.20    M    M  7.3 14 360   M    M   6 1       M  M
12  52  31  42  -4  23   0 0.00    M    M  6.2 15  30   M    M   2        21  30
13  53  27  40  -6  25   0 0.00    M    M  4.6 13 350   0    0   0         M  M
14  51  37  44  -2  21   0 0.36    M    M  9.1 17 320   M    M   8 1      22 330
15  51  38  45  -1  20   0 0.02    M    M  5.8 10 340   M    M   5         M  M
16  51  37  44  -2  21   0    T    M    M  7.3 10 260   M    M  10 1       M  M
17  51  46  49   3  16   0 0.26    M    M 11.4 22 270   M    M   M        32 240
18  46  34  40  -6  25   0 0.38    M    M 16.1 24 350   M    M   M        32 290
19  44  32  38  -9  27   0 0.30    M    M  6.4 14 340   M    M   8 1       M  M
================================================================================
SM  955  703       336   0  1.65    M    127.5            0     95
================================================================================
AV 53.1 39.1                               6.7 FASTST    0   0   6    MAX(MPH)
                                 MISC ---->  # 24 350               # 32  240
================================================================================
NOTES:
# LAST OF SEVERAL OCCURRENCES

COLUMN 17 PEAK WIND IN M.P.H.

PRELIMINARY LOCAL CLIMATOLOGICAL DATA (WS FORM: F-6) , PAGE 2

                                          STATION:  NORTH BEND OR
                                          MONTH:    FEBRUARY
                                          YEAR:     2018
                                          LATITUDE:   43 25 N
                                          LONGITUDE: 124 15 W

[TEMPERATURE DATA]      [PRECIPITATION DATA]       SYMBOLS USED IN COLUMN 16

AVERAGE MONTHLY: 46.1   TOTAL FOR MONTH:   1.65    1 = FOG OR MIST
DPTR FM NORMAL:   0.0   DPTR FM NORMAL:   -3.48    2 = FOG REDUCING VISIBILITY
HIGHEST:    63 ON  7    GRTST 24HR  0.38 ON 18-18      TO 1/4 MILE OR LESS
LOWEST:     27 ON 13                               3 = THUNDER
                        SNOW, ICE PELLETS, HAIL    4 = ICE PELLETS
                        TOTAL MONTH:    M          5 = HAIL
                        GRTST 24HR    M  ON   M    6 = FREEZING RAIN OR DRIZZLE
                        GRTST DEPTH:  M  ON   M    7 = DUSTSTORM OR SANDSTORM:
                                                       VSBY 1/2 MILE OR LESS
                                                   8 = SMOKE OR HAZE
[NO. OF DAYS WITH]      [WEATHER - DAYS WITH]      9 = BLOWING SNOW
                                                   X = TORNADO
MAX 32 OR BELOW:   0    0.01 INCH OR MORE:  11
MAX 90 OR ABOVE:   0    0.10 INCH OR MORE:   5
MIN 32 OR BELOW:   3    0.50 INCH OR MORE:   0
MIN  0 OR BELOW:   0    1.00 INCH OR MORE:   0

[HDD (BASE 65) ]
TOTAL THIS MO.   336    CLEAR  (SCALE 0-3)   4
DPTR FM NORMAL   -23    PTCLDY (SCALE 4-7)   8
TOTAL FM JUL 1  2470    CLOUDY (SCALE 8-10)  5
DPTR FM NORMAL  -544

[CDD (BASE 65) ]
TOTAL THIS MO.     0
DPTR FM NORMAL     0    [PRESSURE DATA]
TOTAL FM JAN 1     0    HIGHEST SLP M ON M
DPTR FM NORMAL     0    LOWEST  SLP  0.00 ON 18

[REMARKS]
