000
CXUS56 KMFR 011000
CF6OTH
PRELIMINARY LOCAL CLIMATOLOGICAL DATA (WS FORM: F-6)

                                          STATION:   NORTH BEND OR
                                          MONTH:     APRIL
                                          YEAR:      2016
                                          LATITUDE:   43 25 N
                                          LONGITUDE: 124 15 W

  TEMPERATURE IN F:       :PCPN:    SNOW:  WIND      :SUNSHINE: SKY     :PK WND
================================================================================
1   2   3   4   5  6A  6B    7    8   9   10  11  12  13   14  15   16   17  18
                                     12Z  AVG MX 2MIN
DY MAX MIN AVG DEP HDD CDD  WTR  SNW DPTH SPD SPD DIR MIN PSBL S-S WX    SPD DR
================================================================================

 1  57  45  51   3  14   0 0.00    M    M  5.4 13 340   0    0   0         M  M
 2  57  45  51   3  14   0 0.00    M    M  4.0  9 330   M    M   4         M  M
 3  66  43  55   7  10   0 0.31    M    M  7.6 17 240   M    M   7        22 250
 4  57  46  52   4  13   0 0.18    M    M  6.1 10 270   M    M   5         M  M
 5  61  41  51   3  14   0 0.00    M    M  9.5 22 360   M    M   0        27 360
 6  77  45  61  13   4   0 0.00    M    M  3.7  8 140   0    0   0         M  M
 7  79  54  67  19   0   2 0.00    M    M  4.9 13 260   0    0   0         M  M
 8  57  54  56   8   9   0 0.00    M    M  7.3 14 360   0    0   0         M  M
 9  55  52  54   6  11   0 0.06    M    M  6.2 12 330   0    0   0         M  M
10  55  50  53   4  12   0 0.01    M    M  7.0 16 360   M    M   8        18 340
11  59  48  54   5  11   0 0.00    M    M  7.1 15 340   M    M   M         M  M
12  61  45  53   4  12   0 0.18    M    M  7.2 16 240   M    M   8        23 240
13  63  45  54   5  11   0 0.26    M    M 10.3 17 180   M    M   5        41 200
14  57  46  52   3  13   0 0.89    M    M 17.4 27 260   M    M   8        32 240
15  61  43  52   3  13   0 0.00    M    M  6.2 12 360   M    M   2         M  M
16  66  43  55   6  10   0 0.00    M    M  5.9 20 360   M    M   0        30 360
17  86  52  69  20   0   4 0.00    M    M  4.4 12 270   0    0   0         M  M
18  68  50  59  10   6   0 0.01    M    M  5.7 10 130   0    0   0         M  M
19  64  52  58   9   7   0 0.02    M    M  4.2 10 310   0    0   0         M  M
20  61  52  57   7   8   0 0.00    M    M  4.4 12 290   0    0   0         M  M
21  68  48  58   8   7   0 0.01    M    M  6.2 20 250   M    M   5        29 240
22  61  48  55   5  10   0 0.17    M    M  9.7 16 250   M    M   4        24 250
23  57  48  53   3  12   0 0.24    M    M  9.2 16 240   M    M  10        22 250
24  55  45  50   0  15   0 0.65    M    M  9.2 20 320   M    M   8        22 290
25  57  43  50   0  15   0 0.10    M    M  8.5 17 350   M    M   3        23 340
26  55  39  47  -3  18   0 0.00    M    M  5.2  9 140   M    M   M         M  M
27  61  48  55   5  10   0 0.28    M    M  8.5 20 350   M    M   8        28 360
28  57  52  55   4  10   0 0.00    M    M  8.5 15 350   M    M   8        21 350
29  57  52  55   4  10   0 0.04    M    M  8.2 18 360   M    M   9        25 350
30  59  48  54   3  11   0 0.00    M    M 13.3 27 360   M    M   2        35 360
================================================================================
SM 1854 1422       310   6  3.41    M    221.0            0    104
================================================================================
AV 61.8 47.4                               7.4 FASTST    0   0   4    MAX(MPH)
                                 MISC ---->  # 27 260                 41    M
================================================================================
NOTES:
# LAST OF SEVERAL OCCURRENCES

COLUMN 17 PEAK WIND IN M.P.H.

PRELIMINARY LOCAL CLIMATOLOGICAL DATA (WS FORM: F-6) , PAGE 2

                                          STATION:  NORTH BEND OR
                                          MONTH:    APRIL
                                          YEAR:     2016
                                          LATITUDE:   43 25 N
                                          LONGITUDE: 124 15 W

[TEMPERATURE DATA]      [PRECIPITATION DATA]       SYMBOLS USED IN COLUMN 16

AVERAGE MONTHLY: 54.6   TOTAL FOR MONTH:   3.41    1 = FOG OR MIST
DPTR FM NORMAL:   5.4   DPTR FM NORMAL:   -1.76    2 = FOG REDUCING VISIBILITY
HIGHEST:    86 ON 17    GRTST 24HR  0.89 ON 14-14      TO 1/4 MILE OR LESS
LOWEST:     39 ON 26                               3 = THUNDER
                        SNOW, ICE PELLETS, HAIL    4 = ICE PELLETS
                        TOTAL MONTH:    M          5 = HAIL
                        GRTST 24HR    M  ON   M    6 = FREEZING RAIN OR DRIZZLE
                        GRTST DEPTH:  M  ON   M    7 = DUSTSTORM OR SANDSTORM:
                                                       VSBY 1/2 MILE OR LESS
                                                   8 = SMOKE OR HAZE
[NO. OF DAYS WITH]      [WEATHER - DAYS WITH]      9 = BLOWING SNOW
                                                   X = TORNADO
MAX 32 OR BELOW:   0    0.01 INCH OR MORE:  16
MAX 90 OR ABOVE:   0    0.10 INCH OR MORE:  10
MIN 32 OR BELOW:   0    0.50 INCH OR MORE:   2
MIN  0 OR BELOW:   0    1.00 INCH OR MORE:   0

[HDD (BASE 65) ]
TOTAL THIS MO.   310    CLEAR  (SCALE 0-3)  14
DPTR FM NORMAL  -164    PTCLDY (SCALE 4-7)  10
TOTAL FM JUL 1  3058    CLOUDY (SCALE 8-10)  4
DPTR FM NORMAL -1128

[CDD (BASE 65) ]
TOTAL THIS MO.     6
DPTR FM NORMAL     6    [PRESSURE DATA]
TOTAL FM JAN 1     8    HIGHEST SLP M ON M
DPTR FM NORMAL     8    LOWEST  SLP  0.00 ON  3

[REMARKS]
#FINAL-04-16#
