000
CXAK56 PAFG 281221
CF6OTZ
PRELIMINARY LOCAL CLIMATOLOGICAL DATA (WS FORM: F-6)

                                          STATION:   KOTZEBUE AK
                                          MONTH:     SEPTEMBER
                                          YEAR:      2016
                                          LATITUDE:   66 52 N
                                          LONGITUDE: 162 38 W

  TEMPERATURE IN F:       :PCPN:    SNOW:  WIND      :SUNSHINE: SKY     :PK WND
================================================================================
1   2   3   4   5  6A  6B    7    8   9   10  11  12  13   14  15   16   17  18
                                     12Z  AVG MX 2MIN
DY MAX MIN AVG DEP HDD CDD  WTR  SNW DPTH SPD SPD DIR MIN PSBL S-S WX    SPD DR
================================================================================

 1  61  46  54   6  11   0 0.00  0.0    0  6.5 12 110   M    M   1        14 110
 2  66  49  58  10   7   0 0.00  0.0    0  7.0 13  90   M    M   0        18  90
 3  68  49  59  11   6   0 0.00  0.0    0  7.0 13  80   M    M   0        17  80
 4  60  48  54   7  11   0 0.00  0.0    0  8.8 14 290   M    M   0        16 290
 5  56  40  48   1  17   0 0.00  0.0    0 15.9 25  20   M    M   1        30  30
 6  54  35  45  -2  20   0 0.00  0.0    0 15.2 21  10   M    M   0        29  10
 7  56  40  48   2  17   0 0.00  0.0    0 11.5 21 350   M    M   1        26 360
 8  51  40  46   0  19   0 0.00  0.0    0  8.4 17 290   M    M   1        20 290
 9  53  40  47   1  18   0 0.00  0.0    0  5.6 14 250   M    M   0 1      15 250
10  50  46  48   3  17   0 0.00  0.0    0  7.8 15 260   M    M   9        18 230
11  52  44  48   3  17   0    T  0.0    0 10.4 22  70   M    M   9 1      25  70
12  49  41  45   1  20   0 0.17  0.0    0 11.9 20  50   M    M   9 18     24  40
13  43  35  39  -5  26   0    T  0.0    0 10.1 18  20   M    M   9        22  10
14  43  32  38  -6  27   0 0.00  0.0    0 13.2 18  10   M    M   0        22  10
15  43  28  36  -7  29   0 0.00  0.0    0 10.9 15  20   M    M   3        18  20
16  44  33  39  -4  26   0    T  0.0    0  6.8 17 310   M    M   6        20 310
17  45  37  41  -1  24   0 0.06  0.0    0 17.3 26 290   M    M   9 18     33 280
18  43  35  39  -3  26   0 0.10  0.0    0  7.9 23 280   M    M   8 1      26 280
19  49  39  44   3  21   0 0.31  0.0    0 19.0 30 130   M    M  10 1      36 130
20  51  42  47   6  18   0 0.06  0.0    0 17.0 28 120   M    M   8 1      33 120
21  47  41  44   4  21   0 0.61  0.0    0  9.4 20 270   M    M   8 1      24 270
22  45  38  42   3  23   0 0.00  0.0    0 12.6 24 340   M    M   3        29 340
23  43  37  40   1  25   0 0.00  0.0    0 14.2 25 330   M    M   4        29 350
24  40  34  37  -1  28   0 0.01    T    0  5.5 13 330   M    M   6 1      14 310
25  42  33  38   0  27   0 0.37  0.2    0 11.2 20 100   M    M  10 1      24 100
26  39  32  36  -1  29   0 0.00  0.0    0 12.4 20 350   M    M   1        24 340
27  43  28  36  -1  29   0 0.02  0.0    0 17.2 28 130   M    M   6        33 130
================================================================================
SM 1336 1042       559   0  1.71     0.2 300.7          M      122
================================================================================
AV 49.5 38.6                              11.1 FASTST   M    M   5    MAX(MPH)
                                 MISC ---->  # 30 130               # 36  130
================================================================================
NOTES:
# LAST OF SEVERAL OCCURRENCES

COLUMN 17 PEAK WIND IN M.P.H.

PRELIMINARY LOCAL CLIMATOLOGICAL DATA (WS FORM: F-6) , PAGE 2

                                          STATION:  KOTZEBUE AK
                                          MONTH:    SEPTEMBER
                                          YEAR:     2016
                                          LATITUDE:   66 52 N
                                          LONGITUDE: 162 38 W

[TEMPERATURE DATA]      [PRECIPITATION DATA]       SYMBOLS USED IN COLUMN 16

AVERAGE MONTHLY: 44.0   TOTAL FOR MONTH:   1.71    1 = FOG OR MIST
DPTR FM NORMAL:   0.9   DPTR FM NORMAL:    0.27    2 = FOG REDUCING VISIBILITY
HIGHEST:    68 ON  3    GRTST 24HR  0.61 ON 21-21      TO 1/4 MILE OR LESS
LOWEST:     28 ON 27,15                            3 = THUNDER
                        SNOW, ICE PELLETS, HAIL    4 = ICE PELLETS
                        TOTAL MONTH:   0.2 INCH    5 = HAIL
                        GRTST 24HR   0.2 ON   M    6 = FREEZING RAIN OR DRIZZLE
                        GRTST DEPTH:   0           7 = DUSTSTORM OR SANDSTORM:
                                                       VSBY 1/2 MILE OR LESS
                                                   8 = SMOKE OR HAZE
[NO. OF DAYS WITH]      [WEATHER - DAYS WITH]      9 = BLOWING SNOW
                                                   X = TORNADO
MAX 32 OR BELOW:   0    0.01 INCH OR MORE:   9
MAX 90 OR ABOVE:   0    0.10 INCH OR MORE:   5
MIN 32 OR BELOW:   4    0.50 INCH OR MORE:   1
MIN  0 OR BELOW:   0    1.00 INCH OR MORE:   0

[HDD (BASE 65) ]
TOTAL THIS MO.   559    CLEAR  (SCALE 0-3)  13
DPTR FM NORMAL   -32    PTCLDY (SCALE 4-7)   6
TOTAL FM JUL 1  1051    CLOUDY (SCALE 8-10)  8
DPTR FM NORMAL  -278

[CDD (BASE 65) ]
TOTAL THIS MO.     0
DPTR FM NORMAL     0    [PRESSURE DATA]
TOTAL FM JAN 1     5    HIGHEST SLP M ON M
DPTR FM NORMAL     0    LOWEST  SLP 29.07 ON 17

[REMARKS]
