000
CXUS55 KLOX 191655
CF6OXR
PRELIMINARY LOCAL CLIMATOLOGICAL DATA (WS FORM: F-6)

                                          STATION:   OXNARD AIRPORT CA
                                          MONTH:     FEBRUARY
                                          YEAR:      2017
                                          LATITUDE:   34 12 N
                                          LONGITUDE: 119 12 W

  TEMPERATURE IN F:       :PCPN:    SNOW:  WIND      :SUNSHINE: SKY     :PK WND
================================================================================
1   2   3   4   5  6A  6B    7    8   9   10  11  12  13   14  15   16   17  18
                                     12Z  AVG MX 2MIN
DY MAX MIN AVG DEP HDD CDD  WTR  SNW DPTH SPD SPD DIR MIN PSBL S-S WX    SPD DR
================================================================================

 1  64  47  56   1   9   0 0.00  0.0    0  5.3 14 180   M    M   2 8      19 160
 2  64  50  57   2   8   0 0.09  0.0    0  4.3 12  40   M    M   9 18     14  50
 3  64  57  61   6   4   0 0.16  0.0    0  5.3  9 190   M    M   9 18     14 200
 4  61  56  59   4   6   0 0.05  0.0    0  4.3 14 270   M    M   8 128    22 260
 5  62  52  57   2   8   0 0.06  0.0    0  4.8 10 200   M    M   9 18     13 200
 6  62  55  59   4   6   0 1.02  0.0    0  5.6 12  60   M    M  10 18     14  60
 7  65  58  62   7   3   0 0.19  0.0    0  3.5 10 220   M    M  10 18     13 230
 8  68  60  64   9   1   0 0.08  0.0    0  3.4 12 270   M    M   8 12     14 270
 9  64  56  60   5   5   0 0.00  0.0    0  5.7 16 280   M    M   7 128    20 270
10  64  57  61   6   4   0 0.31  0.0    0  4.7 14 280   M    M   6 18     17  70
11  64  53  59   4   6   0 0.01  0.0    0  8.2 26 270   M    M   5 18     32 260
12  69  48  59   4   6   0 0.00  0.0    0  6.8 17 280   M    M   0 18     20 290
13  67  47  57   1   8   0 0.00  0.0    0  5.5 16 280   M    M   0 18     19 280
14  65  51  58   2   7   0 0.00  0.0    0  4.0 10  40   M    M   1 18     14 230
15  74  50  62   6   3   0 0.00  0.0    0  4.6 16 280   M    M   2 128    21 280
16  62  51  57   1   8   0 0.04  0.0    0  5.5 17 270   M    M   8 128    20 280
17  61  55  58   2   7   0 3.26  0.0    0 14.6 31 120   M    M  10 1      46 130
18  61  51  56   0   9   0 1.28  0.0    0 10.8 24 270   M    M   6 18     29 270
================================================================================
SM 1161  954       108   0  6.55     0.0 106.9          M      110
================================================================================
AV 64.5 53.0                               5.9 FASTST   M    M   6    MAX(MPH)
                                 MISC ---->  # 31 120               # 46  130
================================================================================
NOTES:
# LAST OF SEVERAL OCCURRENCES

COLUMN 17 PEAK WIND IN M.P.H.

PRELIMINARY LOCAL CLIMATOLOGICAL DATA (WS FORM: F-6) , PAGE 2

                                          STATION:  OXNARD AIRPORT CA
                                          MONTH:    FEBRUARY
                                          YEAR:     2017
                                          LATITUDE:   34 12 N
                                          LONGITUDE: 119 12 W

[TEMPERATURE DATA]      [PRECIPITATION DATA]       SYMBOLS USED IN COLUMN 16

AVERAGE MONTHLY: 58.8   TOTAL FOR MONTH:   6.55    1 = FOG OR MIST
DPTR FM NORMAL:   3.4   DPTR FM NORMAL:    4.38    2 = FOG REDUCING VISIBILITY
HIGHEST:    74 ON 15    GRTST 24HR  4.06 ON 17-18      TO 1/4 MILE OR LESS
LOWEST:     47 ON 13, 1                            3 = THUNDER
                        SNOW, ICE PELLETS, HAIL    4 = ICE PELLETS
                        TOTAL MONTH:   0.0 INCH    5 = HAIL
                        GRTST 24HR     0.0         6 = FREEZING RAIN OR DRIZZLE
                        GRTST DEPTH:   0           7 = DUSTSTORM OR SANDSTORM:
                                                       VSBY 1/2 MILE OR LESS
                                                   8 = SMOKE OR HAZE
[NO. OF DAYS WITH]      [WEATHER - DAYS WITH]      9 = BLOWING SNOW
                                                   X = TORNADO
MAX 32 OR BELOW:   0    0.01 INCH OR MORE:  12
MAX 90 OR ABOVE:   0    0.10 INCH OR MORE:   6
MIN 32 OR BELOW:   0    0.50 INCH OR MORE:   3
MIN  0 OR BELOW:   0    1.00 INCH OR MORE:   3

[HDD (BASE 65) ]
TOTAL THIS MO.   108    CLEAR  (SCALE 0-3)   5
DPTR FM NORMAL   -69    PTCLDY (SCALE 4-7)   6
TOTAL FM JUL 1   727    CLOUDY (SCALE 8-10)  7
DPTR FM NORMAL  -471

[CDD (BASE 65) ]
TOTAL THIS MO.     0
DPTR FM NORMAL     0    [PRESSURE DATA]
TOTAL FM JAN 1     1    HIGHEST SLP M ON M
DPTR FM NORMAL    -5    LOWEST  SLP 29.85 ON 16

[REMARKS]
