405
CXUS55 KRIW 280945
CF6P60
PRELIMINARY LOCAL CLIMATOLOGICAL DATA (WS FORM: F-6)

                                          STATION:   LAKE YELLOWSTONE WY
                                          MONTH:     APRIL
                                          YEAR:      2016
                                          LATITUDE:   44 32 N
                                          LONGITUDE: 110 25 W

  TEMPERATURE IN F:       :PCPN:    SNOW:  WIND      :SUNSHINE: SKY     :PK WND
================================================================================
1   2   3   4   5  6A  6B    7    8   9   10  11  12  13   14  15   16   17  18
                                     12Z  AVG MX 2MIN
DY MAX MIN AVG DEP HDD CDD  WTR  SNW DPTH SPD SPD DIR MIN PSBL S-S WX    SPD DR
================================================================================

 1  45  12  29   2  36   0 0.00  0.0    M  1.9 10 300   M    M   0        16 280
 2  48  18  33   5  32   0 0.00  0.0    M  2.9 17 280   M    M   0        25 270
 3  50  20  35   7  30   0 0.00  0.0    M  3.8 16 280   M    M   0        25 270
 4  49  22  36   8  29   0 0.34    M    M  2.9 17 280   M    M   0        28 320
 5  36  17  27  -1  38   0 0.00  0.0    M  6.3 17 290   M    M   0        27 280
 6  47  14  31   2  34   0 0.00  0.0    M  4.8 21 290   M    M   0        33 270
 7  54  19  37   8  28   0 0.00  0.0    M  2.8 10 320   M    M   0        16 360
 8  54  16  35   6  30   0 0.00  0.0    M  1.7  6 100   M    M   0         8 100
 9  56  20  38   9  27   0 0.00  0.0    M  3.2 16 280   M    M   0        23 270
10  50  26  38   8  27   0 0.00  0.0    0  1.8  9 300   M    M   0        16 300
11  53  25  39   9  26   0 0.01    M    M  1.7 13 270   M    M   0        18 270
12  55  26  41  11  24   0 0.01    M    M  2.1  9 270   M    M   0        16 290
13  46  27  37   7  28   0 0.15    M    M  3.3 13 270   M    M   0        23 220
14  37  23  30  -1  35   0 0.28    M    M  1.5 15 270   M    M   0        23 280
15  37  17  27  -4  38   0 0.01    M    M  4.3 14 320   M    M   0        24 310
16  43  13  28  -3  37   0 0.00  0.0    M  4.0 13 330   M    M   0        20  30
17  45  16  31  -1  34   0 0.00  0.0    M  3.0 14  90   M    M   0        24  90
18  44  20  32   0  33   0 0.00  0.0    M  3.5 12 320   M    M   0        20 330
19  53  25  39   7  26   0 0.00  0.0    M  2.6 12 310   M    M   0        19  30
20  57  25  41   9  24   0 0.00  0.0    M  1.6  6  20   M    M   0        11  20
21  56  24  40   7  25   0 0.00  0.0    M  1.6  7 100   M    M   0        12 110
22  61  28  45  12  20   0 0.00  0.0    M  2.0 10 220   M    M   0        22 190
23  48  30  39   6  26   0 0.02    M    M  2.8 13 310   M    M   0        21 310
24  48  30  39   5  26   0 0.12    M    M  2.5 14 280   M    M   0        21 320
25  38  31  35   1  30   0 0.39    M    M  0.7  9  20   M    M   0        15  20
26  35  29  32  -2  33   0 0.00  0.0    M  3.6 12 310   M    M   0        19 330
27  39  27  33  -1  32   0 0.00  0.0    M  2.0  8  20   M    M   0        14  20
================================================================================
SM 1284  600       808   0  1.33     0.0  74.9          M        0
================================================================================
AV 47.6 22.2                               2.8 FASTST   M    M   0    MAX(MPH)
                                 MISC ---->  # 21 290               # 33  270
================================================================================
NOTES:
# LAST OF SEVERAL OCCURRENCES

COLUMN 17 PEAK WIND IN M.P.H.

PRELIMINARY LOCAL CLIMATOLOGICAL DATA (WS FORM: F-6) , PAGE 2

                                          STATION:  LAKE YELLOWSTONE WY
                                          MONTH:    APRIL
                                          YEAR:     2016
                                          LATITUDE:   44 32 N
                                          LONGITUDE: 110 25 W

[TEMPERATURE DATA]      [PRECIPITATION DATA]       SYMBOLS USED IN COLUMN 16

AVERAGE MONTHLY: 34.9   TOTAL FOR MONTH:   1.33    1 = FOG OR MIST
DPTR FM NORMAL:   4.1   DPTR FM NORMAL:   -0.52    2 = FOG REDUCING VISIBILITY
HIGHEST:    61 ON 22    GRTST 24HR  0.43 ON 24-25      TO 1/4 MILE OR LESS
LOWEST:     12 ON  1                               3 = THUNDER
                        SNOW, ICE PELLETS, HAIL    4 = ICE PELLETS
                        TOTAL MONTH:   0.0 INCH    5 = HAIL
                        GRTST 24HR     0.0         6 = FREEZING RAIN OR DRIZZLE
                        GRTST DEPTH:   0           7 = DUSTSTORM OR SANDSTORM:
                                                       VSBY 1/2 MILE OR LESS
                                                   8 = SMOKE OR HAZE
[NO. OF DAYS WITH]      [WEATHER - DAYS WITH]      9 = BLOWING SNOW
                                                   X = TORNADO
MAX 32 OR BELOW:   0    0.01 INCH OR MORE:   9
MAX 90 OR ABOVE:   0    0.10 INCH OR MORE:   5
MIN 32 OR BELOW:  27    0.50 INCH OR MORE:   0
MIN  0 OR BELOW:   0    1.00 INCH OR MORE:   0

[HDD (BASE 65) ]
TOTAL THIS MO.   808    CLEAR  (SCALE 0-3)  27
DPTR FM NORMAL  -115    PTCLDY (SCALE 4-7)   0
TOTAL FM JUL 1  9901    CLOUDY (SCALE 8-10)  0
DPTR FM NORMAL  -261

[CDD (BASE 65) ]
TOTAL THIS MO.     0
DPTR FM NORMAL     0    [PRESSURE DATA]
TOTAL FM JAN 1     0    HIGHEST SLP M ON M
DPTR FM NORMAL     0    LOWEST  SLP 29.67 ON 24

[REMARKS]
