000
CXUS55 KRIW 230945
CF6P60
PRELIMINARY LOCAL CLIMATOLOGICAL DATA (WS FORM: F-6)

                                          STATION:   LAKE YELLOWSTONE WY
                                          MONTH:     JUNE
                                          YEAR:      2017
                                          LATITUDE:   44 32 N
                                          LONGITUDE: 110 25 W

  TEMPERATURE IN F:       :PCPN:    SNOW:  WIND      :SUNSHINE: SKY     :PK WND
================================================================================
1   2   3   4   5  6A  6B    7    8   9   10  11  12  13   14  15   16   17  18
                                     12Z  AVG MX 2MIN
DY MAX MIN AVG DEP HDD CDD  WTR  SNW DPTH SPD SPD DIR MIN PSBL S-S WX    SPD DR
================================================================================

 1  68  33  51   7  14   0 0.03    M    M  2.4 20 280   M    M   0        29 270
 2  62  36  49   5  16   0 0.00  0.0    0  3.0 10 290   M    M   0        18 190
 3  69  30  50   5  15   0 0.00  0.0    0  2.3 12 270   M    M   0        17 260
 4  70  32  51   6  14   0 0.00    M    M  3.1 26 280   M    M   0        42 280
 5  65  34  50   5  15   0 0.00    M    M  3.7 14 280   M    M   0        22 250
 6  71  30  51   5  14   0 0.00    M    M  2.3 13 290   M    M   0        17 260
 7  75  38  57  11   8   0 0.00    M    M  1.9 10 250   M    M   0        18 230
 8  73  37  55   9  10   0 0.00    M    M  3.4 12 270   M    M   0        18 270
 9  59  34  47   1  18   0 0.31    M    M  4.8 15 280   M    M   0        24 280
10  50  30  40  -7  25   0 0.00  0.0    M  3.8 13 250   M    M   0        25 200
11  57  27  42  -5  23   0 0.00  0.0    M  1.8 10  80   M    M   0        17  60
12  60  32  46  -1  19   0 0.42    M    M  3.6 20 280   M    M   0        33 280
13  40  32  36 -12  29   0 0.16    M    M  4.8 14 280   M    M   0        20 260
14  53  36  45  -3  20   0 0.00  0.0    M  4.0 15 280   M    M   0        24 290
15  57  32  45  -3  20   0 0.00  0.0    0  3.6 15 260   M    M   0        25 290
16  53  43  48  -1  17   0 0.27  0.0    0  5.3 15 280   M    M   0        22 280
17  57  37  47  -2  18   0 0.00  0.0    0  4.6 14 290   M    M   0        24 290
18  58  32  45  -4  20   0 0.00  0.0    0  4.5 16 280   M    M   0        24 260
19  70  32  51   1  14   0 0.00  0.0    0  2.8 14 270   M    M   0        19 280
20  76  36  56   6   9   0 0.00  0.0    0  2.9 17 270   M    M   0        29 230
21  73  37  55   5  10   0 0.00    M    M  4.8 18 280   M    M   0        29 280
22  64  35  50   0  15   0 0.00    M    M  5.0 18 270   M    M   0        27 290
================================================================================
SM 1380  745       363   0  1.19     0.0  78.4          M        0
================================================================================
AV 62.7 33.9                               3.6 FASTST   M    M   0    MAX(MPH)
                                 MISC ---->  # 26 280               # 42  280
================================================================================
NOTES:
# LAST OF SEVERAL OCCURRENCES

COLUMN 17 PEAK WIND IN M.P.H.

PRELIMINARY LOCAL CLIMATOLOGICAL DATA (WS FORM: F-6) , PAGE 2

                                          STATION:  LAKE YELLOWSTONE WY
                                          MONTH:    JUNE
                                          YEAR:     2017
                                          LATITUDE:   44 32 N
                                          LONGITUDE: 110 25 W

[TEMPERATURE DATA]      [PRECIPITATION DATA]       SYMBOLS USED IN COLUMN 16

AVERAGE MONTHLY: 48.3   TOTAL FOR MONTH:   1.19    1 = FOG OR MIST
DPTR FM NORMAL:   1.1   DPTR FM NORMAL:   -0.42    2 = FOG REDUCING VISIBILITY
HIGHEST:    76 ON 20    GRTST 24HR  0.42 ON 12-12      TO 1/4 MILE OR LESS
LOWEST:     27 ON 11                               3 = THUNDER
                        SNOW, ICE PELLETS, HAIL    4 = ICE PELLETS
                        TOTAL MONTH:   0.0 INCH    5 = HAIL
                        GRTST 24HR     0.0         6 = FREEZING RAIN OR DRIZZLE
                        GRTST DEPTH:   0           7 = DUSTSTORM OR SANDSTORM:
                                                       VSBY 1/2 MILE OR LESS
                                                   8 = SMOKE OR HAZE
[NO. OF DAYS WITH]      [WEATHER - DAYS WITH]      9 = BLOWING SNOW
                                                   X = TORNADO
MAX 32 OR BELOW:   0    0.01 INCH OR MORE:   5
MAX 90 OR ABOVE:   0    0.10 INCH OR MORE:   4
MIN 32 OR BELOW:  10    0.50 INCH OR MORE:   0
MIN  0 OR BELOW:   0    1.00 INCH OR MORE:   0

[HDD (BASE 65) ]
TOTAL THIS MO.   363    CLEAR  (SCALE 0-3)  22
DPTR FM NORMAL   -25    PTCLDY (SCALE 4-7)   0
TOTAL FM JUL 1 11362    CLOUDY (SCALE 8-10)  0
DPTR FM NORMAL   -54

[CDD (BASE 65) ]
TOTAL THIS MO.     0
DPTR FM NORMAL     0    [PRESSURE DATA]
TOTAL FM JAN 1     0    HIGHEST SLP M ON M
DPTR FM NORMAL     0    LOWEST  SLP 29.58 ON 12

[REMARKS]
