000
CXUS55 KRIW 300945
CF6P60
PRELIMINARY LOCAL CLIMATOLOGICAL DATA (WS FORM: F-6)

                                          STATION:   LAKE YELLOWSTONE WY
                                          MONTH:     JULY
                                          YEAR:      2015
                                          LATITUDE:   44 32 N
                                          LONGITUDE: 110 25 W

  TEMPERATURE IN F:       :PCPN:    SNOW:  WIND      :SUNSHINE: SKY     :PK WND
================================================================================
1   2   3   4   5  6A  6B    7    8   9   10  11  12  13   14  15   16   17  18
                                     12Z  AVG MX 2MIN
DY MAX MIN AVG DEP HDD CDD  WTR  SNW DPTH SPD SPD DIR MIN PSBL S-S WX    SPD DR
================================================================================

 1  80  47  64  11   1   0 0.00  0.0    0  3.4 15 290   M    M   0        25 280
 2  78  43  61   7   4   0 0.00  0.0    0  2.5  7 320   M    M   0        13 130
 3  80  43  62   8   3   0 0.00  0.0    0  3.5 15 290   M    M   0        23 270
 4  82  43  63   9   2   0 0.00  0.0    0  2.3 12 300   M    M   0        17 270
 5  67  46  57   3   8   0 0.30  0.0    0  3.1 21 330   M    M   0        35 340
 6  68  43  56   2   9   0 0.25  0.0    0  2.4  9 270   M    M   0        17 290
 7  69  45  57   2   8   0 0.00  0.0    0  2.9 13 330   M    M   0        26 320
 8  63  42  53  -2  12   0 0.17  0.0    0  2.5 10 310   M    M   0        16 330
 9  62  37  50  -5  15   0 0.05  0.0    0  1.9  7 290   M    M   0        11 290
10  62  37  50  -5  15   0 0.00  0.0    0  2.6 14 270   M    M   0        21 270
11  64  35  50  -6  15   0 0.00  0.0    0  2.6 14 270   M    M   0        24 260
12  69  40  55  -1  10   0 0.01  0.0    0  4.1 13 270   M    M   0        23 200
13  71  39  55  -1  10   0 0.03  0.0    0  2.8 14 280   M    M   0        24 200
14  70  36  53  -3  12   0 0.00  0.0    0  3.2 12 290   M    M   0        18 260
15  66  39  53  -3  12   0 0.07  0.0    0  2.9 20 300   M    M   0        32 340
16  68  35  52  -4  13   0 0.00  0.0    0  3.9 14 280   M    M   0        23 250
17  61  39  50  -6  15   0 0.00  0.0    0  4.4 15 280   M    M   0        22 310
18  57  36  47 -10  18   0 0.01  0.0    0  1.4  9  10   M    M   0        14  30
19  68  34  51  -6  14   0 0.00  0.0    0  3.2 15 270   M    M   0        22 270
20  73  44  59   2   6   0 0.00  0.0    0  2.2 12 270   M    M   0        18 290
21  72  38  55  -2  10   0 0.02  0.0    0  2.0 18 290   M    M   0        30 290
22  73  39  56  -1   9   0 0.01  0.0    0  4.3 13 270   M    M   0        22 200
23  66  42  54  -3  11   0 0.09  0.0    0  3.0 17 300   M    M   0        30 350
24  70  37  54  -3  11   0 0.00  0.0    0  3.8 10 270   M    M   0        18 200
25  71  42  57   0   8   0 0.00  0.0    0  3.2 14 270   M    M   0        20 180
26  75  38  57   0   8   0 0.00  0.0    0  3.2 16 270   M    M   0        30 270
27  66  34  50  -7  15   0 0.12    M    M  5.7 22 290   M    M   0        39 270
28  55  30  43 -14  22   0 0.00  0.0    0  2.8 14 270   M    M   0        18 260
29  69  28  49  -8  16   0 0.00  0.0    0  3.6 10 290   M    M   0        18 120
================================================================================
SM 1995 1131       312   0  1.13     0.0  89.4          M        0
================================================================================
AV 68.8 39.0                               3.1 FASTST   M    M   0    MAX(MPH)
                                 MISC ---->  # 22 290               # 39  270
================================================================================
NOTES:
# LAST OF SEVERAL OCCURRENCES

COLUMN 17 PEAK WIND IN M.P.H.

PRELIMINARY LOCAL CLIMATOLOGICAL DATA (WS FORM: F-6) , PAGE 2

                                          STATION:  LAKE YELLOWSTONE WY
                                          MONTH:    JULY
                                          YEAR:     2015
                                          LATITUDE:   44 32 N
                                          LONGITUDE: 110 25 W

[TEMPERATURE DATA]      [PRECIPITATION DATA]       SYMBOLS USED IN COLUMN 16

AVERAGE MONTHLY: 53.9   TOTAL FOR MONTH:   1.13    1 = FOG OR MIST
DPTR FM NORMAL:  -1.9   DPTR FM NORMAL:   -0.25    2 = FOG REDUCING VISIBILITY
HIGHEST:    82 ON  4    GRTST 24HR  0.31 ON  5- 6      TO 1/4 MILE OR LESS
LOWEST:     28 ON 29                               3 = THUNDER
                        SNOW, ICE PELLETS, HAIL    4 = ICE PELLETS
                        TOTAL MONTH:   0.0 INCH    5 = HAIL
                        GRTST 24HR     0.0         6 = FREEZING RAIN OR DRIZZLE
                        GRTST DEPTH:   0           7 = DUSTSTORM OR SANDSTORM:
                                                       VSBY 1/2 MILE OR LESS
                                                   8 = SMOKE OR HAZE
[NO. OF DAYS WITH]      [WEATHER - DAYS WITH]      9 = BLOWING SNOW
                                                   X = TORNADO
MAX 32 OR BELOW:   0    0.01 INCH OR MORE:  12
MAX 90 OR ABOVE:   0    0.10 INCH OR MORE:   4
MIN 32 OR BELOW:   2    0.50 INCH OR MORE:   0
MIN  0 OR BELOW:   0    1.00 INCH OR MORE:   0

[HDD (BASE 65) ]
TOTAL THIS MO.   312    CLEAR  (SCALE 0-3)  29
DPTR FM NORMAL    45    PTCLDY (SCALE 4-7)   0
TOTAL FM JUL 1   312    CLOUDY (SCALE 8-10)  0
DPTR FM NORMAL    45

[CDD (BASE 65) ]
TOTAL THIS MO.     0
DPTR FM NORMAL     0    [PRESSURE DATA]
TOTAL FM JAN 1     1    HIGHEST SLP M ON M
DPTR FM NORMAL     1    LOWEST  SLP 29.74 ON 27

[REMARKS]
