000
CXUS54 KLZK 231130
CF6PBF
PRELIMINARY LOCAL CLIMATOLOGICAL DATA (WS FORM: F-6)

                                          STATION:   Pine Bluff
                                          MONTH:     AUGUST
                                          YEAR:      2016
                                          LATITUDE:   34 10 N
                                          LONGITUDE:  91 56 W

  TEMPERATURE IN F:       :PCPN:    SNOW:  WIND      :SUNSHINE: SKY     :PK WND
================================================================================
1   2   3   4   5  6A  6B    7    8   9   10  11  12  13   14  15   16   17  18
                                     12Z  AVG MX 2MIN
DY MAX MIN AVG DEP HDD CDD  WTR  SNW DPTH SPD SPD DIR MIN PSBL S-S WX    SPD DR
================================================================================

 1  94  74  84   2   0  19 0.00  0.0    0  5.6 12 200   M    M   0        16 250
 2  96  75  86   4   0  21 0.00  0.0    0  4.5 14 260   M    M   0 1      17 260
 3  96  74  85   3   0  20 0.00  0.0    0  3.0  9 250   M    M   1 1      13 290
 4  97  76  87   5   0  22 0.00  0.0    0  3.3 12 190   M    M   0 1      15 190
 5  99  78  89   7   0  24 0.00  0.0    0  5.1 15 320   M    M   1 13     20 320
 6  92  75  84   2   0  19 0.08  0.0    0  3.1 20 340   M    M   3 123    24 340
 7  93  71  82   0   0  17 2.31  0.0    0  2.9 26 340   M    M   6 1238   40 340
 8  83  72  78  -4   0  13 0.31  0.0    0  3.5 10 310   M    M   4 1      13 310
 9  93  73  83   1   0  18 0.00  0.0    0  3.4  9 270   M    M   2 12     15  30
10  94  76  85   3   0  20    T  0.0    0  3.6 10  20   M    M   1 18     16  20
11  95  76  86   4   0  21 0.00  0.0    0  2.9 10  40   M    M   1 1      15  60
12  95  76  86   4   0  21 0.00  0.0    0  3.5 16 120   M    M   2 1      21 120
13  83  72  78  -4   0  13 0.19  0.0    0  7.7 18 110   M    M   9 1      23 120
14  78  72  75  -7   0  10 0.44  0.0    0  9.2 15 170   M    M   9 1      22 180
15  85  74  80  -2   0  15 0.07  0.0    0  7.2 16 260   M    M   7 1      24 260
16  79  73  76  -5   0  11 2.34  0.0    0  4.9 14 320   M    M   8 13     19 290
17  82  73  78  -3   0  13 0.05  0.0    0  3.0 10 180   M    M   7        12 180
18  83  72  78  -3   0  13 0.25  0.0    0  2.5  8 130   M    M   5 1      10 170
19  86  72  79  -2   0  14    T  0.0    0  5.7 12 190   M    M   5 1      15 200
20  86  74  80  -1   0  15 0.16  0.0    0  7.3 21 210   M    M   6 18     29 210
21  83  72  78  -3   0  13    T  0.0    0  5.4 13  20   M    M   6        20  20
22  83  69  76  -5   0  11 0.06  0.0    0  4.0 10 140   M    M   7 1      14 150
================================================================================
SM 1955 1619         0 363  6.26     0.0 101.3          M       90
================================================================================
AV 88.9 73.6                               4.6 FASTST   M    M   4    MAX(MPH)
                                 MISC ---->  # 26 340               # 40  340
================================================================================
NOTES:
# LAST OF SEVERAL OCCURRENCES

COLUMN 17 PEAK WIND IN M.P.H.

PRELIMINARY LOCAL CLIMATOLOGICAL DATA (WS FORM: F-6) , PAGE 2

                                          STATION:  Pine Bluff
                                          MONTH:    AUGUST
                                          YEAR:     2016
                                          LATITUDE:   34 10 N
                                          LONGITUDE:  91 56 W

[TEMPERATURE DATA]      [PRECIPITATION DATA]       SYMBOLS USED IN COLUMN 16

AVERAGE MONTHLY: 81.2   TOTAL FOR MONTH:   6.26    1 = FOG OR MIST
DPTR FM NORMAL:  -0.5   DPTR FM NORMAL:    4.39    2 = FOG REDUCING VISIBILITY
HIGHEST:    99 ON  5    GRTST 24HR  2.34 ON 16-16      TO 1/4 MILE OR LESS
LOWEST:     69 ON 22                               3 = THUNDER
                        SNOW, ICE PELLETS, HAIL    4 = ICE PELLETS
                        TOTAL MONTH:   0.0 INCH    5 = HAIL
                        GRTST 24HR     0.0         6 = FREEZING RAIN OR DRIZZLE
                        GRTST DEPTH:   0           7 = DUSTSTORM OR SANDSTORM:
                                                       VSBY 1/2 MILE OR LESS
                                                   8 = SMOKE OR HAZE
[NO. OF DAYS WITH]      [WEATHER - DAYS WITH]      9 = BLOWING SNOW
                                                   X = TORNADO
MAX 32 OR BELOW:   0    0.01 INCH OR MORE:  11
MAX 90 OR ABOVE:  11    0.10 INCH OR MORE:   7
MIN 32 OR BELOW:   0    0.50 INCH OR MORE:   2
MIN  0 OR BELOW:   0    1.00 INCH OR MORE:   2

[HDD (BASE 65) ]
TOTAL THIS MO.     0    CLEAR  (SCALE 0-3)   9
DPTR FM NORMAL     0    PTCLDY (SCALE 4-7)  11
TOTAL FM JUL 1     0    CLOUDY (SCALE 8-10)  2
DPTR FM NORMAL     0

[CDD (BASE 65) ]
TOTAL THIS MO.   363
DPTR FM NORMAL    -4    [PRESSURE DATA]
TOTAL FM JAN 1  1642    HIGHEST SLP M ON M
DPTR FM NORMAL    18    LOWEST  SLP 29.77 ON 12

[REMARKS]
ALL SNOWFALL DATA IS FROM THE PINE BLUFF WATER PLANT SITE
