000
CXUS54 KLZK 011330
CF6PBF
PRELIMINARY LOCAL CLIMATOLOGICAL DATA (WS FORM: F-6)

                                          STATION:   Pine Bluff
                                          MONTH:     JUNE
                                          YEAR:      2015
                                          LATITUDE:   34 10 N
                                          LONGITUDE:  91 56 W

  TEMPERATURE IN F:       :PCPN:    SNOW:  WIND      :SUNSHINE: SKY     :PK WND
================================================================================
1   2   3   4   5  6A  6B    7    8   9   10  11  12  13   14  15   16   17  18
                                     12Z  AVG MX 2MIN
DY MAX MIN AVG DEP HDD CDD  WTR  SNW DPTH SPD SPD DIR MIN PSBL S-S WX    SPD DR
================================================================================

 1  77  64  71  -5   0   6 0.00  0.0    0  6.9 14  20   M    M   7        17  50
 2  79  62  71  -5   0   6 0.00  0.0    0  4.1 12  40   M    M   4        14  50
 3  80  64  72  -4   0   7 0.00  0.0    0  2.9  9  10   M    M   6 1      12 360
 4  85  63  74  -3   0   9 0.00  0.0    0  3.7 12  40   M    M   0 1      16  30
 5  89  64  77   0   0  12 0.00  0.0    0  2.1  8 160   M    M   0 1      13 150
 6  90  69  80   3   0  15 0.00  0.0    0  2.7  9  10   M    M   3 1      12  10
 7  93  71  82   5   0  17 0.00  0.0    0  4.6 13 200   M    M   1 1      18 190
 8  92  74  83   5   0  18 0.00  0.0    0  7.6 16 260   M    M   1        23 270
 9  93  71  82   4   0  17 0.00  0.0    0  3.9 10 360   M    M   1 3      13 360
10  94  67  81   3   0  16 0.00  0.0    0  3.1 10 170   M    M   0 1      14 110
11  92  72  82   4   0  17 0.00  0.0    0  7.1 18 280   M    M   1 3      26 270
12  92  72  82   3   0  17 0.00  0.0    0  9.1 20 150   M    M   1        25 150
13  88  72  80   1   0  15 0.03  0.0    0  9.7 22 180   M    M   2        27 180
14  91  73  82   3   0  17    T  0.0    0  9.0 29 140   M    M   4 3      37 140
15  92  73  83   4   0  18    T  0.0    0  5.7 15 140   M    M   3        18 140
16  92  72  82   3   0  17 0.00  0.0    0  7.5 15 150   M    M   1        24 160
17  93  72  83   3   0  18 0.12  0.0    0  6.4 17 150   M    M   1 1      23 170
18  85  72  79  -1   0  14 0.62  0.0    0 11.4 25 210   M    M   5 138    34 220
19  90  73  82   2   0  17 0.94  0.0    0 13.1 24 220   M    M   5 13     35 230
20  92  72  82   2   0  17 0.00  0.0    0  8.6 16 230   M    M   1        21 220
21  89  74  82   2   0  17 0.00  0.0    0  5.6 13 280   M    M   0        17 270
22  92  74  83   3   0  18 0.00  0.0    0  6.4 14 220   M    M   1        18 220
23  94  75  85   5   0  20 0.00  0.0    0  6.6 15 280   M    M   0        19 240
24  95  75  85   4   0  20 0.00  0.0    0  6.2 20 160   M    M   0        27 170
25  94  71  83   2   0  18 0.00  0.0    0  5.5 13 180   M    M   0        15 190
26  92  71  82   1   0  17 0.25  0.0    0  7.5 25 350   M    M   2 13     40 330
27  84  69  77  -4   0  12 0.13  0.0    0  6.3 15  10   M    M   5 1      21  10
28  86  66  76  -5   0  11 0.00  0.0    0  3.9 12 230   M    M   1        15 230
29  91  69  80  -1   0  15    T  0.0    0  7.1 16 250   M    M   1        23 260
30  91  75  83   2   0  18    T  0.0    0  6.9 16 200   M    M   4 3      22 220
================================================================================
SM 2687 2111         0 456  2.09     0.0 191.2          M       61
================================================================================
AV 89.6 70.4                               6.4 FASTST   M    M   2    MAX(MPH)
                                 MISC ---->  # 29 140               # 40  330
================================================================================
NOTES:
# LAST OF SEVERAL OCCURRENCES

COLUMN 17 PEAK WIND IN M.P.H.

PRELIMINARY LOCAL CLIMATOLOGICAL DATA (WS FORM: F-6) , PAGE 2

                                          STATION:  Pine Bluff
                                          MONTH:    JUNE
                                          YEAR:     2015
                                          LATITUDE:   34 10 N
                                          LONGITUDE:  91 56 W

[TEMPERATURE DATA]      [PRECIPITATION DATA]       SYMBOLS USED IN COLUMN 16

AVERAGE MONTHLY: 80.0   TOTAL FOR MONTH:   2.09    1 = FOG OR MIST
DPTR FM NORMAL:   0.9   DPTR FM NORMAL:   -1.49    2 = FOG REDUCING VISIBILITY
HIGHEST:    95 ON 24    GRTST 24HR  1.55 ON 18-19      TO 1/4 MILE OR LESS
LOWEST:     62 ON  2                               3 = THUNDER
                        SNOW, ICE PELLETS, HAIL    4 = ICE PELLETS
                        TOTAL MONTH:   0.0 INCH    5 = HAIL
                        GRTST 24HR     0.0         6 = FREEZING RAIN OR DRIZZLE
                        GRTST DEPTH:   0           7 = DUSTSTORM OR SANDSTORM:
                                                       VSBY 1/2 MILE OR LESS
                                                   8 = SMOKE OR HAZE
[NO. OF DAYS WITH]      [WEATHER - DAYS WITH]      9 = BLOWING SNOW
                                                   X = TORNADO
MAX 32 OR BELOW:   0    0.01 INCH OR MORE:   6
MAX 90 OR ABOVE:  20    0.10 INCH OR MORE:   5
MIN 32 OR BELOW:   0    0.50 INCH OR MORE:   2
MIN  0 OR BELOW:   0    1.00 INCH OR MORE:   0

[HDD (BASE 65) ]
TOTAL THIS MO.     0    CLEAR  (SCALE 0-3)  22
DPTR FM NORMAL     0    PTCLDY (SCALE 4-7)   8
TOTAL FM JUL 1  3249    CLOUDY (SCALE 8-10)  0
DPTR FM NORMAL   368

[CDD (BASE 65) ]
TOTAL THIS MO.   456
DPTR FM NORMAL    34    [PRESSURE DATA]
TOTAL FM JAN 1   785    HIGHEST SLP 30.14 ON 24
DPTR FM NORMAL    56    LOWEST  SLP 29.78 ON 10

[REMARKS]
ALL SNOWFALL DATA IS FROM THE PINE BLUFF WATER PLANT SITE
#FINAL-06-15#
