000
CXUS54 KLZK 291130
CF6PBF
PRELIMINARY LOCAL CLIMATOLOGICAL DATA (WS FORM: F-6)

                                          STATION:   Pine Bluff
                                          MONTH:     JULY
                                          YEAR:      2015
                                          LATITUDE:   34 10 N
                                          LONGITUDE:  91 56 W

  TEMPERATURE IN F:       :PCPN:    SNOW:  WIND      :SUNSHINE: SKY     :PK WND
================================================================================
1   2   3   4   5  6A  6B    7    8   9   10  11  12  13   14  15   16   17  18
                                     12Z  AVG MX 2MIN
DY MAX MIN AVG DEP HDD CDD  WTR  SNW DPTH SPD SPD DIR MIN PSBL S-S WX    SPD DR
================================================================================

 1  90  71  81  -1   0  16 0.00  0.0    0  9.2 14 200   M    M   0        20 220
 2  91  75  83   1   0  18    T  0.0    0 10.7 21 240   M    M   1        30 220
 3  80  73  77  -5   0  12 1.30  0.0    0  6.0 15 220   M    M   8 13     21 260
 4  81  69  75  -7   0  10 0.64  0.0    0  7.3 18 220   M    M   4 13     26 220
 5  81  69  75  -7   0  10 0.41  0.0    0  7.0 17 180   M    M   6 13     23 150
 6  90  67  79  -3   0  14 0.00  0.0    0  7.0 16 210   M    M   3        20 190
 7  91  75  83   1   0  18 0.00  0.0    0 10.1 18 200   M    M   1        24 200
 8  91  74  83   1   0  18 0.00  0.0    0 10.6 22 200   M    M   2        28 220
 9  92  73  83   1   0  18 0.00  0.0    0  8.0 16 200   M    M   0        19 200
10  92  74  83   1   0  18 0.00  0.0    0  5.2 12 180   M    M   0        17 280
11  93  75  84   2   0  19 0.00  0.0    0  5.8 13 210   M    M   1 8      15 210
12  94  75  85   3   0  20 0.00  0.0    0  5.6 12 210   M    M   0        16 270
13  94  76  85   3   0  20 0.00  0.0    0  7.5 15 210   M    M   0        19 250
14  94  77  86   4   0  21 0.00  0.0    0  7.6 15 220   M    M   0        20 230
15  96  75  86   4   0  21    T  0.0    0  6.3 30  30   M    M   1 3      39  40
16  94  74  84   2   0  19 0.00  0.0    0  5.3 14 190   M    M   1        19 190
17  95  74  85   3   0  20 0.00  0.0    0  6.4 14 210   M    M   1        19 240
18  95  73  84   2   0  19 0.00  0.0    0  5.6 12 200   M    M   0        15 210
19  96  74  85   3   0  20 0.00  0.0    0  5.2 12 220   M    M   0        21 290
20  97  74  86   4   0  21 0.00  0.0    0  5.9 14 230   M    M   0        20 250
21  95  78  87   5   0  22 0.26  0.0    0  3.1 14  10   M    M   1 38     18  10
22  93  77  85   3   0  20    T  0.0    0  4.8 29 200   M    M   2 13     36 190
23  96  77  87   5   0  22    T  0.0    0  6.5 16  10   M    M   1 38     22  20
24  97  78  88   6   0  23 0.00  0.0    0  6.2 14 260   M    M   1        19 280
25  98  78  88   6   0  23 0.00  0.0    0  4.1 21  50   M    M   0        30  40
26  96  75  86   4   0  21 0.00  0.0    0  3.4 10  90   M    M   0 1      14 140
27  98  74  86   4   0  21 0.00  0.0    0  2.5 10 130   M    M   1        14 170
28  98  76  87   5   0  22 0.00  0.0    0  3.5 10 180   M    M   0        13 210
================================================================================
SM 2598 2080         0 526  2.61     0.0 176.4          M       35
================================================================================
AV 92.8 74.3                               6.3 FASTST   M    M   1    MAX(MPH)
                                 MISC ---->  # 30  30               # 39   40
================================================================================
NOTES:
# LAST OF SEVERAL OCCURRENCES

COLUMN 17 PEAK WIND IN M.P.H.

PRELIMINARY LOCAL CLIMATOLOGICAL DATA (WS FORM: F-6) , PAGE 2

                                          STATION:  Pine Bluff
                                          MONTH:    JULY
                                          YEAR:     2015
                                          LATITUDE:   34 10 N
                                          LONGITUDE:  91 56 W

[TEMPERATURE DATA]      [PRECIPITATION DATA]       SYMBOLS USED IN COLUMN 16

AVERAGE MONTHLY: 83.5   TOTAL FOR MONTH:   2.61    1 = FOG OR MIST
DPTR FM NORMAL:   1.5   DPTR FM NORMAL:   -0.97    2 = FOG REDUCING VISIBILITY
HIGHEST:    98 ON 28,27 GRTST 24HR  1.80 ON  3- 4      TO 1/4 MILE OR LESS
LOWEST:     67 ON  6                               3 = THUNDER
                        SNOW, ICE PELLETS, HAIL    4 = ICE PELLETS
                        TOTAL MONTH:   0.0 INCH    5 = HAIL
                        GRTST 24HR     0.0         6 = FREEZING RAIN OR DRIZZLE
                        GRTST DEPTH:   0           7 = DUSTSTORM OR SANDSTORM:
                                                       VSBY 1/2 MILE OR LESS
                                                   8 = SMOKE OR HAZE
[NO. OF DAYS WITH]      [WEATHER - DAYS WITH]      9 = BLOWING SNOW
                                                   X = TORNADO
MAX 32 OR BELOW:   0    0.01 INCH OR MORE:   4
MAX 90 OR ABOVE:  25    0.10 INCH OR MORE:   4
MIN 32 OR BELOW:   0    0.50 INCH OR MORE:   2
MIN  0 OR BELOW:   0    1.00 INCH OR MORE:   1

[HDD (BASE 65) ]
TOTAL THIS MO.     0    CLEAR  (SCALE 0-3)  24
DPTR FM NORMAL     0    PTCLDY (SCALE 4-7)   4
TOTAL FM JUL 1     0    CLOUDY (SCALE 8-10)  0
DPTR FM NORMAL     0

[CDD (BASE 65) ]
TOTAL THIS MO.   526
DPTR FM NORMAL    51    [PRESSURE DATA]
TOTAL FM JAN 1  1311    HIGHEST SLP M ON M
DPTR FM NORMAL   107    LOWEST  SLP 29.76 ON 14

[REMARKS]
ALL SNOWFALL DATA IS FROM THE PINE BLUFF WATER PLANT SITE
ALL SNOWFALL DATA IS FROM THE PINE BLUFF WATER PLANT SITE
