000
CXUS52 KFFC 271110
CF6PDK
PRELIMINARY LOCAL CLIMATOLOGICAL DATA (WS FORM: F-6)

                                          STATION:   DEKALB PEACHTREE AIRPORT
                                          MONTH:     MARCH
                                          YEAR:      2015
                                          LATITUDE:   33 52 N
                                          LONGITUDE:  84 18 W

  TEMPERATURE IN F:       :PCPN:    SNOW:  WIND      :SUNSHINE: SKY     :PK WND
================================================================================
1   2   3   4   5  6A  6B    7    8   9   10  11  12  13   14  15   16   17  18
                                     12Z  AVG MX 2MIN
DY MAX MIN AVG DEP HDD CDD  WTR  SNW DPTH SPD SPD DIR MIN PSBL S-S WX    SPD DR
================================================================================

 1  46  36  41  -8  24   0 0.06    M    M  3.5 13  70   M    M  10 18     20  70
 2  62  44  53   3  12   0 0.00    M    M  5.4 15 280   M    M   9 12     17 280
 3  53  47  50   0  15   0 0.17    M    M  2.7  9  70   M    M  10 12     15  60
 4  76  47  62  12   3   0 0.06    M    M  7.8 22 210   M    M   8 12     26 210
 5  65  28  47  -3  18   0 0.22    M    M 12.5 28 310   M    M   9 1      37 300
 6  50  27  39 -12  26   0    T    M    M  6.1 15 320   M    M   6 18     21 310
 7  62  25  44  -7  21   0 0.00  0.0    M  2.9 13 240   M    M   0        18 270
 8  70  30  50  -1  15   0 0.00  0.0    M  3.0 16 310   M    M   2        20 320
 9  65  57  61  10   4   0    T  0.0    M  3.5 10 110   M    M  10        16 150
10  75  54  65  13   0   0 0.01  0.0    M  3.4 13 190   M    M  10        16 180
11  72  53  63  11   2   0 0.03  0.0    M  3.8 16 220   M    M   6 12     19 220
12  66  52  59   7   6   0 0.02    M    M  6.7 13  70   M    M   9 12     21  60
13  57  45  51  -2  14   0 0.25    M    M  8.1 15  70   M    M  10 1      24  50
14  68  45  57   4   8   0 0.11    M    M  5.0 13 230   M    M  10 1      16 230
15  76  46  61   8   4   0 0.00    M    M  6.5 13 310   M    M   1 1      16 310
16  81  39  60   7   5   0 0.00    M    M  4.0 14 310   M    M   0        19 270
17  80  47  64  10   1   0 0.00    M    M  8.1 22 310   M    M   1        30 280
18  72  52  62   8   3   0 0.00    M    M  4.2 10  70   M    M   1        15  60
19  62  46  54   0  11   0 0.55  0.0    M  5.4 12  70   M    M  10 1      19  70
20  69  46  58   3   7   0 0.01  0.0    M  4.9 15 330   M    M   9 18     18 330
21  73  52  63   8   2   0    T  0.0    M  6.3 14 320   M    M   4 1      18 330
22  59  53  56   1   9   0 0.64    M    M  3.8 10  70   M    M  10 1      16  80
23  67  49  58   3   7   0 0.00  0.0    M  4.6 13 100   M    M   8        20 100
24  73  43  58   2   7   0 0.00    M    M  3.1 13 150   M    M   1 1      15 150
25  72  52  62   6   3   0    T    M    M  3.0 10 110   M    M   9        14 100
26  72  57  65   9   0   0 0.02    M    M  8.9 17 330   M    M   6 1      22 260
================================================================================
SM 1743 1172       227   0  2.15     0.0 137.2          M      169
================================================================================
AV 67.0 45.1                               5.3 FASTST   M    M   7    MAX(MPH)
                                 MISC ---->  # 28 310               # 37  300
================================================================================
NOTES:
# LAST OF SEVERAL OCCURRENCES

COLUMN 17 PEAK WIND IN M.P.H.

PRELIMINARY LOCAL CLIMATOLOGICAL DATA (WS FORM: F-6) , PAGE 2

                                          STATION:  DEKALB PEACHTREE AIRPORT
                                          MONTH:    MARCH
                                          YEAR:     2015
                                          LATITUDE:   33 52 N
                                          LONGITUDE:  84 18 W

[TEMPERATURE DATA]      [PRECIPITATION DATA]       SYMBOLS USED IN COLUMN 16

AVERAGE MONTHLY: 56.1   TOTAL FOR MONTH:   2.15    1 = FOG OR MIST
DPTR FM NORMAL:   3.3   DPTR FM NORMAL:   -2.13    2 = FOG REDUCING VISIBILITY
HIGHEST:    81 ON 16    GRTST 24HR  0.64 ON 22-22      TO 1/4 MILE OR LESS
LOWEST:     25 ON  7                               3 = THUNDER
                        SNOW, ICE PELLETS, HAIL    4 = ICE PELLETS
                        TOTAL MONTH:   0.0 INCH    5 = HAIL
                        GRTST 24HR     0.0         6 = FREEZING RAIN OR DRIZZLE
                        GRTST DEPTH:  M  ON   M    7 = DUSTSTORM OR SANDSTORM:
                                                       VSBY 1/2 MILE OR LESS
                                                   8 = SMOKE OR HAZE
[NO. OF DAYS WITH]      [WEATHER - DAYS WITH]      9 = BLOWING SNOW
                                                   X = TORNADO
MAX 32 OR BELOW:   0    0.01 INCH OR MORE:  13
MAX 90 OR ABOVE:   0    0.10 INCH OR MORE:   6
MIN 32 OR BELOW:   4    0.50 INCH OR MORE:   2
MIN  0 OR BELOW:   0    1.00 INCH OR MORE:   0

[HDD (BASE 65) ]
TOTAL THIS MO.   227    CLEAR  (SCALE 0-3)   7
DPTR FM NORMAL  -100    PTCLDY (SCALE 4-7)   6
TOTAL FM JUL 1  2915    CLOUDY (SCALE 8-10) 13
DPTR FM NORMAL   187

[CDD (BASE 65) ]
TOTAL THIS MO.     0
DPTR FM NORMAL     0    [PRESSURE DATA]
TOTAL FM JAN 1     0    HIGHEST SLP M ON M
DPTR FM NORMAL     0    LOWEST  SLP 29.73 ON 26

[REMARKS]
