810
CXUS56 KPDT 010532
CF6PDT
PRELIMINARY LOCAL CLIMATOLOGICAL DATA (WS FORM: F-6)

                                          STATION:   PENDLETON OR
                                          MONTH:     APRIL
                                          YEAR:      2017
                                          LATITUDE:   45 40 N
                                          LONGITUDE: 118 51 W

  TEMPERATURE IN F:       :PCPN:    SNOW:  WIND      :SUNSHINE: SKY     :PK WND
================================================================================
1   2   3   4   5  6A  6B    7    8   9   10  11  12  13   14  15   16   17  18
                                     12Z  AVG MX 2MIN
DY MAX MIN AVG DEP HDD CDD  WTR  SNW DPTH SPD SPD DIR MIN PSBL S-S WX    SPD DR
================================================================================

 1  63  38  51   3  14   0    T  0.0    0 12.7 26 260   M    M   5        33 270
 2  56  40  48  -1  17   0 0.00  0.0    0 14.9 25 270   M    M   3        31 270
 3  53  30  42  -7  23   0 0.00  0.0    0  7.6 18 260   M    M   3        23 270
 4  64  30  47  -2  18   0    T  0.0    0  6.6 21  60   M    M   4        23  60
 5  64  44  54   5  11   0    T  0.0    0  7.5 22 290   M    M   6        26 290
 6  67  47  57   8   8   0 0.00  0.0    0  9.1 24 150   M    M   7 8      37 130
 7  66  36  51   2  14   0    T  0.0    0 17.9 47 200   M    M   3        59 210
 8  53  36  45  -4  20   0 0.05  0.0    0 14.8 29 270   M    M   5        34 270
 9  55  29  42  -8  23   0 0.00  0.0    0  8.4 16 140   M    M   1        21 130
10  58  33  46  -4  19   0 0.13  0.0    0 11.0 26 270   M    M   5 1      34 260
11  59  30  45  -5  20   0    T  0.0    0  5.9 17 280   M    M   4        20 270
12  60  44  52   2  13   0 0.18  0.0    0  8.7 30 250   M    M  10 1      36 250
13  55  41  48  -2  17   0 0.36  0.0    0  7.2 32 260   M    M   6 13     39 260
14  54  37  46  -4  19   0 0.00  0.0    0 13.3 28 270   M    M   3        33 270
15  57  33  45  -5  20   0 0.00  0.0    0  7.5 16 240   M    M   1        20 220
16  66  33  50   0  15   0    T  0.0    0  7.5 18 270   M    M   3        22 260
17  62  44  53   2  12   0 0.01  0.0    0  7.0 26 270   M    M   7 1      33 270
18  60  41  51   0  14   0 0.37    T    0  6.9 31 280   M    M   7 135    38 280
19  66  36  51   0  14   0 0.05  0.0    0  9.4 31 240   M    M   2 35     39 240
20  59  44  52   1  13   0 0.12  0.0    0 15.0 29 280   M    M   5 1      35 280
21  63  38  51   0  14   0 0.00  0.0    0  9.3 21  40   M    M   1        25  50
22  68  46  57   5   8   0    T    M    0 10.6 28 290   M    M   5        32 290
23  59  46  53   1  12   0 0.01    M    0  6.9 20 290   M    M   8 3      26 270
24  55  44  50  -2  15   0 0.31  0.0    0  8.6 26 250   M    M   9 1      32 260
25  60  44  52   0  13   0 0.17  0.0    0  9.6 24 260   M    M   7 1      29 260
26  55  44  50  -2  15   0 0.17  0.0    0 15.8 38 260   M    M   9 1      45 260
27  56  39  48  -5  17   0 0.01  0.0    0 22.0 33 270   M    M   4        41 270
28  60  39  50  -3  15   0 0.00  0.0    0 10.3 25 250   M    M   2        33 260
29  61  35  48  -5  17   0 0.00  0.0    0  6.5 12 260   M    M   3        14 270
================================================================================
SM 1734 1121       450   0  1.94    T    298.5          M      138
================================================================================
AV 59.8 38.7                              10.3 FASTST   M    M   5    MAX(MPH)
                                 MISC ---->  # 47 200               # 59  210
================================================================================
NOTES:
# LAST OF SEVERAL OCCURRENCES

COLUMN 17 PEAK WIND IN M.P.H.

PRELIMINARY LOCAL CLIMATOLOGICAL DATA (WS FORM: F-6) , PAGE 2

                                          STATION:  PENDLETON OR
                                          MONTH:    APRIL
                                          YEAR:     2017
                                          LATITUDE:   45 40 N
                                          LONGITUDE: 118 51 W

[TEMPERATURE DATA]      [PRECIPITATION DATA]       SYMBOLS USED IN COLUMN 16

AVERAGE MONTHLY: 49.2   TOTAL FOR MONTH:   1.94    1 = FOG OR MIST
DPTR FM NORMAL:  -1.3   DPTR FM NORMAL:    0.78    2 = FOG REDUCING VISIBILITY
HIGHEST:    68 ON 22    GRTST 24HR  0.37 ON 18-18      TO 1/4 MILE OR LESS
LOWEST:     29 ON  9                               3 = THUNDER
                        SNOW, ICE PELLETS, HAIL    4 = ICE PELLETS
                        TOTAL MONTH:    T          5 = HAIL
                        GRTST 24HR    T  ON 18-18  6 = FREEZING RAIN OR DRIZZLE
                        GRTST DEPTH:   0           7 = DUSTSTORM OR SANDSTORM:
                                                       VSBY 1/2 MILE OR LESS
                                                   8 = SMOKE OR HAZE
[NO. OF DAYS WITH]      [WEATHER - DAYS WITH]      9 = BLOWING SNOW
                                                   X = TORNADO
MAX 32 OR BELOW:   0    0.01 INCH OR MORE:  13
MAX 90 OR ABOVE:   0    0.10 INCH OR MORE:   8
MIN 32 OR BELOW:   4    0.50 INCH OR MORE:   0
MIN  0 OR BELOW:   0    1.00 INCH OR MORE:   0

[HDD (BASE 65) ]
TOTAL THIS MO.   450    CLEAR  (SCALE 0-3)  11
DPTR FM NORMAL    30    PTCLDY (SCALE 4-7)  15
TOTAL FM JUL 1  5337    CLOUDY (SCALE 8-10)  3
DPTR FM NORMAL   401

[CDD (BASE 65) ]
TOTAL THIS MO.     0
DPTR FM NORMAL     0    [PRESSURE DATA]
TOTAL FM JAN 1     0    HIGHEST SLP 30.23 ON  2
DPTR FM NORMAL     0    LOWEST  SLP 29.24 ON  7

[REMARKS]
#FINAL-04-17#
