000
CXUS54 KEWX 190910
CF6PEZ
PRELIMINARY LOCAL CLIMATOLOGICAL DATA (WS FORM: F-6)

                                          STATION:   PLEASANTON MUNICIPAL AIRPORT
                                          MONTH:     OCTOBER
                                          YEAR:      2014
                                          LATITUDE:   28 57 N
                                          LONGITUDE:  98 31 W

  TEMPERATURE IN F:       :PCPN:    SNOW:  WIND      :SUNSHINE: SKY     :PK WND
================================================================================
1   2   3   4   5  6A  6B    7    8   9   10  11  12  13   14  15   16   17  18
                                     12Z  AVG MX 2MIN
DY MAX MIN AVG DEP HDD CDD  WTR  SNW DPTH SPD SPD DIR MIN PSBL S-S WX    SPD DR
================================================================================

 1  95  74  85   M   0  20    M    M    M  5.1 10 130   M    M   6 1      17 110
 2  96  77  87   M   0  22    M    M    M  7.4 14 150   M    M   5 1      20 190
 3  88  64  76   M   0  11    M    M    M  6.4 15  40   M    M   1 38     24  40
 4  84  58  71   M   0   6    M    M    M  5.2 13  60   M    M   0        16 140
 5  89  60  75   M   0  10    M    M    M  6.3 13 130   M    M   2 1      21 130
 6  93  72  83   M   0  18    M    M    M  4.0  9  70   M    M   5 12      M  M
 7  94  74  84   M   0  19    M    M    M  5.4 13 130   M    M   4 1      16 130
 8  93  74  84   M   0  19    M    M    M  8.1 15 130   M    M   5 1      21 130
 9  93  75  84   M   0  19    M    M    M  9.6 14 120   M    M   5        22 170
10  93  75  84   M   0  19    M    M    M 11.7 16 150   M    M   5        28 160
11  82  66  74   M   0   9    M    M    M  7.4 15  30   M    M   7 3      22  30
12  86  65  76   M   0  11    M    M    M  6.8 13 140   M    M   7 8      21 140
13  84  55  70   M   0   5    M    M    M  9.2 20 310   M    M   1        29 300
14  83  49  66   M   0   1    M    M    M  5.0 13 310   M    M   0        17 330
15  88  46  67   M   0   2    M    M    M  1.9  8 190   M    M   0         M  M
16  89  47  68   M   0   3    M    M    M  3.8 10 180   M    M   0        16 130
17  90  53  72   M   0   7    M    M    M  3.8 10 100   M    M   0 18      M  M
18  88  63  76   M   0  11    M    M    M  4.1 12  50   M    M   3 18     17  50
================================================================================
SM 1608 1147         0 212    M     M    111.2          M       56
================================================================================
AV 89.3 63.7                               6.2 FASTST   M    M   3    MAX(MPH)
                                 MISC ---->    20   M                 29    M
================================================================================
NOTES:
# LAST OF SEVERAL OCCURRENCES

COLUMN 17 PEAK WIND IN M.P.H.

PRELIMINARY LOCAL CLIMATOLOGICAL DATA (WS FORM: F-6) , PAGE 2

                                          STATION:  PLEASANTON MUNICIPAL AIRPORT
                                          MONTH:    OCTOBER
                                          YEAR:     2014
                                          LATITUDE:   28 57 N
                                          LONGITUDE:  98 31 W

[TEMPERATURE DATA]      [PRECIPITATION DATA]       SYMBOLS USED IN COLUMN 16

AVERAGE MONTHLY: 76.5   TOTAL FOR MONTH:      M    1 = FOG OR MIST
DPTR FM NORMAL:     M   DPTR FM NORMAL:       M    2 = FOG REDUCING VISIBILITY
HIGHEST:    96 ON  2    GRTST 24HR    M  ON   M        TO 1/4 MILE OR LESS
LOWEST:     46 ON 15                               3 = THUNDER
                        SNOW, ICE PELLETS, HAIL    4 = ICE PELLETS
                        TOTAL MONTH:    M          5 = HAIL
                        GRTST 24HR    M  ON   M    6 = FREEZING RAIN OR DRIZZLE
                        GRTST DEPTH:  M  ON   M    7 = DUSTSTORM OR SANDSTORM:
                                                       VSBY 1/2 MILE OR LESS
                                                   8 = SMOKE OR HAZE
[NO. OF DAYS WITH]      [WEATHER - DAYS WITH]      9 = BLOWING SNOW
                                                   X = TORNADO
MAX 32 OR BELOW:   0    0.01 INCH OR MORE:   0
MAX 90 OR ABOVE:   8    0.10 INCH OR MORE:   0
MIN 32 OR BELOW:   0    0.50 INCH OR MORE:   0
MIN  0 OR BELOW:   0    1.00 INCH OR MORE:   0

[HDD (BASE 65) ]
TOTAL THIS MO.     0    CLEAR  (SCALE 0-3)   8
DPTR FM NORMAL     M    PTCLDY (SCALE 4-7)  10
TOTAL FM JUL 1     0    CLOUDY (SCALE 8-10)  0
DPTR FM NORMAL     M

[CDD (BASE 65) ]
TOTAL THIS MO.   212
DPTR FM NORMAL     M    [PRESSURE DATA]
TOTAL FM JAN 1  3295    HIGHEST SLP M ON M
DPTR FM NORMAL     M    LOWEST  SLP M ON M

[REMARKS]
