000
CXUS55 KTBW 281000
CF6PGD
PRELIMINARY LOCAL CLIMATOLOGICAL DATA (WS FORM: F-6)

                                          STATION:   Punta Gorda
                                          MONTH:     MARCH
                                          YEAR:      2015
                                          LATITUDE:   26 55 N
                                          LONGITUDE:  82  0 W

  TEMPERATURE IN F:       :PCPN:    SNOW:  WIND      :SUNSHINE: SKY     :PK WND
================================================================================
1   2   3   4   5  6A  6B    7    8   9   10  11  12  13   14  15   16   17  18
                                     12Z  AVG MX 2MIN
DY MAX MIN AVG DEP HDD CDD  WTR  SNW DPTH SPD SPD DIR MIN PSBL S-S WX    SPD DR
================================================================================

 1  86  67  77  10   0  12 0.35  0.0    0  7.5 15  80   M    M   6 1      18  70
 2  86  62  74   7   0   9 0.00  0.0    0  5.8 14  70   M    M   5 12     16  60
 3  85  61  73   6   0   8 0.00  0.0    0  6.8 18 130   M    M   5 12     22 110
 4  86  59  73   6   0   8 0.00  0.0    0  7.3 17 160   M    M   2 12     21 180
 5  85  66  76   9   0  11 0.00  0.0    0  9.1 18 210   M    M   2 1      23 200
 6  83  63  73   6   0   8 0.00  0.0    0  6.4 20  20   M    M   7 12     22  20
 7  78  56  67   0   0   2 0.00  0.0    0 13.3 20  60   M    M   8        23  40
 8  81  61  71   3   0   6 0.00  0.0    0 11.0 20  80   M    M   7        23  90
 9  85  59  72   4   0   7 0.00  0.0    0  9.5 18 100   M    M   2        23  90
10  89  64  77   9   0  12    T  0.0    0  8.1 20 120   M    M   3 1      24 150
11  88  67  78  10   0  13 0.11  0.0    0  6.9 16 270   M    M   4 13     20 270
12  89  67  78  10   0  13 0.24  0.0    0  8.0 17  90   M    M   4 1      21 110
13  88  66  77   9   0  12 0.00  0.0    0 10.6 21 110   M    M   1        27 140
14  86  61  74   6   0   9 0.01  0.0    0  7.9 18 170   M    M   3 1      27 180
15  87  66  77   9   0  12 0.00  0.0    0  6.2 15 260   M    M   4 18     18 250
16  89  62  76   8   0  11 0.00  0.0    0  5.9 16 270   M    M   1        19 270
17  87  60  74   5   0   9 0.00  0.0    0  7.3 18 280   M    M   1 12     23 280
18  85  66  76   7   0  11 0.00  0.0    0  7.5 15 230   M    M   1        18 230
19  85  61  73   4   0   8 0.00  0.0    0  6.3 16 240   M    M   2 18     22 260
20  83  62  73   4   0   8 0.00  0.0    0  6.2 15 230   M    M   1 12     18 220
21  88  61  75   6   0  10 0.00  0.0    0  7.4 15 270   M    M   0 1      17 280
22  82  61  72   3   0   7 0.00  0.0    0  5.5 14 250   M    M   3 12     17 250
23  80  64  72   3   0   7 0.04  0.0    0  8.1 20 230   M    M   3 12     25 230
24  82  63  73   4   0   8 0.00  0.0    0  5.8 12 290   M    M   6 12     14 280
25  86  59  73   4   0   8 0.00  0.0    0  4.9 12 260   M    M   6 12     14 250
26  88  62  75   5   0  10 0.00  0.0    0  8.6 23 230   M    M   2 12     28 230
27  82  61  72   2   0   7 1.03  0.0    0 11.7 23 280   M    M   5 13     30 280
================================================================================
SM 2299 1687         0 246  1.78     0.0 209.6          M       94
================================================================================
AV 85.1 62.5                               7.8 FASTST   M    M   3    MAX(MPH)
                                 MISC ---->  # 23 230               # 30  280
================================================================================
NOTES:
# LAST OF SEVERAL OCCURRENCES

COLUMN 17 PEAK WIND IN M.P.H.

PRELIMINARY LOCAL CLIMATOLOGICAL DATA (WS FORM: F-6) , PAGE 2

                                          STATION:  Punta Gorda
                                          MONTH:    MARCH
                                          YEAR:     2015
                                          LATITUDE:   26 55 N
                                          LONGITUDE:  82  0 W

[TEMPERATURE DATA]      [PRECIPITATION DATA]       SYMBOLS USED IN COLUMN 16

AVERAGE MONTHLY: 73.8   TOTAL FOR MONTH:   1.78    1 = FOG OR MIST
DPTR FM NORMAL:   5.6   DPTR FM NORMAL:   -1.07    2 = FOG REDUCING VISIBILITY
HIGHEST:    89 ON 16,12 GRTST 24HR  1.03 ON 27-27      TO 1/4 MILE OR LESS
LOWEST:     56 ON  7                               3 = THUNDER
                        SNOW, ICE PELLETS, HAIL    4 = ICE PELLETS
                        TOTAL MONTH:   0.0 INCH    5 = HAIL
                        GRTST 24HR     0.0         6 = FREEZING RAIN OR DRIZZLE
                        GRTST DEPTH:   0           7 = DUSTSTORM OR SANDSTORM:
                                                       VSBY 1/2 MILE OR LESS
                                                   8 = SMOKE OR HAZE
[NO. OF DAYS WITH]      [WEATHER - DAYS WITH]      9 = BLOWING SNOW
                                                   X = TORNADO
MAX 32 OR BELOW:   0    0.01 INCH OR MORE:   6
MAX 90 OR ABOVE:   0    0.10 INCH OR MORE:   4
MIN 32 OR BELOW:   0    0.50 INCH OR MORE:   1
MIN  0 OR BELOW:   0    1.00 INCH OR MORE:   1

[HDD (BASE 65) ]
TOTAL THIS MO.     0    CLEAR  (SCALE 0-3)  14
DPTR FM NORMAL   -37    PTCLDY (SCALE 4-7)  12
TOTAL FM JUL 1   373    CLOUDY (SCALE 8-10)  1
DPTR FM NORMAL   -17

[CDD (BASE 65) ]
TOTAL THIS MO.   246
DPTR FM NORMAL   128    [PRESSURE DATA]
TOTAL FM JAN 1   347    HIGHEST SLP M ON M
DPTR FM NORMAL    93    LOWEST  SLP 29.86 ON 27

[REMARKS]
