000
CXUS55 KTBW 211000
CF6PGD
PRELIMINARY LOCAL CLIMATOLOGICAL DATA (WS FORM: F-6)

                                          STATION:   Punta Gorda
                                          MONTH:     OCTOBER
                                          YEAR:      2017
                                          LATITUDE:   26 55 N
                                          LONGITUDE:  82  0 W

  TEMPERATURE IN F:       :PCPN:    SNOW:  WIND      :SUNSHINE: SKY     :PK WND
================================================================================
1   2   3   4   5  6A  6B    7    8   9   10  11  12  13   14  15   16   17  18
                                     12Z  AVG MX 2MIN
DY MAX MIN AVG DEP HDD CDD  WTR  SNW DPTH SPD SPD DIR MIN PSBL S-S WX    SPD DR
================================================================================

 1  91  74  83   3   0  18 0.14  0.0    0  8.0 21  90   M    M   1 1      24  80
 2  88  73  81   1   0  16 0.05  0.0    0 11.7 23  60   M    M   5 13     29  60
 3  84  72  78  -2   0  13 0.08  0.0    0 15.0 31  60   M    M   7 138    37  60
 4  89  74  82   2   0  17 0.02  0.0    0 16.2 30  60   M    M   6 1      37  50
 5  84  74  79   0   0  14 0.01  0.0    0 13.2 24  80   M    M   7        32  60
 6  91  76  84   5   0  19 0.00  0.0    0  9.0 18 140   M    M   5        24 140
 7   M   M   M   M   M   M 0.00  0.0    0 10.6 17 150   M    M   3        24 150
 8   M   M   M   M   M   M 0.00  0.0    0  8.4 17 230   M    M   2         M  M
 9   M   M   M   M   M   M 0.00  0.0    0  6.3 12  90   M    M   3        21  70
10  93   M   M   M   M   M 0.00  0.0    0  7.7 14  90   M    M   2 18     22  90
11  91  72  82   4   0  17 0.00  0.0    0  8.9 18  70   M    M   1        22  80
12  89  69  79   1   0  14 0.00  0.0    0 10.9 21  60   M    M   2        26  60
13  91  75  83   5   0  18    T  0.0    0 10.2 21  40   M    M   2        27  40
14  92  73  83   6   0  18 0.08  0.0    0  8.7 22  80   M    M   4 138    28  80
15  92  72  82   5   0  17 0.02  0.0    0  4.8 16  30   M    M   2 38     19  30
16  93  73  83   6   0  18 0.00  0.0    0  4.0 12  50   M    M   3 1      13  50
17  84  73  79   3   0  14 0.00  0.0    0  7.9 16  50   M    M   1        20  60
18  88  71  80   4   0  15 0.00  0.0    0 11.0 23  60   M    M   2        30  80
19  91  69  80   4   0  15 0.00  0.0    0 11.1 22  60   M    M   1        25  60
20  88  71  80   4   0  15 0.22  0.0    0  9.5 24 100   M    M   3 18     30  70
================================================================================
SM 1519 1161         0 258  0.62     0.0 193.1          M       62
================================================================================
AV 89.4 72.6                               9.7 FASTST   M    M   3    MAX(MPH)
                                 MISC ---->  # 31  60               # 37   60
================================================================================
NOTES:
# LAST OF SEVERAL OCCURRENCES

COLUMN 17 PEAK WIND IN M.P.H.

PRELIMINARY LOCAL CLIMATOLOGICAL DATA (WS FORM: F-6) , PAGE 2

                                          STATION:  Punta Gorda
                                          MONTH:    OCTOBER
                                          YEAR:     2017
                                          LATITUDE:   26 55 N
                                          LONGITUDE:  82  0 W

[TEMPERATURE DATA]      [PRECIPITATION DATA]       SYMBOLS USED IN COLUMN 16

AVERAGE MONTHLY: 81.0   TOTAL FOR MONTH:   0.62    1 = FOG OR MIST
DPTR FM NORMAL:   2.9   DPTR FM NORMAL:   -1.61    2 = FOG REDUCING VISIBILITY
HIGHEST:    93 ON 16,10 GRTST 24HR  0.22 ON 20-20      TO 1/4 MILE OR LESS
LOWEST:     69 ON 19,12                            3 = THUNDER
                        SNOW, ICE PELLETS, HAIL    4 = ICE PELLETS
                        TOTAL MONTH:   0.0 INCH    5 = HAIL
                        GRTST 24HR     0.0         6 = FREEZING RAIN OR DRIZZLE
                        GRTST DEPTH:   0           7 = DUSTSTORM OR SANDSTORM:
                                                       VSBY 1/2 MILE OR LESS
                                                   8 = SMOKE OR HAZE
[NO. OF DAYS WITH]      [WEATHER - DAYS WITH]      9 = BLOWING SNOW
                                                   X = TORNADO
MAX 32 OR BELOW:   0    0.01 INCH OR MORE:   8
MAX 90 OR ABOVE:   9    0.10 INCH OR MORE:   2
MIN 32 OR BELOW:   0    0.50 INCH OR MORE:   0
MIN  0 OR BELOW:   0    1.00 INCH OR MORE:   0

[HDD (BASE 65) ]
TOTAL THIS MO.     0    CLEAR  (SCALE 0-3)  13
DPTR FM NORMAL     0    PTCLDY (SCALE 4-7)   7
TOTAL FM JUL 1     0    CLOUDY (SCALE 8-10)  0
DPTR FM NORMAL     0

[CDD (BASE 65) ]
TOTAL THIS MO.   258
DPTR FM NORMAL    -5    [PRESSURE DATA]
TOTAL FM JAN 1  3499    HIGHEST SLP M ON M
DPTR FM NORMAL   240    LOWEST  SLP 29.86 ON  5

[REMARKS]
