000
CXUS55 KPSR 311005
CF6PHX
PRELIMINARY LOCAL CLIMATOLOGICAL DATA (WS FORM: F-6)

                                          STATION:   PHOENIX AZ
                                          MONTH:     AUGUST
                                          YEAR:      2015
                                          LATITUDE:   33 25 N
                                          LONGITUDE: 112  1 W

  TEMPERATURE IN F:       :PCPN:    SNOW:  WIND      :SUNSHINE: SKY     :PK WND
================================================================================
1   2   3   4   5  6A  6B    7    8   9   10  11  12  13   14  15   16   17  18
                                     12Z  AVG MX 2MIN
DY MAX MIN AVG DEP HDD CDD  WTR  SNW DPTH SPD SPD DIR MIN PSBL S-S WX    SPD DR
================================================================================

 1 103  80  92  -2   0  27 0.00  0.0    0  5.3 12 260   M    M   6        15 270
 2 108  86  97   3   0  32 0.00  0.0    0  8.1 21 280   M    M   3        28 280
 3 110  87  99   5   0  34 0.00  0.0    0  6.8 20 290   M    M   2        23 290
 4 111  88 100   6   0  35 0.00  0.0    0  7.1 16 270   M    M   1        25 270
 5 112  89 101   7   0  36 0.00  0.0    0  6.7 18 260   M    M   3        28 300
 6 106  92  99   5   0  34 0.00  0.0    0  6.0 16 200   M    M   6        20 130
 7 107  79  93  -1   0  28 0.37  0.0    0  9.2 24 140   M    M   6 38     32 140
 8 102  80  91  -3   0  26 0.00  0.0    0  5.4 14 160   M    M   5        18 120
 9 107  86  97   3   0  32    T  0.0    0  6.8 25 180   M    M   3 378    34 180
10 105  87  96   2   0  31 0.00  0.0    0  6.0 20 110   M    M   8        24 110
11  97  76  87  -7   0  22 0.22  0.0    0  7.6 39 130   M    M   7 1378   51 120
12 108  80  94   0   0  29 0.00  0.0    0  5.5 22 160   M    M   7        27 160
13 114  89 102   8   0  37 0.00  0.0    0  5.6 14 190   M    M   5        17 190
14 117  93 105  11   0  40    T  0.0    0  6.8 23 230   M    M   6        28 230
15 115  93 104  10   0  39 0.00  0.0    0  5.3 14 270   M    M   5        17 330
16 112  93 103   9   0  38 0.00  0.0    0  9.4 21 260   M    M   4        26 270
17 108  91 100   6   0  35 0.00  0.0    0 11.1 23 280   M    M   2        27 270
18 107  88  98   4   0  33 0.00  0.0    0  8.3 18 290   M    M   5        24 280
19 107  86  97   3   0  32 0.00  0.0    0  7.1 16 260   M    M   4        21 300
20 107  88  98   5   0  33 0.00  0.0    0  6.9 18 290   M    M   1        24 290
21 107  89  98   5   0  33 0.00  0.0    0  7.7 18 290   M    M   3        22 300
22 105  88  97   4   0  32 0.00  0.0    0  7.6 17 280   M    M   3        20 280
23 107  87  97   4   0  32 0.00  0.0    0  6.4 23 150   M    M   3        30 150
24 108  88  98   5   0  33 0.00  0.0    0  6.9 18 320   M    M   7 3      23 330
25 100  84  92  -1   0  27 0.05  0.0    0  7.5 32 180   M    M   8 3      44 200
26 106  84  95   2   0  30 0.00  0.0    0  6.6 17 130   M    M   5        23  50
27 108  82  95   2   0  30 0.15  0.0    0  6.9 39  70   M    M   5 3      52  60
28 109  81  95   2   0  30 0.00  0.0    0  4.5 10 260   M    M   4        14 270
29 111  80  96   3   0  31 0.13  0.0    0  6.4 32 130   M    M   5 3      42 130
30 108  83  96   4   0  31    T  0.0    0  8.5 26 210   M    M   5 3      33 150
================================================================================
SM 3232 2577         0 962  0.92     0.0 210.0          M      137
================================================================================
AV107.7 85.9                               7.0 FASTST   M    M   5    MAX(MPH)
                                 MISC ---->  # 39 130               # 52   60
================================================================================
NOTES:
# LAST OF SEVERAL OCCURRENCES

COLUMN 17 PEAK WIND IN M.P.H.

PRELIMINARY LOCAL CLIMATOLOGICAL DATA (WS FORM: F-6) , PAGE 2

                                          STATION:  PHOENIX AZ
                                          MONTH:    AUGUST
                                          YEAR:     2015
                                          LATITUDE:   33 25 N
                                          LONGITUDE: 112  1 W

[TEMPERATURE DATA]      [PRECIPITATION DATA]       SYMBOLS USED IN COLUMN 16

AVERAGE MONTHLY: 96.8   TOTAL FOR MONTH:   0.92    1 = FOG OR MIST
DPTR FM NORMAL:   3.2   DPTR FM NORMAL:   -0.06    2 = FOG REDUCING VISIBILITY
HIGHEST:   117 ON 14    GRTST 24HR  0.72 ON 31- 1      TO 1/4 MILE OR LESS
LOWEST:     76 ON 11                               3 = THUNDER
                        SNOW, ICE PELLETS, HAIL    4 = ICE PELLETS
                        TOTAL MONTH:   0.0 INCH    5 = HAIL
                        GRTST 24HR     0.0         6 = FREEZING RAIN OR DRIZZLE
                        GRTST DEPTH:   0           7 = DUSTSTORM OR SANDSTORM:
                                                       VSBY 1/2 MILE OR LESS
                                                   8 = SMOKE OR HAZE
[NO. OF DAYS WITH]      [WEATHER - DAYS WITH]      9 = BLOWING SNOW
                                                   X = TORNADO
MAX 32 OR BELOW:   0    0.01 INCH OR MORE:   5
MAX 90 OR ABOVE:  30    0.10 INCH OR MORE:   4
MIN 32 OR BELOW:   0    0.50 INCH OR MORE:   0
MIN  0 OR BELOW:   0    1.00 INCH OR MORE:   0

[HDD (BASE 65) ]
TOTAL THIS MO.     0    CLEAR  (SCALE 0-3)   8
DPTR FM NORMAL     0    PTCLDY (SCALE 4-7)  22
TOTAL FM JUL 1     0    CLOUDY (SCALE 8-10)  0
DPTR FM NORMAL     0

[CDD (BASE 65) ]
TOTAL THIS MO.   962
DPTR FM NORMAL   104    [PRESSURE DATA]
TOTAL FM JAN 1  3789    HIGHEST SLP M ON M
DPTR FM NORMAL   347    LOWEST  SLP 29.61 ON 18

[REMARKS]
