000
CXUS53 KILX 260900
CF6PIA
PRELIMINARY LOCAL CLIMATOLOGICAL DATA (WS FORM: F-6)

                                          STATION:   PEORIA IL
                                          MONTH:     SEPTEMBER
                                          YEAR:      2016
                                          LATITUDE:   40 40 N
                                          LONGITUDE:  89 41 W

  TEMPERATURE IN F:       :PCPN:    SNOW:  WIND      :SUNSHINE: SKY     :PK WND
================================================================================
1   2   3   4   5  6A  6B    7    8   9   10  11  12  13   14  15   16   17  18
                                     12Z  AVG MX 2MIN
DY MAX MIN AVG DEP HDD CDD  WTR  SNW DPTH SPD SPD DIR MIN PSBL S-S WX    SPD DR
================================================================================

 1  79  58  69  -3   0   4 0.00  0.0    0  7.5 21  70   M    M   1        25  60
 2  77  58  68  -3   0   3 0.00  0.0    0  8.7 17  70   M    M   0        22  70
 3  79  58  69  -2   0   4 0.00  0.0    0  6.1 10 120   M    M   0        15 110
 4  82  59  71   0   0   6 0.00  0.0    0  6.2 17 200   M    M   1        21 210
 5  89  66  78   8   0  13 0.00  0.0    0  9.0 18 190   M    M   1        24 180
 6  92  73  83  13   0  18 0.00  0.0    0  9.5 17 230   M    M   0 1      25 230
 7  91  72  82  12   0  17 1.23  0.0    0  9.7 29 290   M    M   1 13     45 300
 8  82  69  76   7   0  11 0.47  0.0    0  6.6 15 220   M    M   4 13     18 210
 9  74  68  71   2   0   6 0.98  0.0    0  4.0 15 210   M    M   9 12     19 200
10  75  57  66  -3   0   1 0.32  0.0    0  8.0 20 300   M    M   5 123    28 290
11  78  52  65  -3   0   0 0.00  0.0    0  3.1  9 200   M    M   0 8      13 160
12  81  55  68   0   0   3 0.00  0.0    0  7.0 17 180   M    M   0 1      22 180
13  83  61  72   5   0   7 0.00  0.0    0  5.2 14 280   M    M   2        19 270
14  76  65  71   4   0   6 0.03  0.0    0  5.8 13  50   M    M   7 1      16  50
15  85  62  74   8   0   9 0.00  0.0    0  6.6 12  80   M    M   3        15 110
16  82  67  75   9   0  10 0.80  0.0    0  9.4 25 190   M    M   5 13     30 190
17  82  65  74   8   0   9 0.03  0.0    0  4.5 16 270   M    M   6 1      21 280
18  84  58  71   6   0   6 0.00  0.0    0  0.8  7 170   M    M   0 1       9 180
19  86  58  72   7   0   7 0.00  0.0    0  5.2 13 200   M    M   0        17 170
20  91  67  79  15   0  14 0.00  0.0    0  5.3 13 190   M    M   2        17 200
21  88  67  78  14   0  13    T  0.0    0  6.8 30  50   M    M   1        44  40
22  87  64  76  13   0  11 0.00  0.0    0  4.1 13 220   M    M   0 1      15 210
23  87  67  77  14   0  12    T  0.0    0  4.9 17  70   M    M   0 1      21  70
24  87  67  77  15   0  12 0.00  0.0    0  6.7 13  80   M    M   3 18     18 140
25  87  63  75  13   0  10    T  0.0    0  9.1 22 300   M    M   2 1      29 290
================================================================================
SM 2084 1576         0 212  3.86     0.0 159.8          M       53
================================================================================
AV 83.4 63.0                               6.4 FASTST   M    M   2    MAX(MPH)
                                 MISC ---->  # 30  50               # 45  300
================================================================================
NOTES:
# LAST OF SEVERAL OCCURRENCES

COLUMN 17 PEAK WIND IN M.P.H.

PRELIMINARY LOCAL CLIMATOLOGICAL DATA (WS FORM: F-6) , PAGE 2

                                          STATION:  PEORIA IL
                                          MONTH:    SEPTEMBER
                                          YEAR:     2016
                                          LATITUDE:   40 40 N
                                          LONGITUDE:  89 41 W

[TEMPERATURE DATA]      [PRECIPITATION DATA]       SYMBOLS USED IN COLUMN 16

AVERAGE MONTHLY: 73.2   TOTAL FOR MONTH:   3.86    1 = FOG OR MIST
DPTR FM NORMAL:   6.1   DPTR FM NORMAL:    1.19    2 = FOG REDUCING VISIBILITY
HIGHEST:    92 ON  6    GRTST 24HR  1.70 ON  7- 8      TO 1/4 MILE OR LESS
LOWEST:     52 ON 11                               3 = THUNDER
                        SNOW, ICE PELLETS, HAIL    4 = ICE PELLETS
                        TOTAL MONTH:   0.0 INCH    5 = HAIL
                        GRTST 24HR     0.0         6 = FREEZING RAIN OR DRIZZLE
                        GRTST DEPTH:   0           7 = DUSTSTORM OR SANDSTORM:
                                                       VSBY 1/2 MILE OR LESS
                                                   8 = SMOKE OR HAZE
[NO. OF DAYS WITH]      [WEATHER - DAYS WITH]      9 = BLOWING SNOW
                                                   X = TORNADO
MAX 32 OR BELOW:   0    0.01 INCH OR MORE:   7
MAX 90 OR ABOVE:   3    0.10 INCH OR MORE:   5
MIN 32 OR BELOW:   0    0.50 INCH OR MORE:   3
MIN  0 OR BELOW:   0    1.00 INCH OR MORE:   1

[HDD (BASE 65) ]
TOTAL THIS MO.     0    CLEAR  (SCALE 0-3)  18
DPTR FM NORMAL   -55    PTCLDY (SCALE 4-7)   6
TOTAL FM JUL 1     4    CLOUDY (SCALE 8-10)  1
DPTR FM NORMAL   -57

[CDD (BASE 65) ]
TOTAL THIS MO.   212
DPTR FM NORMAL   104    [PRESSURE DATA]
TOTAL FM JAN 1  1369    HIGHEST SLP M ON M
DPTR FM NORMAL   354    LOWEST  SLP 29.83 ON  8

[REMARKS]
