000
CXUS55 KPIH 231200
CF6PIH

PRELIMINARY LOCAL CLIMATOLOGICAL DATA (WS FORM: F-6)

                                          STATION:   POCATELLO ID
                                          MONTH:     APRIL
                                          YEAR:      2017
                                          LATITUDE:   42 55 N
                                          LONGITUDE: 112 36 W

  TEMPERATURE IN F:       :PCPN:    SNOW:  WIND      :SUNSHINE: SKY     :PK WND
================================================================================
1   2   3   4   5  6A  6B    7    8   9   10  11  12  13   14  15   16   17  18
                                     12Z  AVG MX 2MIN
DY MAX MIN AVG DEP HDD CDD  WTR  SNW DPTH SPD SPD DIR MIN PSBL S-S WX    SPD DR
================================================================================

 1  57  34  46   4  19   0 0.00  0.0    0 12.5 17 220   M    M   1        22 220
 2  54  36  45   3  20   0 0.20  0.0    0 14.2 35 250   M    M   6 135    41 250
 3  48  26  37  -6  28   0    T    T    0 11.1 25 240   M    M   5 1      34 250
 4  48  23  36  -7  29   0 0.00  0.0    0  5.6 13 330   M    M   2        18 320
 5  60  28  44   1  21   0 0.00  0.0    0  6.6 16 170   M    M   4        20 210
 6  69  39  54  11  11   0 0.00  0.0    0 10.0 25 190   M    M   4        34 190
 7  62  40  51   7  14   0 0.64  0.0    0 15.6 35 180   M    M   8 1      45 180
 8  53  34  44   0  21   0 0.46    T    0 17.1 39 230   M    M   8 135    46 240
 9  48  29  39  -5  26   0 0.00  0.0    0 18.3 33 250   M    M   6        40 250
10  53  28  41  -3  24   0    T  0.0    0 15.4 29 180   M    M   3        36 180
11  58  26  42  -2  23   0    T  0.0    0  4.5 24 200   M    M   5        29 210
12  69  32  51   6  14   0 0.00  0.0    0  8.2 23 170   M    M   2        29 200
13  66  38  52   7  13   0 0.04  0.0    0 21.7 35 260   M    M   4        45 180
14  48  33  41  -4  24   0    T    T    0 15.5 32 260   M    M   7        38 230
15  52  28  40  -5  25   0 0.00  0.0    0  9.8 18 250   M    M   1        23 270
16  67  25  46   0  19   0 0.00  0.0    0  4.7 13 180   M    M   1        16  40
17  59  46  53   7  12   0 0.04  0.0    0 13.3 35 230   M    M   8 1      41 220
18  55  44  50   4  15   0 0.15  0.0    0 10.3 28 230   M    M   9        35 230
19  59  38  49   3  16   0 0.00  0.0    0 10.8 23 220   M    M   3        28 210
20  54  33  44  -3  21   0 0.40    T    0 11.6 30 250   M    M   5 1      36 250
21  53  32  43  -4  22   0    T  0.0    0 10.8 28 350   M    M   6        37 340
22  62  26  44  -3  21   0 0.00  0.0    0  8.8 24 180   M    M   1        30 170
================================================================================
SM 1254  718       438   0  1.93    T    256.4          M       99
================================================================================
AV 57.0 32.6                              11.7 FASTST   M    M   5    MAX(MPH)
                                 MISC ---->  # 39 230               # 46  240
================================================================================
NOTES:
# LAST OF SEVERAL OCCURRENCES
SNOWFALL/DEPTH ALWAYS AUGMENTED BY WFO POCATELLO

COLUMN 17 PEAK WIND IN M.P.H.

PRELIMINARY LOCAL CLIMATOLOGICAL DATA (WS FORM: F-6) , PAGE 2

                                          STATION:  POCATELLO ID
                                          MONTH:    APRIL
                                          YEAR:     2017
                                          LATITUDE:   42 55 N
                                          LONGITUDE: 112 36 W

[TEMPERATURE DATA]      [PRECIPITATION DATA]       SYMBOLS USED IN COLUMN 16

AVERAGE MONTHLY: 44.8   TOTAL FOR MONTH:   1.93    1 = FOG OR MIST
DPTR FM NORMAL:   0.2   DPTR FM NORMAL:    1.13    2 = FOG REDUCING VISIBILITY
HIGHEST:    69 ON 12, 6 GRTST 24HR  0.64 ON  7- 7      TO 1/4 MILE OR LESS
LOWEST:     23 ON  4                               3 = THUNDER
                        SNOW, ICE PELLETS, HAIL    4 = ICE PELLETS
                        TOTAL MONTH:    T          5 = HAIL
                        GRTST 24HR    T  ON 20-20  6 = FREEZING RAIN OR DRIZZLE
                        GRTST DEPTH:   0           7 = DUSTSTORM OR SANDSTORM:
                                                       VSBY 1/2 MILE OR LESS
                                                   8 = SMOKE OR HAZE
[NO. OF DAYS WITH]      [WEATHER - DAYS WITH]      9 = BLOWING SNOW
                                                   X = TORNADO
MAX 32 OR BELOW:   0    0.01 INCH OR MORE:   7
MAX 90 OR ABOVE:   0    0.10 INCH OR MORE:   5
MIN 32 OR BELOW:  11    0.50 INCH OR MORE:   1
MIN  0 OR BELOW:   0    1.00 INCH OR MORE:   0

[HDD (BASE 65) ]
TOTAL THIS MO.   438    CLEAR  (SCALE 0-3)   7
DPTR FM NORMAL   -10    PTCLDY (SCALE 4-7)  14
TOTAL FM JUL 1  6355    CLOUDY (SCALE 8-10)  1
DPTR FM NORMAL  -205

[CDD (BASE 65) ]
TOTAL THIS MO.     0
DPTR FM NORMAL     0    [PRESSURE DATA]
TOTAL FM JAN 1     0    HIGHEST SLP M ON M
DPTR FM NORMAL     0    LOWEST  SLP 29.59 ON 13

[REMARKS]
