000
CXUS55 KPIH 281200
CF6PIH

PRELIMINARY LOCAL CLIMATOLOGICAL DATA (WS FORM: F-6)

                                          STATION:   POCATELLO ID
                                          MONTH:     MAY
                                          YEAR:      2015
                                          LATITUDE:   42 55 N
                                          LONGITUDE: 112 36 W

  TEMPERATURE IN F:       :PCPN:    SNOW:  WIND      :SUNSHINE: SKY     :PK WND
================================================================================
1   2   3   4   5  6A  6B    7    8   9   10  11  12  13   14  15   16   17  18
                                     12Z  AVG MX 2MIN
DY MAX MIN AVG DEP HDD CDD  WTR  SNW DPTH SPD SPD DIR MIN PSBL S-S WX    SPD DR
================================================================================

 1  75  30  53   3  12   0 0.00  0.0    0  5.5 15 270 629    M   0        19 270
 2  82  38  60  10   5   0 0.00  0.0    0 10.5 30 260 399    M   2        36 250
 3  77  46  62  12   3   0    T  0.0    0  7.1 22 180 375    M   4 3      26 180
 4  77  40  59   9   6   0 0.00  0.0    0  4.6 16 200 592    M   3        22 180
 5  73  45  59   8   6   0 0.00  0.0    0 10.2 28 240 260    M   3        34 240
 6  64  45  55   4  10   0 0.02  0.0    0 12.0 28 220 341    M   5        37 230
 7  62  40  51   0  14   0 0.14  0.0    0  9.2 25 200  94    M   8 13     30 200
 8  64  41  53   1  12   0    T  0.0    0  9.4 21  40   0    M   5 3      28  40
 9  66  40  53   1  12   0    T  0.0    0 13.8 28  10  28    M   6        35  20
10  64  27  46  -6  19   0 0.00  0.0    0  8.6 22  40 340    M   0        26  40
11  72  30  51  -1  14   0 0.03  0.0    0 13.0 29 170  80    M   3        35 180
12  77  42  60   7   5   0    T  0.0    0 11.2 36 220   M    M   4        48 230
13  68  44  56   3   9   0    T  0.0    0  8.8 37 250   M    M   2        44 250
14  70  46  58   5   7   0 0.02  0.0    0  6.2 28 250   M    M   5 3      35 210
15  63  46  55   1  10   0 0.13  0.0    0 11.5 28 180   0    M   8        35 190
16  54  43  49  -5  16   0 0.71  0.0    0 11.0 24 190   M    M  10 1      30 210
17  60  45  53  -1  12   0 0.02  0.0    0  4.5 13  30   0    M   6        15  30
18  69  39  54   0  11   0 0.04  0.0    0  6.0 20  60 290    M   4 3      26  50
19  55  46  51  -4  14   0 0.46  0.0    0  4.6 10  90  60    M   9 1      13 100
20  58  47  53  -2  12   0 0.35  0.0    0  7.0 21 200   9    M   8 13     27 200
21  69  44  57   2   8   0 0.03  0.0    0  4.9 24 170 497    M   6 3      31 190
22  67  48  58   3   7   0 0.00  0.0    0  5.6 22 170   M    M   7 3      24 170
23  58  48  53  -3  12   0 0.24  0.0    0  5.2 18 180   8    M  10 13     22 130
24  66  42  54  -2  11   0 0.03  0.0    0  6.7 21  20  54    M   6 123    28  20
25  72  45  59   3   6   0 0.38  0.0    0  8.6 28 270 347    M   4 3      39 220
26  67  48  58   2   7   0 0.02  0.0    0  9.0 23 190 485    M   6 1      30 200
27  69  45  57   0   8   0 0.07  0.0    0  8.1 29 300 484    M   5 3      35 300
================================================================================
SM 1818 1140       268   0  2.69     0.0 222.8         5372    139
================================================================================
AV 67.3 42.2                               8.3 FASTST  244   M   5    MAX(MPH)
                                 MISC ---->  # 37 250               # 48  230
================================================================================
NOTES:
# LAST OF SEVERAL OCCURRENCES

COLUMN 17 PEAK WIND IN M.P.H.

PRELIMINARY LOCAL CLIMATOLOGICAL DATA (WS FORM: F-6) , PAGE 2

                                          STATION:  POCATELLO ID
                                          MONTH:    MAY
                                          YEAR:     2015
                                          LATITUDE:   42 55 N
                                          LONGITUDE: 112 36 W

[TEMPERATURE DATA]      [PRECIPITATION DATA]       SYMBOLS USED IN COLUMN 16

AVERAGE MONTHLY: 54.8   TOTAL FOR MONTH:   2.69    1 = FOG OR MIST
DPTR FM NORMAL:   1.6   DPTR FM NORMAL:    1.42    2 = FOG REDUCING VISIBILITY
HIGHEST:    82 ON  2    GRTST 24HR  0.80 ON 15-16      TO 1/4 MILE OR LESS
LOWEST:     27 ON 10                               3 = THUNDER
                        SNOW, ICE PELLETS, HAIL    4 = ICE PELLETS
                        TOTAL MONTH:   0.0 INCH    5 = HAIL
                        GRTST 24HR     0.0         6 = FREEZING RAIN OR DRIZZLE
                        GRTST DEPTH:   0           7 = DUSTSTORM OR SANDSTORM:
                                                       VSBY 1/2 MILE OR LESS
                                                   8 = SMOKE OR HAZE
[NO. OF DAYS WITH]      [WEATHER - DAYS WITH]      9 = BLOWING SNOW
                                                   X = TORNADO
MAX 32 OR BELOW:   0    0.01 INCH OR MORE:  16
MAX 90 OR ABOVE:   0    0.10 INCH OR MORE:   7
MIN 32 OR BELOW:   3    0.50 INCH OR MORE:   1
MIN  0 OR BELOW:   0    1.00 INCH OR MORE:   0

[HDD (BASE 65) ]
TOTAL THIS MO.   268    CLEAR  (SCALE 0-3)   7
DPTR FM NORMAL   -53    PTCLDY (SCALE 4-7)  17
TOTAL FM JUL 1  5799    CLOUDY (SCALE 8-10)  3
DPTR FM NORMAL -1216

[CDD (BASE 65) ]
TOTAL THIS MO.     0
DPTR FM NORMAL     0    [PRESSURE DATA]
TOTAL FM JAN 1     0    HIGHEST SLP M ON M
DPTR FM NORMAL     0    LOWEST  SLP 29.55 ON 12

[REMARKS]
