000
CXUS54 KBRO 280851
CF6PIL
PRELIMINARY LOCAL CLIMATOLOGICAL DATA (WS FORM: F-6)

                                          STATION:   BAYVIEW
                                          MONTH:     MARCH
                                          YEAR:      2015
                                          LATITUDE:   26 10 N
                                          LONGITUDE:  97 20 W

  TEMPERATURE IN F:       :PCPN:    SNOW:  WIND      :SUNSHINE: SKY     :PK WND
================================================================================
1   2   3   4   5  6A  6B    7    8   9   10  11  12  13   14  15   16   17  18
                                     12Z  AVG MX 2MIN
DY MAX MIN AVG DEP HDD CDD  WTR  SNW DPTH SPD SPD DIR MIN PSBL S-S WX    SPD DR
================================================================================

 1  58  49  54 -12  11   0    T  0.0    0  8.2 15 310   M    M  10 1      18 300
 2  58  54  56 -10   9   0    T  0.0    0 10.3 15 350   M    M  10 12     18 350
 3  79  56  68   2   0   3 0.00  0.0    0 10.7 26 160   M    M   8 128    35 160
 4  81  69  75   9   0  10 0.00  0.0    0 13.3 25 160   M    M   9 18     32 170
 5  70  43  57  -9   8   0    T    M    0 22.4 37 360   M    M  10 18     46 360
 6  52  44  48 -19  17   0 0.00  0.0    0 14.8 21 330   M    M  10 8      26 320
 7  65  45  55 -12  10   0 0.00  0.0    0  8.9 15  30   M    M   9 8      19  10
 8  68  57  63  -4   2   0    M  0.0    0  5.8 13 320   M    M  10 1      15 320
 9  69  59  64  -3   1   0    M  0.0    0  6.3 16 270   M    M   7 18     23 270
10  65  60  63  -4   2   0    M  0.0    0 14.3 23  10   M    M   7 18     29 350
11  61  55  58 -10   7   0    M  0.0    0 14.8 24 340   M    M   9 1      29 350
12  74  52  63  -5   2   0 0.00  0.0    0  9.0 17 300   M    M   2 18     21 310
13  77  53  65  -3   0   0    T  0.0    0  6.3 15 130   M    M   0 18     17 130
14  75  58  67  -1   0   2    T  0.0    0  4.3 10  70   M    M   5 18     13  60
15  68  58  63  -5   2   0    T  0.0    0 10.0 18  30   M    M   9 8      25  30
16  69  61  65  -4   0   0    T  0.0    0  9.1 20 360   M    M  10 18     24  10
17  73  64  69   0   0   4 0.00  0.0    0  7.1 14 150   M    M   9 128    17 140
18  73  68  71   2   0   6    T  0.0    0  9.2 16 160   M    M  10 1      21 150
19  80  70  75   6   0  10 0.00  0.0    0 10.1 21 140   M    M   9 18     26 140
20  82  70  76   6   0  11 0.00  0.0    0 10.2 20 150   M    M   7 128    24 140
21  78  67  73   3   0   8 0.68  0.0    0  7.2 16 350   M    M   9 18     19 360
22  78  63  71   1   0   6    T  0.0    0  7.6 15  40   M    M   6 18     18  30
23  79  58  69  -1   0   4 0.00  0.0    0  6.4 14 100   M    M   1 128    19  70
24  79  61  70   0   0   5 0.00  0.0    0  9.9 18 130   M    M   1 128    23 110
25  76  66  71   0   0   6    T  0.0    0 12.0 20 120   M    M   6 18     25 120
26  82  62  72   1   0   7 0.02  0.0    0 12.0 31  10   M    M   9 128    39 340
27  79  54  67  -4   0   2 0.00  0.0    0  7.7 14 330   M    M   0 8      17 330
================================================================================
SM 1948 1576        71  84  0.70     0.0 267.9          M      192
================================================================================
AV 72.1 58.4                               9.9 FASTST   M    M   7    MAX(MPH)
                                 MISC ---->  # 37 360               # 46  360
================================================================================
NOTES:
# LAST OF SEVERAL OCCURRENCES

COLUMN 17 PEAK WIND IN M.P.H.

PRELIMINARY LOCAL CLIMATOLOGICAL DATA (WS FORM: F-6) , PAGE 2

                                          STATION:  BAYVIEW
                                          MONTH:    MARCH
                                          YEAR:     2015
                                          LATITUDE:   26 10 N
                                          LONGITUDE:  97 20 W

[TEMPERATURE DATA]      [PRECIPITATION DATA]       SYMBOLS USED IN COLUMN 16

AVERAGE MONTHLY: 65.3   TOTAL FOR MONTH:   0.70    1 = FOG OR MIST
DPTR FM NORMAL:  -3.0   DPTR FM NORMAL:   -0.18    2 = FOG REDUCING VISIBILITY
HIGHEST:    82 ON 26,20 GRTST 24HR  0.68 ON 21-21      TO 1/4 MILE OR LESS
LOWEST:     43 ON  5                               3 = THUNDER
                        SNOW, ICE PELLETS, HAIL    4 = ICE PELLETS
                        TOTAL MONTH:   0.0 INCH    5 = HAIL
                        GRTST 24HR     0.0         6 = FREEZING RAIN OR DRIZZLE
                        GRTST DEPTH:   0           7 = DUSTSTORM OR SANDSTORM:
                                                       VSBY 1/2 MILE OR LESS
                                                   8 = SMOKE OR HAZE
[NO. OF DAYS WITH]      [WEATHER - DAYS WITH]      9 = BLOWING SNOW
                                                   X = TORNADO
MAX 32 OR BELOW:   0    0.01 INCH OR MORE:   2
MAX 90 OR ABOVE:   0    0.10 INCH OR MORE:   1
MIN 32 OR BELOW:   0    0.50 INCH OR MORE:   1
MIN  0 OR BELOW:   0    1.00 INCH OR MORE:   0

[HDD (BASE 65) ]
TOTAL THIS MO.    71    CLEAR  (SCALE 0-3)   5
DPTR FM NORMAL    28    PTCLDY (SCALE 4-7)   7
TOTAL FM JUL 1   750    CLOUDY (SCALE 8-10) 15
DPTR FM NORMAL   211

[CDD (BASE 65) ]
TOTAL THIS MO.    84
DPTR FM NORMAL   -47    [PRESSURE DATA]
TOTAL FM JAN 1   133    HIGHEST SLP M ON M
DPTR FM NORMAL  -120    LOWEST  SLP 29.71 ON  4

[REMARKS]
