000
CXUS54 KBRO 301152
CF6PIL
PRELIMINARY LOCAL CLIMATOLOGICAL DATA (WS FORM: F-6)

                                          STATION:   BAYVIEW
                                          MONTH:     JANUARY
                                          YEAR:      2015
                                          LATITUDE:   26 10 N
                                          LONGITUDE:  97 20 W

  TEMPERATURE IN F:       :PCPN:    SNOW:  WIND      :SUNSHINE: SKY     :PK WND
================================================================================
1   2   3   4   5  6A  6B    7    8   9   10  11  12  13   14  15   16   17  18
                                     12Z  AVG MX 2MIN
DY MAX MIN AVG DEP HDD CDD  WTR  SNW DPTH SPD SPD DIR MIN PSBL S-S WX    SPD DR
================================================================================

 1  44  42  43 -17  22   0 0.03    M    0 15.0 23 320   M    M  10 1      29 330
 2  48  43  46 -14  19   0 0.04    M    0  9.9 15 320   M    M  10 1      18 330
 3  52  47  50 -10  15   0 0.00  0.0    0  7.8 16 320   M    M   9 1      19 310
 4  56  46  51  -9  14   0    T    M    0 12.1 24 360   M    M   1 18     32 360
 5  55  43  49 -11  16   0 0.00  0.0    0 11.6 18 350   M    M   2 18     24 350
 6  66  47  57  -3   8   0 0.00  0.0    0  6.5 13  30   M    M   0 18     16 360
 7  63  47  55  -5  10   0    T    M    0 12.9 31 350   M    M  10 18     40 350
 8  47  38  43 -17  22   0    T    M    0 18.1 30 340   M    M  10 8      38 350
 9  50  40  45 -15  20   0 0.15    M    0 15.6 28 330   M    M  10 18     35 330
10  40  36  38 -22  27   0 1.28    M    0 20.3 33 320   M    M  10 138    39 320
11  54  38  46 -14  19   0    T    M    0  8.2 18 310   M    M   7 1      24 300
12  55  41  48 -13  17   0 0.00  0.0    0 10.2 23 360   M    M   7 18     28 350
13  49  42  46 -15  19   0 0.12    M    0 17.0 29 360   M    M  10 1      33 350
14  44  41  43 -18  22   0    T    M    0 17.2 23 330   M    M  10 1      28 340
15  55  40  48 -13  17   0    T  0.0    0 12.4 22 340   M    M   7 18     28 340
16  63  42  53  -8  12   0 0.00  0.0    0  5.8 12  70   M    M   0 18     15  70
17  69  43  56  -5   9   0 0.00  0.0    0  4.2 14 110   M    M   0 18     22  90
18  70  54  62   1   3   0 0.00  0.0    0  6.6 15 350   M    M   1 18     17 350
19  69  51  60  -1   5   0    T  0.0    0  5.1 13 180   M    M   3 128    16 160
20  80  49  65   4   0   0 0.00  0.0    0  6.7 16 160   M    M   3 128    19 150
21  74  64  69   8   0   4    T  0.0    0  9.3 18 100   M    M   9 128    24 130
22  75  52  64   3   1   0 0.19  0.0    0 15.1 29 120   M    M   9 138    34 140
23  59  44  52  -9  13   0    T    M    0 20.2 29 330   M    M   7 18     37 330
24  64  38  51 -10  14   0 0.00  0.0    0  6.9 13 260   M    M   0 18     16 270
25  69  44  57  -5   8   0 0.00  0.0    0  5.6 16 220   M    M   0 8      20 220
26  75  47  61  -1   4   0 0.00  0.0    0  6.3 10 120   M    M   0        14 330
27  81  49  65   3   0   0 0.00  0.0    0  6.8 14 240   M    M   0 18     18 230
28  77  52  65   3   0   0 0.00  0.0    0  9.3 18 160   M    M   3 128    24 160
29  77  59  68   6   0   3 0.00  0.0    0  9.2 18 160   M    M   1 18     23 140
================================================================================
SM 1780 1319       336   7  1.81     0.0 311.9          M      149
================================================================================
AV 61.4 45.5                              10.8 FASTST   M    M   5    MAX(MPH)
                                 MISC ---->  # 33 320               # 40  350
================================================================================
NOTES:
# LAST OF SEVERAL OCCURRENCES

COLUMN 17 PEAK WIND IN M.P.H.

PRELIMINARY LOCAL CLIMATOLOGICAL DATA (WS FORM: F-6) , PAGE 2

                                          STATION:  BAYVIEW
                                          MONTH:    JANUARY
                                          YEAR:     2015
                                          LATITUDE:   26 10 N
                                          LONGITUDE:  97 20 W

[TEMPERATURE DATA]      [PRECIPITATION DATA]       SYMBOLS USED IN COLUMN 16

AVERAGE MONTHLY: 53.4   TOTAL FOR MONTH:   1.81    1 = FOG OR MIST
DPTR FM NORMAL:  -7.4   DPTR FM NORMAL:    0.68    2 = FOG REDUCING VISIBILITY
HIGHEST:    81 ON 27    GRTST 24HR  1.41 ON  9-10      TO 1/4 MILE OR LESS
LOWEST:     36 ON 10                               3 = THUNDER
                        SNOW, ICE PELLETS, HAIL    4 = ICE PELLETS
                        TOTAL MONTH:   0.0 INCH    5 = HAIL
                        GRTST 24HR     0.0         6 = FREEZING RAIN OR DRIZZLE
                        GRTST DEPTH:   0           7 = DUSTSTORM OR SANDSTORM:
                                                       VSBY 1/2 MILE OR LESS
                                                   8 = SMOKE OR HAZE
[NO. OF DAYS WITH]      [WEATHER - DAYS WITH]      9 = BLOWING SNOW
                                                   X = TORNADO
MAX 32 OR BELOW:   0    0.01 INCH OR MORE:   6
MAX 90 OR ABOVE:   0    0.10 INCH OR MORE:   4
MIN 32 OR BELOW:   0    0.50 INCH OR MORE:   1
MIN  0 OR BELOW:   0    1.00 INCH OR MORE:   1

[HDD (BASE 65) ]
TOTAL THIS MO.   336    CLEAR  (SCALE 0-3)  14
DPTR FM NORMAL   173    PTCLDY (SCALE 4-7)   4
TOTAL FM JUL 1   530    CLOUDY (SCALE 8-10) 11
DPTR FM NORMAL   164

[CDD (BASE 65) ]
TOTAL THIS MO.     7
DPTR FM NORMAL   -51    [PRESSURE DATA]
TOTAL FM JAN 1     7    HIGHEST SLP M ON M
DPTR FM NORMAL   -51    LOWEST  SLP 29.81 ON 22

[REMARKS]
