000
CXUS54 KBRO 200900
CF6PIL
PRELIMINARY LOCAL CLIMATOLOGICAL DATA (WS FORM: F-6)

                                          STATION:   BAYVIEW
                                          MONTH:     JANUARY
                                          YEAR:      2017
                                          LATITUDE:   26 10 N
                                          LONGITUDE:  97 20 W

  TEMPERATURE IN F:       :PCPN:    SNOW:  WIND      :SUNSHINE: SKY     :PK WND
================================================================================
1   2   3   4   5  6A  6B    7    8   9   10  11  12  13   14  15   16   17  18
                                     12Z  AVG MX 2MIN
DY MAX MIN AVG DEP HDD CDD  WTR  SNW DPTH SPD SPD DIR MIN PSBL S-S WX    SPD DR
================================================================================

 1  78  65  72  12   0   7 0.01  0.0    0  7.3 21 130   M    M   3 128    27 130
 2  83  57  70  10   0   5 0.00  0.0    0  8.0 16  50   M    M   4 128    23  30
 3  78  52  65   5   0   0 0.00  0.0    0  4.4 12  60   M    M   8 128    15  60
 4  67  58  63   3   2   0 0.00  0.0    0 10.1 20  30   M    M  10 12     25  30
 5  77  56  67   7   0   2 0.00  0.0    0  6.1 13  70   M    M   6 18     15 320
 6  71  35  53  -7  12   0 0.03  0.0    0 21.9 31 340   M    M  10 1      38 360
 7  42  29  36 -24  29   0 0.00  0.0    0 19.8 29 340   M    M   8        38 340
 8  63  36  50 -10  15   0 0.00  0.0    0  8.1 17 360   M    M   7        23 350
 9  76  45  61   1   4   0 0.00  0.0    0  8.0 21 160   M    M   2        28 150
10  80  62  71  11   0   6    T  0.0    0 16.1 31 180   M    M   0        42 180
11  81  62  72  12   0   7 0.00  0.0    0 16.1 33 160   M    M   1 1      42 160
12  82  68  75  14   0  10 0.03  0.0    M 15.3 29 150   M    M   4 1      36 160
13  80  69  75  14   0  10    T  0.0    0 10.9 21 120   M    M   6 1      26 120
14  78  68  73  12   0   8 0.00  0.0    0 11.1 21 130   M    M   4 18     25 120
15  81  69  75  14   0  10 0.00  0.0    0 16.6 30 150   M    M   3 1      37 150
16  83  69  76  15   0  11 0.00  0.0    0 13.3 20 170   M    M   3 18     35 170
17  79  69  74  13   0   9 0.02  0.0    0 10.0 23 140   M    M   6 18     28 140
18  71  62  67   6   0   2    T  0.0    0  8.9 17 300   M    M   8 18     22 360
19  68  61  65   4   0   0 0.10  0.0    0  6.2 22 110   M    M   7 13     25 310
================================================================================
SM 1418 1092        62  87  0.19     0.0 218.2          M      100
================================================================================
AV 74.6 57.5                              11.5 FASTST   M    M   5    MAX(MPH)
                                 MISC ---->  # 33 160               # 42  180
================================================================================
NOTES:
# LAST OF SEVERAL OCCURRENCES

COLUMN 17 PEAK WIND IN M.P.H.

PRELIMINARY LOCAL CLIMATOLOGICAL DATA (WS FORM: F-6) , PAGE 2

                                          STATION:  BAYVIEW
                                          MONTH:    JANUARY
                                          YEAR:     2017
                                          LATITUDE:   26 10 N
                                          LONGITUDE:  97 20 W

[TEMPERATURE DATA]      [PRECIPITATION DATA]       SYMBOLS USED IN COLUMN 16

AVERAGE MONTHLY: 66.1   TOTAL FOR MONTH:   0.19    1 = FOG OR MIST
DPTR FM NORMAL:   5.6   DPTR FM NORMAL:   -0.51    2 = FOG REDUCING VISIBILITY
HIGHEST:    83 ON 16, 2 GRTST 24HR  0.10 ON 19-19      TO 1/4 MILE OR LESS
LOWEST:     29 ON  7                               3 = THUNDER
                        SNOW, ICE PELLETS, HAIL    4 = ICE PELLETS
                        TOTAL MONTH:   0.0 INCH    5 = HAIL
                        GRTST 24HR     0.0         6 = FREEZING RAIN OR DRIZZLE
                        GRTST DEPTH:   0           7 = DUSTSTORM OR SANDSTORM:
                                                       VSBY 1/2 MILE OR LESS
                                                   8 = SMOKE OR HAZE
[NO. OF DAYS WITH]      [WEATHER - DAYS WITH]      9 = BLOWING SNOW
                                                   X = TORNADO
MAX 32 OR BELOW:   0    0.01 INCH OR MORE:   5
MAX 90 OR ABOVE:   0    0.10 INCH OR MORE:   1
MIN 32 OR BELOW:   1    0.50 INCH OR MORE:   0
MIN  0 OR BELOW:   0    1.00 INCH OR MORE:   0

[HDD (BASE 65) ]
TOTAL THIS MO.    62    CLEAR  (SCALE 0-3)   4
DPTR FM NORMAL   -51    PTCLDY (SCALE 4-7)  13
TOTAL FM JUL 1   170    CLOUDY (SCALE 8-10)  2
DPTR FM NORMAL  -146

[CDD (BASE 65) ]
TOTAL THIS MO.    87
DPTR FM NORMAL    49    [PRESSURE DATA]
TOTAL FM JAN 1    87    HIGHEST SLP M ON M
DPTR FM NORMAL    49    LOWEST  SLP 29.73 ON  5

[REMARKS]
