000
CXUS55 KABR 181400
CF6PIR
PRELIMINARY LOCAL CLIMATOLOGICAL DATA (WS FORM: F-6)

                                          STATION:   PIERRE SD
                                          MONTH:     JANUARY
                                          YEAR:      2018
                                          LATITUDE:   44 22 N
                                          LONGITUDE: 100 17 W

  TEMPERATURE IN F:       :PCPN:    SNOW:  WIND      :SUNSHINE: SKY     :PK WND
================================================================================
1   2   3   4   5  6A  6B    7    8   9   10  11  12  13   14  15   16   17  18
                                     12Z  AVG MX 2MIN
DY MAX MIN AVG DEP HDD CDD  WTR  SNW DPTH SPD SPD DIR MIN PSBL S-S WX    SPD DR
================================================================================

 1  -9 -22 -15 -35  80   0 0.00  0.0    3  3.8 10  80   M    M   4 12     12  80
 2  28 -21   4 -16  61   0 0.00  0.0    3 14.3 29 300   M    M   2        36 310
 3  22   4  13  -7  52   0 0.00  0.0    2  4.9 21 350   M    M   7        25 350
 4  19   2  11  -9  54   0 0.00  0.0    2  5.3 12 120   M    M   5 1      13  70
 5  14   7  11  -9  54   0 0.00  0.0    2 11.7 18 140   M    M   9        24 130
 6  27  10  19  -1  46   0 0.00  0.0    2 11.8 21 130   M    M   6 1      25 130
 7  40  22  31  11  34   0    T  0.0    T 13.0 28 320   M    M   6 1      34 310
 8  42  25  34  14  31   0 0.00  0.0    T  6.4 14 250   M    M   0        16 250
 9  39  21  30  10  35   0 0.00  0.0    0  5.1 15 120   M    M   0        17 120
10  37   7  22   2  43   0 0.02    T    0 15.1 37 330   M    M   4 1      46 350
11   8  -5   2 -18  63   0    T    T    T 19.5 43 320   M    M   4        51 320
12   6  -6   0 -20  65   0 0.02    T    T  6.4 13  70   M    M   9        15  70
13  13  -7   3 -17  62   0    T    T    T 10.4 21 140   M    M   7 1      25 140
14  35   2  19  -1  46   0    T    T    T 14.1 33 340   M    M   8 12     42 340
15   3  -8  -2 -22  67   0 0.00  0.0    0 19.3 31 330   M    M   0        37 330
16  16 -12   2 -18  63   0 0.00  0.0    T  8.4 16 170   M    M   0        19 160
17  44   0  22   2  43   0 0.00  0.0    T  7.7 18 290   M    M   0        22 280
================================================================================
SM  384   19       899   0  0.04    T    177.2          M       71
================================================================================
AV 22.6  1.1                              10.4 FASTST   M    M   4    MAX(MPH)
                                 MISC ---->  # 43 320               # 51  320
================================================================================
NOTES:
# LAST OF SEVERAL OCCURRENCES

COLUMN 17 PEAK WIND IN M.P.H.

PRELIMINARY LOCAL CLIMATOLOGICAL DATA (WS FORM: F-6) , PAGE 2

                                          STATION:  PIERRE SD
                                          MONTH:    JANUARY
                                          YEAR:     2018
                                          LATITUDE:   44 22 N
                                          LONGITUDE: 100 17 W

[TEMPERATURE DATA]      [PRECIPITATION DATA]       SYMBOLS USED IN COLUMN 16

AVERAGE MONTHLY: 11.9   TOTAL FOR MONTH:   0.04    1 = FOG OR MIST
DPTR FM NORMAL:  -8.1   DPTR FM NORMAL:   -0.20    2 = FOG REDUCING VISIBILITY
HIGHEST:    44 ON 17    GRTST 24HR  0.02 ON 12-12      TO 1/4 MILE OR LESS
LOWEST:    -22 ON  1                               3 = THUNDER
                        SNOW, ICE PELLETS, HAIL    4 = ICE PELLETS
                        TOTAL MONTH:    T          5 = HAIL
                        GRTST 24HR    T  ON 14-14  6 = FREEZING RAIN OR DRIZZLE
                        GRTST DEPTH:   3 ON  2, 1  7 = DUSTSTORM OR SANDSTORM:
                                                       VSBY 1/2 MILE OR LESS
                                                   8 = SMOKE OR HAZE
[NO. OF DAYS WITH]      [WEATHER - DAYS WITH]      9 = BLOWING SNOW
                                                   X = TORNADO
MAX 32 OR BELOW:  11    0.01 INCH OR MORE:   2
MAX 90 OR ABOVE:   0    0.10 INCH OR MORE:   0
MIN 32 OR BELOW:  17    0.50 INCH OR MORE:   0
MIN  0 OR BELOW:   8    1.00 INCH OR MORE:   0

[HDD (BASE 65) ]
TOTAL THIS MO.   899    CLEAR  (SCALE 0-3)   6
DPTR FM NORMAL   129    PTCLDY (SCALE 4-7)   8
TOTAL FM JUL 1  3635    CLOUDY (SCALE 8-10)  3
DPTR FM NORMAL   -97

[CDD (BASE 65) ]
TOTAL THIS MO.     0
DPTR FM NORMAL     0    [PRESSURE DATA]
TOTAL FM JAN 1     0    HIGHEST SLP M ON M
DPTR FM NORMAL     0    LOWEST  SLP 29.44 ON 10

[REMARKS]
