000
CXUS51 KRLX 011755
CF6PKB
PRELIMINARY LOCAL CLIMATOLOGICAL DATA (WS FORM: F-6)

                                          STATION:   PARKERSBURG WV
                                          MONTH:     FEBRUARY
                                          YEAR:      2015
                                          LATITUDE:   39 20 N
                                          LONGITUDE:  81 26 W

  TEMPERATURE IN F:       :PCPN:    SNOW:  WIND      :SUNSHINE: SKY     :PK WND
================================================================================
1   2   3   4   5  6A  6B    7    8   9   10  11  12  13   14  15   16   17  18
                                     12Z  AVG MX 2MIN
DY MAX MIN AVG DEP HDD CDD  WTR  SNW DPTH SPD SPD DIR MIN PSBL S-S WX    SPD DR
================================================================================

 1  46  31  39   7  26   0 0.44    M    M  5.1 16 160   M    M  10 18     22 160
 2  48  17  33   1  32   0 0.19    M    M 12.4 26 280   M    M   8 18     39 270
 3  33  13  23 -10  42   0 0.00    M    M  5.1 14 200   M    M   4        19 200
 4  49  27  38   5  27   0 0.00    M    M  8.0 16 300   M    M   4        25 210
 5  35  10  23 -10  42   0 0.01    M    M  8.4 21 340   M    M   5 1      26  10
 6  31   8  20 -13  45   0 0.00    M    M  5.0 14 230   M    M   4 8      19 250
 7  55  27  41   8  24   0 0.00    M    M  6.9 18 210   M    M   3        26 210
 8  63  43  53  20  12   0 0.00    M    M  9.9 21 250   M    M   4        32 240
 9  54  27  41   7  24   0 0.03    M    M  7.7 14 340   M    M  10 1      19 350
10  36  21  29  -5  36   0 0.00    M    M  4.2 12 320   M    M   7 8      15 340
11  39  17  28  -6  37   0 0.00    M    M  3.8 12 190   M    M   6 18     16 250
12  33  10  22 -12  43   0 0.06    M    M 11.2 25 300   M    M  10 18     37 310
13  24   3  14 -20  51   0 0.00    M    M  4.6 14 200   M    M   1 18     18 200
14  36   8  22 -12  43   0 0.03    M    M 14.9 31 300   M    M   9 128    49 300
15  14   2   8 -27  57   0    T    M    M  9.1 23 300   M    M   3        31 320
16  11   2   7 -28  58   0 0.13    M    M  6.2 12  40   M    M   7 18     14  50
17  23  -1  11 -24  54   0    T    M    M  5.0 12 230   M    M   3 18     18 270
18  22   6  14 -21  51   0 0.03    M    M 10.9 25 290   M    M   8 128    35 290
19   9   0   5 -31  60   0    T    M    M 10.2 23 280   M    M   8 8      35 280
20  14  -9   3 -33  62   0 0.00    M    M  4.6 13 190   M    M   1 8      18 130
21  35   7  21 -15  44   0 0.74    M    M  3.4 12 190   M    M   9 12     16 200
22  35  30  33  -3  32   0 0.00    M    M  5.8 12 300   M    M  10 18     16 290
23  30   0  15 -22  50   0    T    M    M  7.4 15 310   M    M   5 8      22 320
24  31  -8  12 -25  53   0 0.00    M    M  5.7 16 260   M    M   1 18     23 240
25  38  24  31  -6  34   0 0.00    M    M  5.6 13 300   M    M   3        19 240
26  30  15  23 -15  42   0    T    M    M  8.0 16 290   M    M   7        19 290
27  23   5  14 -24  51   0    T    M    M  5.0 13 310   M    M   3 8      17 290
28  34   5  20 -18  45   0 0.00    M    M  2.4  9  60   M    M   4 18     20 140
================================================================================
SM  931  340      1177   0  1.66    M    196.5          M      157
================================================================================
AV 33.2 12.1                               7.0 FASTST   M    M   6    MAX(MPH)
                                 MISC ---->  # 31 300               # 49  300
================================================================================
NOTES:
# LAST OF SEVERAL OCCURRENCES

COLUMN 17 PEAK WIND IN M.P.H.

PRELIMINARY LOCAL CLIMATOLOGICAL DATA (WS FORM: F-6) , PAGE 2

                                          STATION:  PARKERSBURG WV
                                          MONTH:    FEBRUARY
                                          YEAR:     2015
                                          LATITUDE:   39 20 N
                                          LONGITUDE:  81 26 W

[TEMPERATURE DATA]      [PRECIPITATION DATA]       SYMBOLS USED IN COLUMN 16

AVERAGE MONTHLY: 22.7   TOTAL FOR MONTH:   1.66    1 = FOG OR MIST
DPTR FM NORMAL: -12.1   DPTR FM NORMAL:   -1.04    2 = FOG REDUCING VISIBILITY
HIGHEST:    63 ON  8    GRTST 24HR  0.74 ON 21-21      TO 1/4 MILE OR LESS
LOWEST:     -9 ON 20                               3 = THUNDER
                        SNOW, ICE PELLETS, HAIL    4 = ICE PELLETS
                        TOTAL MONTH:    M          5 = HAIL
                        GRTST 24HR    M  ON   M    6 = FREEZING RAIN OR DRIZZLE
                        GRTST DEPTH:  M  ON   M    7 = DUSTSTORM OR SANDSTORM:
                                                       VSBY 1/2 MILE OR LESS
                                                   8 = SMOKE OR HAZE
[NO. OF DAYS WITH]      [WEATHER - DAYS WITH]      9 = BLOWING SNOW
                                                   X = TORNADO
MAX 32 OR BELOW:  12    0.01 INCH OR MORE:   9
MAX 90 OR ABOVE:   0    0.10 INCH OR MORE:   4
MIN 32 OR BELOW:  27    0.50 INCH OR MORE:   1
MIN  0 OR BELOW:   5    1.00 INCH OR MORE:   0

[HDD (BASE 65) ]
TOTAL THIS MO.  1177    CLEAR  (SCALE 0-3)   6
DPTR FM NORMAL   332    PTCLDY (SCALE 4-7)  16
TOTAL FM JUL 1  4218    CLOUDY (SCALE 8-10)  6
DPTR FM NORMAL   428

[CDD (BASE 65) ]
TOTAL THIS MO.     0
DPTR FM NORMAL     0    [PRESSURE DATA]
TOTAL FM JAN 1     0    HIGHEST SLP 30.82 ON 28
DPTR FM NORMAL     0    LOWEST  SLP 29.46 ON  2

[REMARKS]
#FINAL-02-15#
